('2011-05-11 13:05:57','O020'),('2011-05-11 13:07:04','O020'),('2011-05-11 13:07:20','O021'),('2011-05-11 13:08:29','O020'),('2011-05-11 13:08:43','O021'),('2011-05-11 13:09:50','O020'),('2011-05-11 13:16:22','O021'),('2011-05-11 13:17:31','O020'),('2011-05-11 13:17:39','O021'),('2011-05-11 13:18:47','O020'),('2011-05-11 13:19:04','O021'),('2011-05-11 13:19:06','O020'),('2011-05-11 13:20:14','O020'),('2011-05-11 13:31:17','O021'),('2011-05-11 13:32:25','O020'),('2011-05-11 13:32:29','O021'),('2011-05-11 13:33:38','O020'),('2011-05-11 13:34:00','O021'),('2011-05-11 13:35:09','O020'),('2011-05-11 13:46:24','O021'),('2011-05-11 13:47:31','O020'),('2011-05-11 13:49:57','O021'),('2011-05-11 13:51:06','O020'),('2011-05-11 13:56:28','O021'),('2011-05-11 13:57:37','O020'),('2011-05-11 13:58:59','O021'),('2011-05-11 14:00:08','O020'),('2011-05-11 14:00:23','O021'),('2011-05-11 14:01:33','O020'),('2011-05-11 14:01:41','O021'),('2011-05-11 14:02:49','O020'),('2011-05-11 14:10:22','O021'),('2011-05-11 14:11:27','O020'),('2011-05-11 14:14:56','O021'),('2011-05-11 14:16:01','O020'),('2011-05-11 14:19:13','O020'),('2011-05-11 14:21:42','O021'),('2011-05-11 14:22:55','O020'),('2011-05-11 14:22:56','O021'),('2011-05-11 14:28:49','O020'),('2011-05-11 14:32:01','O021'),('2011-05-11 14:38:00','O020'),('2011-05-11 14:38:26','O021'),('2011-05-11 14:39:53','O020'),('2011-05-11 14:40:17','R02B01LK'),('2011-05-11 14:40:22','R02B24LK'),('2011-05-11 14:40:24','R02B23LK'),('2011-05-11 14:40:26','R02B06LK'),('2011-05-11 14:40:28','R02B01LK'),('2011-05-11 14:40:30','R02B06LK'),('2011-05-11 14:40:33','A0200'),('2011-05-11 14:40:57','R08B01LK'),('2011-05-11 14:40:58','R08B24LK'),('2011-05-11 14:40:59','R08B24LK'),('2011-05-11 14:41:00','R08B06LK'),('2011-05-11 14:41:01','R08B06LK'),('2011-05-11 14:42:52','O021'),('2011-05-11 14:44:10','O020'),('2011-05-11 14:44:57','O021'),('2011-05-11 14:46:09','A0101'),('2011-05-11 14:46:10','A0201'),('2011-05-11 14:46:12','A0401'),('2011-05-11 14:46:13','A0501'),('2011-05-11 14:46:15','A0601'),('2011-05-11 14:46:16','A0801'),('2011-05-11 14:46:17','A0901'),('2011-05-11 14:46:23','A0104'),('2011-05-11 14:46:24','A0204'),('2011-05-11 14:46:40','A0404'),('2011-05-11 14:46:41','A0504'),('2011-05-11 14:46:43','A0604'),('2011-05-11 14:46:45','A0804'),('2011-05-11 14:46:47','A0904'),('2011-05-11 14:47:23','R02B06LK'),('2011-05-11 14:47:25','A0200'),('2011-05-11 14:47:26','R02B01LK'),('2011-05-11 14:47:28','R02B03LK'),('2011-05-11 14:47:29','R02B06LK'),('2011-05-11 14:47:31','A0200'),('2011-05-11 14:47:45','A0100'),('2011-05-11 14:47:49','A0400'),('2011-05-11 14:47:58','A0600'),('2011-05-11 14:48:01','A0800'),('2011-05-11 14:48:02','O020'),('2011-05-11 14:48:11','A0900'),('2011-05-11 14:48:24','R02B01LK'),('2011-05-11 14:48:27','R02B06LK'),('2011-05-11 14:48:29','A0200'),('2011-05-11 14:51:51','O020'),('2011-05-11 14:52:15','O021'),('2011-05-11 14:53:24','O020'),('2011-05-11 14:53:46','O021'),('2011-05-11 14:54:55','O020'),('2011-05-11 14:55:14','O021'),('2011-05-11 14:56:23','O020'),('2011-05-11 14:56:33','O021'),('2011-05-11 15:00:23','O020'),('2011-05-11 15:00:47','O021'),('2011-05-11 15:01:56','O020'),('2011-05-11 15:02:20','O021'),('2011-05-11 15:03:24','O020'),('2011-05-11 15:05:08','O021'),('2011-05-11 15:06:17','O020'),('2011-05-11 15:07:41','O021'),('2011-05-11 15:11:17','O020'),('2011-05-11 15:13:07','O021'),('2011-05-11 15:14:16','O020'),('2011-05-11 15:15:55','O021'),('2011-05-11 15:16:59','O020'),('2011-05-11 15:17:20','O021'),('2011-05-11 15:18:30','O020'),('2011-05-11 15:19:57','O021'),('2011-05-11 15:21:01','O020'),('2011-05-11 15:22:25','O021'),('2011-05-11 15:23:33','O020'),('2011-05-11 15:23:49','O021'),('2011-05-11 15:24:58','O020'),('2011-05-11 15:26:43','O021'),('2011-05-11 15:27:53','O020'),('2011-05-11 15:31:52','O021'),('2011-05-11 15:33:18','O020'),('2011-05-11 15:35:35','O021'),('2011-05-11 15:42:36','O020'),('2011-05-11 15:42:37','O021'),('2011-05-11 15:57:59','O020'),('2011-05-11 15:58:56','O021'),('2011-05-11 16:02:35','O020'),('2011-05-11 16:04:27','O021'),('2011-05-11 16:08:54','O020'),('2011-05-11 16:12:30','O020'),('2011-05-11 16:12:31','O021'),('2011-05-11 16:17:45','O020'),('2011-05-11 16:17:46','O021'),('2011-05-11 16:21:27','O020'),('2011-05-11 16:23:03','O021'),('2011-05-11 16:29:20','O020'),('2011-05-11 16:29:29','O021'),('2011-05-11 16:34:26','O020'),('2011-05-11 16:34:45','O021'),('2011-05-11 16:34:46','O020'),('2011-05-11 16:35:54','O020'),('2011-05-11 16:36:07','O021'),('2011-05-11 16:40:00','O020'),('2011-05-11 16:40:07','O021'),('2011-05-11 16:45:18','O020'),('2011-05-11 16:45:42','O021'),('2011-05-11 16:46:49','O020'),('2011-05-11 16:47:04','O021'),('2011-05-11 16:49:29','O020'),('2011-05-11 16:51:34','O021'),('2011-05-11 16:52:43','O020'),('2011-05-11 16:54:17','O021'),('2011-05-11 16:55:24','O020'),('2011-05-11 16:55:26','O021'),('2011-05-11 16:57:13','O020'),('2011-05-11 16:57:15','O021'),('2011-05-11 16:58:19','O020'),('2011-05-11 16:58:20','O021'),('2011-05-11 16:59:26','O020'),('2011-05-11 16:59:42','O021'),('2011-05-11 17:00:49','O020'),('2011-05-11 17:00:50','O021'),('2011-05-11 17:01:57','O020'),('2011-05-11 17:02:39','O021'),('2011-05-11 17:07:21','R01B06LK'),('2011-05-11 17:07:22','A0906'),('2011-05-11 17:07:58','O020'),('2011-05-11 17:11:01','O021'),('2011-05-11 17:12:09','O020'),('2011-05-11 17:13:55','O021'),('2011-05-11 17:16:27','O020'),('2011-05-11 17:16:55','O021'),('2011-05-11 17:16:56','O020'),('2011-05-11 17:18:04','O020'),('2011-05-11 17:18:11','O021'),('2011-05-11 17:19:20','O020'),('2011-05-11 17:20:55','O021'),('2011-05-11 17:22:03','O020'),('2011-05-11 17:22:25','O021'),('2011-05-11 17:23:34','O020'),('2011-05-11 17:25:08','O021'),('2011-05-11 17:27:36','O020'),('2011-05-11 17:28:06','O021'),('2011-05-11 17:30:38','O020'),('2011-05-11 17:31:11','O021'),('2011-05-11 17:32:21','O020'),('2011-05-11 17:33:35','O021'),('2011-05-11 17:34:43','O020'),('2011-05-11 17:36:12','O021'),('2011-05-11 17:37:21','O020'),('2011-05-11 17:37:42','O021'),('2011-05-11 17:38:52','O020'),('2011-05-11 17:39:03','O021'),('2011-05-11 17:40:10','O020'),('2011-05-11 17:40:28','O021'),('2011-05-11 17:41:35','O020'),('2011-05-11 17:42:48','O021'),('2011-05-11 17:45:13','O020'),('2011-05-11 17:45:37','O021'),('2011-05-11 17:46:44','O020'),('2011-05-11 17:46:55','O021'),('2011-05-11 17:46:57','O020'),('2011-05-11 17:48:03','O020'),('2011-05-11 17:48:27','O021'),('2011-05-11 17:50:59','O020'),('2011-05-11 17:51:27','O021'),('2011-05-11 17:52:36','O020'),('2011-05-11 17:52:58','O021'),('2011-05-11 17:54:03','O020'),('2011-05-11 17:57:25','O021'),('2011-05-11 17:57:27','O020'),('2011-05-11 17:58:33','O020'),('2011-05-11 17:59:03','O021'),('2011-05-11 18:00:10','O020'),('2011-05-11 18:00:15','A0106'),('2011-05-11 18:00:16','O021'),('2011-05-11 18:01:20','O020'),('2011-05-11 18:01:34','O021'),('2011-05-11 18:02:44','O020'),('2011-05-11 18:04:13','O021'),('2011-05-11 18:05:22','O020'),('2011-05-11 18:05:49','O021'),('2011-05-11 18:06:53','O020'),('2011-05-11 18:19:12','O021'),('2011-05-11 18:24:16','O020'),('2011-05-11 18:34:08','O021'),('2011-05-11 18:35:13','O020'),('2011-05-11 18:36:32','O021'),('2011-05-11 18:37:41','O020'),('2011-05-11 18:38:05','O021'),('2011-05-11 18:39:12','O020'),('2011-05-11 18:49:45','O021'),('2011-05-11 18:50:52','O020'),('2011-05-11 18:50:55','O021'),('2011-05-11 18:54:07','O020'),('2011-05-11 18:54:29','O021'),('2011-05-11 18:55:38','O020'),('2011-05-11 18:55:56','O021'),('2011-05-11 18:58:24','O020'),('2011-05-11 19:01:21','O021'),('2011-05-11 19:02:30','O020'),('2011-05-11 19:02:56','O021'),('2011-05-11 19:07:30','O020'),('2011-05-11 19:21:55','O021'),('2011-05-11 19:23:25','O020'),('2011-05-11 19:23:49','O021'),('2011-05-11 19:24:59','O020'),('2011-05-11 19:32:23','O021'),('2011-05-11 19:33:31','O020'),('2011-05-11 19:33:42','O021'),('2011-05-11 19:34:52','O020'),('2011-05-11 19:35:18','O021'),('2011-05-11 19:39:07','O020'),('2011-05-11 19:39:34','O021'),('2011-05-11 19:40:40','O020'),('2011-05-11 19:51:49','O021'),('2011-05-11 19:52:57','O020'),('2011-05-11 19:53:45','O021'),('2011-05-11 19:54:55','O020'),('2011-05-11 19:57:38','O021'),('2011-05-11 19:58:48','O020'),('2011-05-11 19:59:09','O021'),('2011-05-11 20:00:06','R01M02SC'),('2011-05-11 20:00:13','O020'),('2011-05-11 20:00:40','O021'),('2011-05-11 20:01:47','O020'),('2011-05-11 20:03:37','O021'),('2011-05-11 20:04:40','O020'),('2011-05-11 20:05:12','O021'),('2011-05-11 20:06:20','O020'),('2011-05-11 20:08:46','O021'),('2011-05-11 20:09:55','O020'),('2011-05-11 20:10:15','O021'),('2011-05-11 20:11:22','O020'),('2011-05-11 20:11:35','O021'),('2011-05-11 20:12:44','O020'),('2011-05-11 20:13:10','O021'),('2011-05-11 20:14:21','O020'),('2011-05-11 20:14:31','O021'),('2011-05-11 20:15:40','O020'),('2011-05-11 20:27:29','O021'),('2011-05-11 20:30:16','O020'),('2011-05-11 20:30:41','O021'),('2011-05-11 20:33:15','O020'),('2011-05-11 20:33:38','O021'),('2011-05-11 20:36:29','O020'),('2011-05-11 20:36:30','O021'),('2011-05-11 20:37:39','O020'),('2011-05-11 20:37:52','O021'),('2011-05-11 20:39:00','O020'),('2011-05-11 20:39:11','O021'),('2011-05-11 20:43:12','O020'),('2011-05-11 20:43:42','O021'),('2011-05-11 20:44:46','O020'),('2011-05-11 20:44:58','O021'),('2011-05-11 20:46:08','O020'),('2011-05-11 20:46:19','O021'),('2011-05-11 20:47:26','O020'),('2011-05-11 20:47:49','O021'),('2011-05-11 20:48:57','O020'),('2011-05-11 21:00:35','O021'),('2011-05-11 21:03:21','O020'),('2011-05-11 21:03:51','O021'),('2011-05-11 21:10:29','O020'),('2011-05-11 21:10:39','O021'),('2011-05-11 21:11:47','O020'),('2011-05-11 21:12:08','O021'),('2011-05-11 21:14:28','O020'),('2011-05-11 21:15:52','O021'),('2011-05-11 21:17:05','O020'),('2011-05-11 21:17:09','O021'),('2011-05-11 21:18:18','O020'),('2011-05-11 21:18:36','O021'),('2011-05-11 21:19:52','O020'),('2011-05-11 21:21:32','O021'),('2011-05-11 21:22:42','O020'),('2011-05-11 21:23:01','O021'),('2011-05-11 21:24:09','O020'),('2011-05-11 21:24:20','O021'),('2011-05-11 21:25:28','O020'),('2011-05-11 21:26:58','O021'),('2011-05-11 21:28:03','O020'),('2011-05-11 21:33:20','O021'),('2011-05-11 21:34:27','O020'),('2011-05-11 21:34:59','O021'),('2011-05-11 21:36:18','O020'),('2011-05-11 21:36:19','O021'),('2011-05-11 21:37:26','O020'),('2011-05-11 21:37:43','O021'),('2011-05-11 21:41:35','O020'),('2011-05-11 21:41:59','O021'),('2011-05-11 21:44:24','O020'),('2011-05-11 21:44:42','O021'),('2011-05-11 21:45:49','O020'),('2011-05-11 21:46:01','O021'),('2011-05-11 21:47:11','O020'),('2011-05-11 21:47:27','O021'),('2011-05-11 21:49:48','O020'),('2011-05-11 21:50:18','O021'),('2011-05-11 21:51:28','O020'),('2011-05-11 21:51:51','O021'),('2011-05-11 21:52:59','O020'),('2011-05-11 21:53:10','O021'),('2011-05-11 21:54:18','O020'),('2011-05-11 21:54:33','O021'),('2011-05-11 21:55:43','O020'),('2011-05-11 22:07:15','O021'),('2011-05-11 22:08:30','O020'),('2011-05-11 22:09:10','O021'),('2011-05-11 22:09:11','O020'),('2011-05-11 22:10:19','O020'),('2011-05-11 22:10:52','O021'),('2011-05-11 22:11:04','O020'),('2011-05-11 22:11:05','O021'),('2011-05-11 22:13:54','O020'),('2011-05-11 22:14:24','O021'),('2011-05-11 22:15:31','O020'),('2011-05-11 22:15:56','O021'),('2011-05-11 22:18:33','O020'),('2011-05-11 22:19:03','O021'),('2011-05-11 22:20:42','O020'),('2011-05-11 22:21:50','O020'),('2011-05-11 22:22:12','O021'),('2011-05-11 22:23:21','O020'),('2011-05-11 22:23:41','O021'),('2011-05-11 22:24:49','O020'),('2011-05-11 22:25:03','O021'),('2011-05-11 22:26:10','O020'),('2011-05-11 22:26:27','O021'),('2011-05-11 22:27:50','O020'),('2011-05-11 22:30:44','O021'),('2011-05-11 22:31:56','O020'),('2011-05-11 22:40:25','O021'),('2011-05-11 22:43:18','O020'),('2011-05-11 22:43:54','O021'),('2011-05-11 22:44:09','O020'),('2011-05-11 22:44:10','O021'),('2011-05-11 22:45:16','O020'),('2011-05-11 22:45:30','O021'),('2011-05-11 22:51:41','O020'),('2011-05-11 22:52:08','O021'),('2011-05-11 22:53:17','O020'),('2011-05-11 22:53:40','O021'),('2011-05-11 22:55:40','O020'),('2011-05-11 22:56:08','O021'),('2011-05-11 22:57:17','O020'),('2011-05-11 22:57:27','O021'),('2011-05-11 22:58:29','O020'),('2011-05-11 22:59:00','O021'),('2011-05-11 23:00:09','O020'),('2011-05-11 23:00:18','O021'),('2011-05-11 23:01:28','O020'),('2011-05-11 23:01:42','O021'),('2011-05-11 23:01:44','O020'),('2011-05-11 23:02:50','O020'),('2011-05-11 23:03:21','O021'),('2011-05-11 23:04:30','O020'),('2011-05-11 23:04:38','O021'),('2011-05-11 23:05:46','O020'),('2011-05-11 23:05:58','O021'),('2011-05-11 23:07:06','O020'),('2011-05-11 23:08:47','O021'),('2011-05-11 23:09:56','O020'),('2011-05-11 23:09:57','O021'),('2011-05-11 23:12:16','O020'),('2011-05-11 23:13:00','O021'),('2011-05-11 23:14:09','O020'),('2011-05-11 23:14:19','O021'),('2011-05-11 23:15:26','O020'),('2011-05-11 23:15:27','O021'),('2011-05-11 23:16:01','O021'),('2011-05-11 23:17:38','O020'),('2011-05-11 23:21:24','O020'),('2011-05-11 23:23:53','O020'),('2011-05-11 23:24:16','O021'),('2011-05-11 23:25:30','O020'),('2011-05-11 23:29:11','O020'),('2011-05-11 23:29:35','O021'),('2011-05-11 23:29:41','O020'),('2011-05-11 23:29:42','O021'),('2011-05-11 23:38:59','O020'),('2011-05-11 23:39:28','O021'),('2011-05-11 23:40:36','O020'),('2011-05-11 23:40:45','O021'),('2011-05-11 23:41:55','O020'),('2011-05-11 23:42:06','O021'),('2011-05-11 23:43:13','O020'),('2011-05-11 23:43:30','O021'),('2011-05-11 23:44:38','O020'),('2011-05-11 23:44:57','O021'),('2011-05-11 23:46:06','O020'),('2011-05-11 23:46:16','O021'),('2011-05-11 23:47:25','O020'),('2011-05-11 23:47:48','O021'),('2011-05-11 23:49:02','O020'),('2011-05-11 23:49:33','O021'),('2011-05-11 23:55:20','O020'),('2011-05-11 23:55:34','O021'),('2011-05-11 23:55:35','O020'),('2011-05-11 23:56:42','O020'),('2011-05-11 23:57:01','O021'),('2011-05-11 23:57:02','O020'),('2011-05-11 23:58:28','O020'),('2011-05-11 23:58:29','O021'),('2011-05-11 23:59:35','O020'),('2011-05-11 23:59:44','O021'),('2011-05-14 00:03:55','O020'),('2011-05-14 00:03:56','O021'),('2011-05-14 00:06:44','A0204'),('2011-05-14 00:06:46','A0404'),('2011-05-14 00:06:47','A0504'),('2011-05-14 00:06:48','A0604'),('2011-05-14 00:06:50','A0804'),('2011-05-14 00:06:51','A0904'),('2011-05-14 00:41:12','A0104'),('2011-05-14 04:00:06','R01M03SC'),('2011-05-14 06:00:06','G12S'),('2011-05-14 06:00:07','A0100'),('2011-05-14 09:42:29','R01B06LK'),('2011-05-14 10:01:21','A0106'),('2011-05-14 11:52:52','R01B01LK'),('2011-05-14 12:44:09','R01B06LK'),('2011-05-14 15:05:12','R01B01LK'),('2011-05-14 15:17:12','R06B01LK'),('2011-05-14 15:21:26','A0601'),('2011-05-14 15:41:38','R06B01LK'),('2011-05-14 15:41:39','R06B05LK'),('2011-05-14 15:41:41','R06B05LK'),('2011-05-14 15:41:44','R06B05LK'),('2011-05-14 15:41:47','R06B06LK'),('2011-05-14 15:41:49','A0600'),('2011-05-14 16:12:17','O020'),('2011-05-14 16:12:25','O021'),('2011-05-14 16:12:26','O020'),('2011-05-14 17:08:27','R01B06LK'),('2011-05-14 20:00:06','R01M02SC'),('2011-05-14 23:10:46','R01B01LK'),('2011-05-14 23:11:53','O020'),('2011-05-14 23:12:25','O021'),('2011-05-16 00:00:39','O020'),('2011-05-16 00:00:40','O021'),('2011-05-16 00:03:56','O020'),('2011-05-16 00:04:31','O021'),('2011-05-16 00:17:20','O020'),('2011-05-16 00:18:14','O021'),('2011-05-16 00:21:01','O020'),('2011-05-16 00:21:39','O021'),('2011-05-16 00:22:48','O020'),('2011-05-16 00:22:49','O021'),('2011-05-16 00:24:39','O020'),('2011-05-16 00:32:55','O021'),('2011-05-16 00:34:58','O020'),('2011-05-16 00:34:59','O021'),('2011-05-16 00:36:07','O020'),('2011-05-16 00:39:20','O021'),('2011-05-16 00:39:21','O021'),('2011-05-16 00:40:30','O020'),('2011-05-16 00:40:53','O021'),('2011-05-16 00:42:02','O020'),('2011-05-16 00:42:03','O021'),('2011-05-16 00:42:04','O020'),('2011-05-16 00:47:29','O020'),('2011-05-16 00:48:37','O021'),('2011-05-16 00:54:25','O020'),('2011-05-16 00:54:26','O021'),('2011-05-16 04:00:06','R01M03SC'),('2011-05-16 06:00:06','G12S'),('2011-05-16 06:00:07','A0100'),('2011-05-16 08:27:21','R01B01LK'),('2011-05-16 09:23:19','O020'),('2011-05-16 09:23:59','O021'),('2011-05-16 09:24:14','O020'),('2011-05-16 09:24:52','O021'),('2011-05-16 09:32:03','O020'),('2011-05-16 09:32:10','O021'),('2011-05-16 09:36:42','O020'),('2011-05-16 09:40:39','O021'),('2011-05-16 09:42:35','O020'),('2011-05-16 09:43:46','O021'),('2011-05-16 09:52:23','O020'),('2011-05-16 09:53:08','O021'),('2011-05-16 09:53:09','O020'),('2011-05-16 09:55:28','O020'),('2011-05-16 09:55:43','O021'),('2011-05-16 09:58:54','O020'),('2011-05-16 10:02:40','O021'),('2011-05-16 10:03:54','O020'),('2011-05-16 10:04:58','O021'),('2011-05-16 10:06:28','O020'),('2011-05-16 10:08:16','O021'),('2011-05-16 14:27:50','O020'),('2011-05-16 14:28:03','O021'),('2011-05-16 14:29:12','O020'),('2011-05-16 14:29:36','O021'),('2011-05-16 14:30:46','O020'),('2011-05-16 14:31:43','O021'),('2011-05-16 14:35:15','O020'),('2011-05-16 14:35:58','O021'),('2011-05-16 15:03:35','O020'),('2011-05-16 15:03:36','O021'),('2011-05-16 15:06:27','O020'),('2011-05-16 15:07:42','O021'),('2011-05-16 15:08:49','O020'),('2011-05-16 15:10:19','O021'),('2011-05-16 15:30:44','O020'),('2011-05-16 15:30:53','O021'),('2011-05-16 16:00:55','O020'),('2011-05-16 16:01:03','O021'),('2011-05-16 16:22:35','O020'),('2011-05-16 16:23:36','O021'),('2011-05-16 16:28:45','O020'),('2011-05-16 16:29:16','O021'),('2011-05-16 16:29:37','O020'),('2011-05-16 16:30:32','O021'),('2011-05-16 16:33:08','O020'),('2011-05-16 16:33:31','O021'),('2011-05-16 16:35:43','O020'),('2011-05-16 16:37:18','O021'),('2011-05-16 16:42:47','O020'),('2011-05-16 16:44:27','O021'),('2011-05-16 16:45:58','O020'),('2011-05-16 16:48:31','O021'),('2011-05-16 17:00:22','O020'),('2011-05-16 17:00:36','O021'),('2011-05-16 17:00:37','O020'),('2011-05-16 17:01:49','O020'),('2011-05-16 17:03:38','O021'),('2011-05-16 17:06:01','O020'),('2011-05-16 17:06:09','O021'),('2011-05-16 17:06:10','O020'),('2011-05-16 17:07:17','O020'),('2011-05-16 17:07:33','O021'),('2011-05-16 17:08:47','O020'),('2011-05-16 17:09:59','O021'),('2011-05-16 17:14:21','O020'),('2011-05-16 17:14:22','O021'),('2011-05-16 17:31:00','O020'),('2011-05-16 17:31:01','O021'),('2011-05-16 17:44:35','O020'),('2011-05-16 17:45:15','O021'),('2011-05-16 17:45:32','O020'),('2011-05-16 17:46:24','O021'),('2011-05-16 17:49:13','O020'),('2011-05-16 17:49:28','O021'),('2011-05-16 17:51:48','O020'),('2011-05-16 17:52:01','O021'),('2011-05-16 17:53:10','O020'),('2011-05-16 17:54:17','O021'),('2011-05-16 17:55:33','O020'),('2011-05-16 17:55:34','O021'),('2011-05-16 17:59:40','O020'),('2011-05-16 18:00:05','O021'),('2011-05-16 18:03:52','O020'),('2011-05-16 18:04:05','O021'),('2011-05-16 18:05:23','O020'),('2011-05-16 18:06:52','O021'),('2011-05-16 18:08:37','O020'),('2011-05-16 18:10:28','O021'),('2011-05-16 18:11:32','O020'),('2011-05-16 18:11:47','O021'),('2011-05-16 18:13:34','O020'),('2011-05-16 18:14:16','O021'),('2011-05-16 18:26:05','O020'),('2011-05-16 18:26:12','O021'),('2011-05-16 18:36:05','O020'),('2011-05-16 18:37:24','O021'),('2011-05-16 18:58:42','O020'),('2011-05-16 19:00:07','O021'),('2011-05-16 19:20:12','O020'),('2011-05-16 19:21:30','O021'),('2011-05-16 20:00:06','R01M02SC'),('2011-05-16 20:02:24','O020'),('2011-05-16 20:03:29','O021'),('2011-05-16 20:05:17','O020'),('2011-05-16 20:06:16','O021'),('2011-05-16 20:07:24','O020'),('2011-05-16 20:07:58','O021'),('2011-05-16 20:09:40','O020'),('2011-05-16 20:10:08','O021'),('2011-05-16 20:10:56','O020'),('2011-05-16 20:10:57','O021'),('2011-05-16 20:15:07','O020'),('2011-05-16 20:15:22','O021'),('2011-05-16 20:15:23','O020'),('2011-05-16 20:17:06','O020'),('2011-05-16 20:17:27','O021'),('2011-05-16 20:18:08','O020'),('2011-05-16 20:18:37','O021'),('2011-05-16 20:20:16','O020'),('2011-05-16 20:21:44','O020'),('2011-05-16 20:27:36','O020'),('2011-05-16 20:27:48','O021'),('2011-05-16 20:31:17','O020'),('2011-05-16 20:31:51','O021'),('2011-05-16 20:34:09','O020'),('2011-05-16 20:35:05','O021'),('2011-05-16 20:43:38','O020'),('2011-05-16 20:43:39','O021'),('2011-05-16 20:44:45','O020'),('2011-05-16 20:52:48','O020'),('2011-05-16 20:53:50','O021'),('2011-05-15 04:00:06','R01M03SC'),('2011-05-15 06:00:06','G12S'),('2011-05-15 06:00:07','A0100'),('2011-05-15 09:25:29','O020'),('2011-05-15 09:25:30','O021'),('2011-05-15 09:26:23','R01B06LK'),('2011-05-15 09:28:29','O020'),('2011-05-15 09:28:41','O021'),('2011-05-15 09:31:55','O020'),('2011-05-15 09:32:31','O021'),('2011-05-15 09:34:21','O020'),('2011-05-15 09:35:10','O021'),('2011-05-15 09:36:55','O020'),('2011-05-15 09:37:13','O021'),('2011-05-15 09:38:17','O020'),('2011-05-15 09:38:27','O021'),('2011-05-15 09:41:38','O020'),('2011-05-15 09:41:39','O021'),('2011-05-15 09:54:39','R01B01LK'),('2011-05-15 09:55:27','O020'),('2011-05-15 09:55:28','O021'),('2011-05-15 10:01:46','A0106'),('2011-05-15 10:41:02','O020'),('2011-05-15 10:41:56','O021'),('2011-05-15 10:46:08','O020'),('2011-05-15 10:48:12','O021'),('2011-05-15 10:50:14','O020'),('2011-05-15 10:50:26','O021'),('2011-05-15 10:54:21','O020'),('2011-05-15 10:54:22','O021'),('2011-05-15 10:55:47','O020'),('2011-05-15 10:56:17','O021'),('2011-05-15 11:02:42','O020'),('2011-05-15 11:02:55','O021'),('2011-05-15 11:04:40','O020'),('2011-05-15 11:05:15','O021'),('2011-05-15 11:10:52','O020'),('2011-05-15 11:10:53','O021'),('2011-05-15 11:11:59','O020'),('2011-05-15 11:12:28','O021'),('2011-05-15 11:16:11','O020'),('2011-05-15 11:16:23','O021'),('2011-05-15 11:17:06','O020'),('2011-05-15 11:36:56','O020'),('2011-05-15 11:37:09','O021'),('2011-05-15 11:38:45','O020'),('2011-05-15 11:41:00','O021'),('2011-05-15 12:04:38','O020'),('2011-05-15 12:04:46','O021'),('2011-05-15 12:13:59','O020'),('2011-05-15 12:16:01','O021'),('2011-05-15 12:18:22','O020'),('2011-05-15 12:20:22','O021'),('2011-05-15 12:20:59','O020'),('2011-05-15 12:21:01','O021'),('2011-05-15 15:27:21','O020'),('2011-05-15 15:31:33','O021'),('2011-05-15 15:33:18','O020'),('2011-05-15 15:34:37','O021'),('2011-05-15 15:35:59','O020'),('2011-05-15 15:39:05','O021'),('2011-05-15 15:41:29','O020'),('2011-05-15 15:41:37','O021'),('2011-05-15 15:42:39','O020'),('2011-05-15 15:47:43','O020'),('2011-05-15 15:54:58','O020'),('2011-05-15 15:55:41','O021'),('2011-05-15 16:05:53','O020'),('2011-05-15 16:06:06','O021'),('2011-05-15 16:13:09','O020'),('2011-05-15 16:15:50','O021'),('2011-05-15 16:19:24','O020'),('2011-05-15 16:20:40','O021'),('2011-05-15 16:36:10','O020'),('2011-05-15 16:37:06','O021'),('2011-05-15 16:38:08','O020'),('2011-05-15 16:38:55','O021'),('2011-05-15 16:40:00','O020'),('2011-05-15 17:33:00','O021'),('2011-05-15 17:35:25','O020'),('2011-05-15 17:38:11','O021'),('2011-05-15 17:38:52','O020'),('2011-05-15 17:40:13','O020'),('2011-05-15 17:44:13','O021'),('2011-05-15 17:45:30','O020'),('2011-05-15 17:46:35','O021'),('2011-05-15 17:48:02','O020'),('2011-05-15 17:48:37','O021'),('2011-05-15 17:51:06','O020'),('2011-05-15 17:51:07','O021'),('2011-05-15 17:52:13','O020'),('2011-05-15 17:52:33','O021'),('2011-05-15 18:01:30','O020'),('2011-05-15 18:14:21','O021'),('2011-05-15 18:17:52','O020'),('2011-05-15 18:18:11','O021'),('2011-05-15 18:20:46','O020'),('2011-05-15 18:21:53','O020'),('2011-05-15 18:21:54','O021'),('2011-05-15 18:24:47','O020'),('2011-05-15 18:25:11','O021'),('2011-05-15 18:26:15','O020'),('2011-05-15 18:27:32','O021'),('2011-05-15 18:28:40','O020'),('2011-05-15 18:28:59','O021'),('2011-05-15 18:30:02','O020'),('2011-05-15 18:42:05','O021'),('2011-05-15 18:46:09','O020'),('2011-05-15 18:46:25','O021'),('2011-05-15 18:47:33','O020'),('2011-05-15 18:48:04','O021'),('2011-05-15 18:57:42','O020'),('2011-05-15 18:58:02','O021'),('2011-05-15 18:59:07','O020'),('2011-05-15 18:59:58','O021'),('2011-05-15 19:07:33','O020'),('2011-05-15 19:08:19','O021'),('2011-05-15 19:15:44','O020'),('2011-05-15 19:16:01','O021'),('2011-05-15 19:18:42','O020'),('2011-05-15 19:19:07','O021'),('2011-05-15 19:21:08','O020'),('2011-05-15 19:36:14','O021'),('2011-05-15 19:40:45','O021'),('2011-05-15 19:41:48','O020'),('2011-05-15 19:48:48','A0204'),('2011-05-15 19:48:49','O021'),('2011-05-15 19:48:50','A0504'),('2011-05-15 19:48:52','A0604'),('2011-05-15 19:48:53','A0804'),('2011-05-15 19:48:55','A0904'),('2011-05-15 19:49:52','O020'),('2011-05-15 20:00:06','R01M02SC'),('2011-05-15 20:41:58','A0104'),('2011-05-15 21:14:35','R01B06LK'),('2011-05-15 21:14:36','A0206'),('2011-05-15 22:01:59','A0106'),('2011-05-15 22:18:36','R01B01LK'),('2011-05-15 22:21:10','O021'),('2011-05-15 22:37:51','O020'),('2011-05-15 22:38:59','O020'),('2011-05-15 22:39:49','O021'),('2011-05-15 22:43:20','O020'),('2011-05-15 22:43:50','O021'),('2011-05-15 22:45:00','O020'),('2011-05-15 22:46:42','O021'),('2011-05-15 22:53:14','O020'),('2011-05-15 23:01:53','O021'),('2011-05-15 23:03:22','O020'),('2011-05-15 23:04:09','O021'),('2011-05-15 23:04:57','O020'),('2011-05-15 23:09:35','O020'),('2011-05-15 23:09:54','O021'),('2011-05-15 23:11:15','O020'),('2011-05-15 23:11:27','O021'),('2011-05-15 23:12:37','O020'),('2011-05-15 23:13:13','O021'),('2011-05-15 23:14:17','O020'),('2011-05-15 23:14:34','O021'),('2011-05-15 23:15:57','O020'),('2011-05-15 23:16:30','O021'),('2011-05-15 23:17:13','O020'),('2011-05-15 23:18:19','O020'),('2011-05-15 23:22:02','O021'),('2011-05-15 23:24:07','O020'),('2011-05-15 23:31:28','O021'),('2011-05-15 23:35:05','O020'),('2011-05-15 23:41:54','O021'),('2011-05-15 23:43:03','O020'),('2011-05-15 23:43:58','O021'),('2011-05-15 23:45:58','O020'),('2011-05-15 23:48:13','O021'),('2011-05-15 23:49:18','O020'),('2011-05-15 23:49:21','O021'),('2011-05-15 23:50:49','O020'),('2011-05-15 23:51:11','O021'),('2011-05-15 23:52:20','O020'),('2011-05-15 23:53:45','O021'),('2011-05-15 23:53:47','O020'),('2011-05-15 23:55:10','O020'),('2011-05-15 23:58:39','O020'),('2011-05-15 23:58:48','O021'),('2011-05-13 00:03:30','O020'),('2011-05-13 00:04:01','O021'),('2011-05-13 00:06:49','O020'),('2011-05-13 00:06:50','O021'),('2011-05-13 00:20:16','O020'),('2011-05-13 00:20:17','O021'),('2011-05-13 00:25:31','O020'),('2011-05-13 00:26:39','O021'),('2011-05-13 00:27:47','O020'),('2011-05-13 00:29:02','O021'),('2011-05-13 00:30:10','O020'),('2011-05-13 00:30:25','O021'),('2011-05-13 00:31:34','O020'),('2011-05-13 00:32:24','O021'),('2011-05-13 00:35:28','O020'),('2011-05-13 00:35:41','O021'),('2011-05-13 00:42:30','O020'),('2011-05-13 00:42:31','O021'),('2011-05-13 00:42:33','O020'),('2011-05-13 00:44:54','O020'),('2011-05-13 00:45:39','O021'),('2011-05-13 00:46:44','O020'),('2011-05-13 00:47:09','O021'),('2011-05-13 00:50:52','O020'),('2011-05-13 00:51:26','O021'),('2011-05-13 00:57:20','O020'),('2011-05-13 00:58:19','O021'),('2011-05-13 01:00:37','O020'),('2011-05-13 01:02:00','O021'),('2011-05-13 01:03:08','O020'),('2011-05-13 01:03:27','O021'),('2011-05-13 01:09:05','O020'),('2011-05-13 01:09:25','O021'),('2011-05-13 01:10:33','O020'),('2011-05-13 01:10:49','O021'),('2011-05-13 01:13:17','O020'),('2011-05-13 01:16:49','O021'),('2011-05-13 01:23:20','O020'),('2011-05-13 01:24:04','O021'),('2011-05-13 01:35:48','O020'),('2011-05-13 01:36:27','O021'),('2011-05-13 01:40:20','O020'),('2011-05-13 01:43:56','O021'),('2011-05-13 01:45:44','O020'),('2011-05-13 01:48:17','O021'),('2011-05-13 01:52:05','O020'),('2011-05-13 01:52:51','O021'),('2011-05-13 01:56:14','O020'),('2011-05-13 01:59:37','O021'),('2011-05-13 02:00:41','O020'),('2011-05-13 02:04:45','O021'),('2011-05-13 02:05:53','O020'),('2011-05-13 02:08:06','O021'),('2011-05-13 02:12:41','O020'),('2011-05-13 02:12:42','O021'),('2011-05-13 02:15:25','O020'),('2011-05-13 02:16:29','O021'),('2011-05-13 02:16:30','O020'),('2011-05-13 02:21:10','O020'),('2011-05-13 02:21:28','O021'),('2011-05-13 02:27:02','O020'),('2011-05-13 02:27:15','O021'),('2011-05-13 02:29:44','O020'),('2011-05-13 02:29:45','O021'),('2011-05-13 02:38:17','O020'),('2011-05-13 02:38:31','O021'),('2011-05-13 02:45:31','O020'),('2011-05-13 02:45:42','O021'),('2011-05-13 02:51:01','O020'),('2011-05-13 02:52:07','O021'),('2011-05-13 02:56:58','O020'),('2011-05-13 02:58:12','O021'),('2011-05-13 03:00:06','O020'),('2011-05-13 03:01:36','O021'),('2011-05-13 03:03:29','O020'),('2011-05-13 03:04:09','O021'),('2011-05-13 03:04:10','O021'),('2011-05-13 03:05:18','O020'),('2011-05-13 03:06:10','O021'),('2011-05-13 03:08:32','O020'),('2011-05-13 03:08:50','O021'),('2011-05-13 03:53:13','O020'),('2011-05-13 03:53:30','O021'),('2011-05-13 03:53:31','O020'),('2011-05-13 03:56:18','O020'),('2011-05-13 03:56:27','O021'),('2011-05-13 03:57:34','O020'),('2011-05-13 03:57:41','O021'),('2011-05-13 03:58:59','O020'),('2011-05-13 03:59:08','O021'),('2011-05-13 04:00:06','R01M03SC'),('2011-05-13 04:10:29','O020'),('2011-05-13 04:10:37','O021'),('2011-05-13 04:25:44','O020'),('2011-05-13 04:25:56','O021'),('2011-05-13 04:25:57','O020'),('2011-05-13 04:32:36','O020'),('2011-05-13 04:32:45','O021'),('2011-05-13 04:33:58','O020'),('2011-05-13 04:34:25','O021'),('2011-05-13 04:44:18','O020'),('2011-05-13 04:44:27','O021'),('2011-05-13 05:16:58','O020'),('2011-05-13 05:17:07','O021'),('2011-05-13 05:21:56','O020'),('2011-05-13 05:21:57','O021'),('2011-05-13 06:00:06','G12S'),('2011-05-13 06:00:07','A0100'),('2011-05-13 10:03:37','R01B06LK'),('2011-05-13 10:39:18','R01B01LK'),('2011-05-13 10:39:32','R01B05LK'),('2011-05-13 10:39:33','R01B06LK'),('2011-05-13 10:39:34','R01B01LK'),('2011-05-13 11:03:58','A0100'),('2011-05-13 11:04:00','A0200'),('2011-05-13 11:04:01','A0400'),('2011-05-13 11:04:04','A0600'),('2011-05-13 11:04:05','A0800'),('2011-05-13 11:04:07','A0900'),('2011-05-13 12:09:38','O020'),('2011-05-13 12:10:12','O021'),('2011-05-13 12:21:45','O020'),('2011-05-13 12:21:53','O021'),('2011-05-13 12:27:04','O020'),('2011-05-13 12:27:23','O021'),('2011-05-13 12:27:24','O020'),('2011-05-13 12:52:01','O020'),('2011-05-13 12:52:35','O021'),('2011-05-13 13:24:56','O020'),('2011-05-13 13:25:27','O021'),('2011-05-13 14:01:49','O020'),('2011-05-13 14:01:50','O021'),('2011-05-13 14:04:59','R01B06LK'),('2011-05-13 14:05:00','A0506'),('2011-05-13 14:05:04','R01B01LK'),('2011-05-13 14:05:28','A0103'),('2011-05-13 14:05:29','A0203'),('2011-05-13 14:05:31','A0403'),('2011-05-13 14:05:32','R02B01LK'),('2011-05-13 14:05:34','A0603'),('2011-05-13 14:05:35','R02B24LK'),('2011-05-13 14:05:36','R02B24LK'),('2011-05-13 14:05:38','A0104'),('2011-05-13 14:05:39','A0204'),('2011-05-13 14:05:41','A0404'),('2011-05-13 14:05:42','A0504'),('2011-05-13 14:05:43','R02B24LK'),('2011-05-13 14:05:44','R02B01LK'),('2011-05-13 14:05:45','R02B24LK'),('2011-05-13 14:05:46','R02B24LK'),('2011-05-13 14:05:47','R02B04LK'),('2011-05-13 14:05:52','R02B05LK'),('2011-05-13 14:05:54','R02B01LK'),('2011-05-13 14:05:56','R02B05LK'),('2011-05-13 14:05:58','R02B05LK'),('2011-05-13 14:06:00','R02B04LK'),('2011-05-13 14:06:01','R02B01LK'),('2011-05-13 14:06:02','A0201'),('2011-05-13 14:06:15','R02B03LK'),('2011-05-13 14:06:18','R02B06LK'),('2011-05-13 14:06:20','A0200'),('2011-05-13 14:06:35','O020'),('2011-05-13 14:06:48','O021'),('2011-05-13 14:09:12','O020'),('2011-05-13 14:10:28','O021'),('2011-05-13 14:20:38','O020'),('2011-05-13 14:50:29','O020'),('2011-05-13 14:50:53','O021'),('2011-05-13 15:00:15','O020'),('2011-05-13 15:00:16','O021'),('2011-05-13 15:00:17','O020'),('2011-05-13 15:01:45','O020'),('2011-05-13 15:01:57','O021'),('2011-05-13 15:02:14','O020'),('2011-05-13 15:02:15','O021'),('2011-05-13 15:03:19','O020'),('2011-05-13 15:04:43','O021'),('2011-05-13 15:05:11','O020'),('2011-05-13 15:05:44','O021'),('2011-05-13 15:20:11','O020'),('2011-05-13 15:20:20','O021'),('2011-05-13 15:25:05','O020'),('2011-05-13 15:25:22','O021'),('2011-05-13 15:38:24','O020'),('2011-05-13 15:39:33','O021'),('2011-05-13 15:42:01','O020'),('2011-05-13 15:42:02','O021'),('2011-05-13 15:54:49','O020'),('2011-05-13 15:55:35','O021'),('2011-05-13 16:02:35','O020'),('2011-05-13 16:03:29','O021'),('2011-05-13 16:03:31','O020'),('2011-05-13 16:04:54','O020'),('2011-05-13 16:05:24','O021'),('2011-05-13 16:10:33','O020'),('2011-05-13 16:10:49','O021'),('2011-05-13 16:16:33','O020'),('2011-05-13 16:20:43','O020'),('2011-05-13 16:21:58','O021'),('2011-05-13 16:24:54','O020'),('2011-05-13 16:29:29','O021'),('2011-05-13 16:34:42','O021'),('2011-05-13 16:35:45','O020'),('2011-05-13 16:43:41','O021'),('2011-05-13 16:44:45','O020'),('2011-05-13 16:46:41','O021'),('2011-05-13 16:46:43','O021'),('2011-05-13 16:47:47','O020'),('2011-05-13 16:48:17','O021'),('2011-05-13 16:52:35','O020'),('2011-05-13 16:53:03','O021'),('2011-05-13 16:58:30','O020'),('2011-05-13 16:58:31','O021'),('2011-05-13 17:02:56','O020'),('2011-05-13 17:10:37','O021'),('2011-05-13 17:11:49','O020'),('2011-05-13 17:17:03','O021'),('2011-05-13 17:18:11','O020'),('2011-05-13 17:19:30','O021'),('2011-05-13 17:20:39','O020'),('2011-05-13 17:21:02','O021'),('2011-05-13 17:22:10','O020'),('2011-05-13 17:23:32','R01B06LK'),('2011-05-13 17:24:53','O021'),('2011-05-13 17:26:03','O020'),('2011-05-13 17:26:14','O021'),('2011-05-13 17:27:22','O020'),('2011-05-13 17:28:54','O021'),('2011-05-13 17:32:52','O020'),('2011-05-13 17:33:10','O021'),('2011-05-13 17:34:17','O020'),('2011-05-13 17:51:55','O021'),('2011-05-13 17:55:47','O020'),('2011-05-13 17:57:09','O021'),('2011-05-13 17:58:19','O020'),('2011-05-13 17:59:09','O021'),('2011-05-13 18:01:04','A0106'),('2011-05-13 18:02:15','O020'),('2011-05-13 18:02:23','O021'),('2011-05-13 18:03:31','O020'),('2011-05-13 18:03:46','O021'),('2011-05-13 18:04:49','O020'),('2011-05-13 18:05:20','O021'),('2011-05-13 18:07:18','O020'),('2011-05-13 18:08:46','O021'),('2011-05-13 18:10:56','O020'),('2011-05-13 18:13:11','O021'),('2011-05-13 18:14:19','O020'),('2011-05-13 18:17:00','O021'),('2011-05-13 18:18:09','O020'),('2011-05-13 18:18:21','O021'),('2011-05-13 18:20:32','O020'),('2011-05-13 18:22:24','O021'),('2011-05-13 18:26:14','O020'),('2011-05-13 18:26:38','O021'),('2011-05-13 18:27:47','O020'),('2011-05-13 18:32:53','O020'),('2011-05-13 18:35:18','O021'),('2011-05-13 18:37:20','O020'),('2011-05-13 18:39:06','O021'),('2011-05-13 18:41:32','O020'),('2011-05-13 18:41:50','O021'),('2011-05-13 18:42:41','R01B06LK'),('2011-05-13 18:44:18','O020'),('2011-05-13 18:44:53','O021'),('2011-05-13 18:46:01','O020'),('2011-05-13 19:13:59','O021'),('2011-05-13 19:15:07','O020'),('2011-05-13 19:16:41','O021'),('2011-05-13 19:18:55','A0100'),('2011-05-13 19:18:56','A0200'),('2011-05-13 19:18:58','A0400'),('2011-05-13 19:19:00','A0600'),('2011-05-13 19:19:02','A0800'),('2011-05-13 19:19:03','A0900'),('2011-05-13 19:28:21','O020'),('2011-05-13 20:00:06','R01M02SC'),('2011-05-13 22:19:52','O021'),('2011-05-13 22:22:39','O020'),('2011-05-13 22:57:51','O021'),('2011-05-13 22:59:12','O020'),('2011-05-13 22:59:58','O021'),('2011-05-13 23:03:06','O020'),('2011-05-13 23:03:18','O021'),('2011-05-18 04:00:06','R01M03SC'),('2011-05-18 05:19:36','O010'),('2011-05-18 05:20:08','O011'),('2011-05-18 05:38:17','O021'),('2011-05-18 05:39:21','O020'),('2011-05-18 05:51:58','O021'),('2011-05-18 05:53:14','O020'),('2011-05-18 05:56:16','O021'),('2011-05-18 06:00:06','G12S'),('2011-05-18 06:00:07','A0100'),('2011-05-18 06:00:08','A0600'),('2011-05-18 06:00:13','O020'),('2011-05-18 11:17:07','R01B06LK'),('2011-05-18 11:23:02','A0106'),('2011-05-18 14:39:55','R01B01LK'),('2011-05-18 14:45:58','R08B01LK'),('2011-05-18 15:23:07','A0801'),('2011-05-18 18:33:21','O020'),('2011-05-18 18:33:43','O021'),('2011-05-18 18:34:55','O020'),('2011-05-18 18:35:01','O021'),('2011-05-18 18:35:57','A0204'),('2011-05-18 18:35:58','A0404'),('2011-05-18 18:36:00','A0504'),('2011-05-18 18:36:01','A0604'),('2011-05-18 18:36:03','A0804'),('2011-05-18 18:36:04','A0904'),('2011-05-18 18:40:13','O020'),('2011-05-18 18:40:47','O021'),('2011-05-18 18:41:38','O020'),('2011-05-18 18:42:45','O020'),('2011-05-18 18:42:58','O021'),('2011-05-18 19:04:09','O020'),('2011-05-18 19:04:10','O021'),('2011-05-18 19:23:11','A0104'),('2011-05-18 19:37:29','O020'),('2011-05-18 19:37:30','O021'),('2011-05-18 19:38:39','O020'),('2011-05-18 19:39:03','O021'),('2011-05-18 19:40:06','O020'),('2011-05-18 20:00:06','R01M02SC'),('2011-05-18 20:07:58','A0100'),('2011-05-18 20:08:00','A0200'),('2011-05-18 20:08:01','A0400'),('2011-05-18 20:08:04','A0600'),('2011-05-18 20:08:05','A0800'),('2011-05-18 20:08:07','A0900'),('2011-05-18 20:12:38','A0104'),('2011-05-18 20:12:39','A0204'),('2011-05-18 20:12:41','A0404'),('2011-05-18 20:12:42','A0504'),('2011-05-18 20:12:44','A0604'),('2011-05-18 20:12:45','A0804'),('2011-05-18 20:12:46','A0904'),('2011-05-18 20:40:13','R01B06LK'),('2011-05-18 20:40:14','A0106'),('2011-05-19 00:13:27','R01B01LK'),('2011-05-19 04:00:06','R01M03SC'),('2011-05-19 06:00:06','G12S'),('2011-05-19 06:00:07','A0100'),('2011-05-19 08:02:12','R01B01LK'),('2011-05-19 08:07:32','O021'),('2011-05-19 08:08:41','O020'),('2011-05-19 08:10:59','O021'),('2011-05-19 08:12:23','O020'),('2011-05-19 08:25:59','O021'),('2011-05-19 08:27:02','O020'),('2011-05-19 08:31:54','O021'),('2011-05-19 08:33:54','O020'),('2011-05-19 08:34:50','O021'),('2011-05-19 08:35:55','O020'),('2011-05-19 09:10:52','O021'),('2011-05-19 09:12:00','O020'),('2011-05-19 09:12:31','O021'),('2011-05-19 09:13:34','O020'),('2011-05-19 09:14:11','O021'),('2011-05-19 09:15:14','O020'),('2011-05-19 09:16:34','O021'),('2011-05-19 09:19:49','O020'),('2011-05-19 09:20:42','O021'),('2011-05-19 09:21:40','O020'),('2011-05-19 09:27:57','O020'),('2011-05-19 09:28:46','O021'),('2011-05-19 09:29:49','O020'),('2011-05-19 09:31:30','O021'),('2011-05-19 09:32:33','O020'),('2011-05-19 09:35:44','O021'),('2011-05-19 09:41:32','O020'),('2011-05-19 09:44:59','O021'),('2011-05-19 09:45:01','O020'),('2011-05-19 09:47:26','O020'),('2011-05-19 09:47:41','O021'),('2011-05-19 09:47:43','O020'),('2011-05-19 09:49:48','O020'),('2011-05-19 09:52:58','O021'),('2011-05-19 09:54:09','O020'),('2011-05-19 10:00:50','O021'),('2011-05-19 10:02:04','O020'),('2011-05-19 10:03:16','O021'),('2011-05-19 10:04:30','O020'),('2011-05-19 10:04:44','O021'),('2011-05-19 10:10:03','O020'),('2011-05-19 10:10:30','O021'),('2011-05-19 10:11:40','O020'),('2011-05-19 10:12:04','O021'),('2011-05-19 10:14:14','O020'),('2011-05-19 10:14:44','O021'),('2011-05-19 10:15:46','O020'),('2011-05-19 10:16:58','O020'),('2011-05-19 10:17:11','O021'),('2011-05-19 10:22:34','O020'),('2011-05-19 10:22:49','O021'),('2011-05-19 11:59:00','O020'),('2011-05-19 11:59:44','O021'),('2011-05-19 12:05:28','O020'),('2011-05-19 12:49:09','O020'),('2011-05-19 12:49:38','O021'),('2011-05-19 12:50:45','O020'),('2011-05-19 12:51:18','O021'),('2011-05-19 12:52:25','O020'),('2011-05-19 12:52:54','O021'),('2011-05-19 12:52:55','O020'),('2011-05-19 12:54:54','O020'),('2011-05-19 12:55:33','O021'),('2011-05-19 12:56:37','O020'),('2011-05-19 12:56:56','O021'),('2011-05-19 12:58:05','O020'),('2011-05-19 12:58:31','O021'),('2011-05-19 12:59:39','O020'),('2011-05-19 12:59:52','O021'),('2011-05-19 13:33:37','O020'),('2011-05-19 13:34:15','O021'),('2011-05-19 13:35:23','O020'),('2011-05-19 13:35:57','O021'),('2011-05-19 13:35:58','O020'),('2011-05-19 13:37:06','O020'),('2011-05-19 13:37:29','O021'),('2011-05-19 13:38:37','O020'),('2011-05-19 13:39:20','O021'),('2011-05-19 14:11:04','O020'),('2011-05-19 14:11:44','O021'),('2011-05-19 14:11:46','O020'),('2011-05-19 14:15:56','O020'),('2011-05-19 14:15:57','O021'),('2011-05-19 14:15:58','O020'),('2011-05-19 14:17:05','O020'),('2011-05-19 14:17:29','O021'),('2011-05-19 14:19:51','O020'),('2011-05-19 14:20:25','O021'),('2011-05-19 14:22:07','O020'),('2011-05-19 14:22:35','O021'),('2011-05-19 14:23:49','O020'),('2011-05-19 14:27:56','O020'),('2011-05-19 14:28:38','O021'),('2011-05-19 14:29:45','R01B06LK'),('2011-05-19 14:29:46','A0506'),('2011-05-19 14:48:28','R01B01LK'),('2011-05-19 14:52:37','O020'),('2011-05-19 14:53:08','O021'),('2011-05-19 14:58:32','O020'),('2011-05-19 14:58:54','O021'),('2011-05-19 14:58:55','O020'),('2011-05-19 15:00:03','O020'),('2011-05-19 15:05:24','O021'),('2011-05-19 15:07:43','O020'),('2011-05-19 15:08:12','O021'),('2011-05-19 15:09:20','O020'),('2011-05-19 15:09:36','O021'),('2011-05-19 15:10:45','O020'),('2011-05-19 15:10:58','O021'),('2011-05-19 15:12:07','O020'),('2011-05-19 15:12:11','O021'),('2011-05-19 15:23:31','A0106'),('2011-05-19 15:32:09','O020'),('2011-05-19 15:37:24','O021'),('2011-05-19 15:38:37','O020'),('2011-05-19 15:39:16','O021'),('2011-05-19 15:40:28','O020'),('2011-05-19 15:40:29','O021'),('2011-05-19 15:55:32','O020'),('2011-05-19 15:56:30','O021'),('2011-05-19 15:59:34','O020'),('2011-05-19 16:00:04','O021'),('2011-05-19 16:02:30','O020'),('2011-05-19 16:03:25','O021'),('2011-05-19 16:03:26','O020'),('2011-05-19 16:17:02','O020'),('2011-05-19 16:19:12','O021'),('2011-05-19 16:19:55','O020'),('2011-05-19 16:20:27','O021'),('2011-05-19 16:23:51','O020'),('2011-05-19 16:24:24','O021'),('2011-05-19 16:25:28','O020'),('2011-05-19 16:30:57','O021'),('2011-05-19 16:42:44','O020'),('2011-05-19 16:42:52','O021'),('2011-05-19 16:55:39','O020'),('2011-05-19 17:00:06','O021'),('2011-05-19 17:01:16','O020'),('2011-05-19 17:01:46','O021'),('2011-05-19 17:07:06','O020'),('2011-05-19 17:08:02','O021'),('2011-05-19 17:12:52','O020'),('2011-05-19 17:13:04','O021'),('2011-05-19 17:14:12','O020'),('2011-05-19 17:16:52','O020'),('2011-05-19 17:17:45','O021'),('2011-05-19 17:19:35','O020'),('2011-05-19 17:22:18','O021'),('2011-05-19 17:22:19','O020'),('2011-05-19 17:22:20','O021'),('2011-05-19 17:23:53','O020'),('2011-05-19 17:29:18','O021'),('2011-05-19 17:29:19','O020'),('2011-05-19 17:29:20','O021'),('2011-05-19 17:36:51','O020'),('2011-05-19 17:38:22','O021'),('2011-05-19 17:38:23','O020'),('2011-05-19 17:41:45','O020'),('2011-05-19 17:42:21','O021'),('2011-05-19 17:43:20','O020'),('2011-05-19 17:43:21','O021'),('2011-05-19 17:52:24','O020'),('2011-05-19 17:53:48','O021'),('2011-05-19 17:55:07','O020'),('2011-05-19 17:59:30','O021'),('2011-05-19 18:03:45','O020'),('2011-05-19 18:04:59','O021'),('2011-05-19 18:06:38','O020'),('2011-05-19 18:26:33','O021'),('2011-05-19 18:27:41','O020'),('2011-05-19 18:31:46','O021'),('2011-05-19 18:34:00','O020'),('2011-05-19 18:34:25','O021'),('2011-05-19 18:34:27','O020'),('2011-05-19 18:38:26','O020'),('2011-05-19 18:42:01','O021'),('2011-05-19 18:43:05','O020'),('2011-05-19 18:50:52','O021'),('2011-05-19 18:51:36','O020'),('2011-05-19 18:51:37','O021'),('2011-05-19 18:55:52','O020'),('2011-05-19 18:56:05','O021'),('2011-05-19 18:56:13','O020'),('2011-05-19 18:56:14','O021'),('2011-05-19 18:57:59','O020'),('2011-05-19 18:59:38','O021'),('2011-05-19 19:00:41','O020'),('2011-05-19 19:00:42','O021'),('2011-05-19 19:02:13','O020'),('2011-05-19 19:02:32','O021'),('2011-05-19 19:05:02','R01B06LK'),('2011-05-19 19:08:05','O020'),('2011-05-19 19:08:43','O021'),('2011-05-19 20:00:06','R01M02SC'),('2011-05-19 20:45:46','R01B01LK'),('2011-05-19 20:59:35','R01B06LK'),('2011-05-19 20:59:36','A0500'),('2011-05-19 21:31:35','R01B01LK'),('2011-05-19 21:38:42','O020'),('2011-05-19 21:40:01','O020'),('2011-05-19 21:40:02','O021'),('2011-05-19 21:41:52','O020'),('2011-05-19 21:42:08','O021'),('2011-05-19 23:06:10','O020'),('2011-05-19 23:06:54','O021'),('2011-05-19 23:48:07','O020'),('2011-05-19 23:55:21','O021'),('2011-05-20 04:00:06','R01M03SC'),('2011-05-20 04:07:45','O020'),('2011-05-20 04:07:46','O021'),('2011-05-20 05:00:57','O020'),('2011-05-20 05:01:17','O021'),('2011-05-20 06:00:06','G12S'),('2011-05-20 06:00:07','A0100'),('2011-05-20 06:33:24','O020'),('2011-05-20 06:34:28','O021'),('2011-05-20 06:43:54','R01B06LK'),('2011-05-20 06:43:55','A0206'),('2011-05-20 07:23:47','A0106'),('2011-05-20 08:14:07','R01B01LK'),('2011-05-20 08:17:39','O020'),('2011-05-20 08:17:48','O021'),('2011-05-20 08:38:02','O020'),('2011-05-20 08:38:03','O021'),('2011-05-20 08:39:26','O020'),('2011-05-20 08:39:27','O021'),('2011-05-20 08:41:41','O020'),('2011-05-20 08:42:11','O021'),('2011-05-20 08:58:00','O020'),('2011-05-20 09:16:41','O021'),('2011-05-20 09:17:51','O020'),('2011-05-20 09:24:07','O021'),('2011-05-20 09:25:50','O020'),('2011-05-20 09:28:11','O021'),('2011-05-20 09:29:16','O020'),('2011-05-20 10:37:31','O021'),('2011-05-20 10:38:52','O020'),('2011-05-20 11:33:56','O021'),('2011-05-20 11:35:40','O020'),('2011-05-20 11:36:39','O021'),('2011-05-20 11:40:07','O020'),('2011-05-20 12:13:19','O021'),('2011-05-20 12:13:20','O020'),('2011-05-20 12:32:59','O020'),('2011-05-20 12:33:24','O021'),('2011-05-20 12:38:51','O020'),('2011-05-20 12:39:22','O021'),('2011-05-20 12:40:31','O020'),('2011-05-20 12:40:35','O021'),('2011-05-20 12:41:36','O020'),('2011-05-20 12:41:37','O021'),('2011-05-20 12:59:15','O020'),('2011-05-20 12:59:35','O021'),('2011-05-20 13:01:06','O020'),('2011-05-20 13:01:16','O021'),('2011-05-20 13:06:59','O020'),('2011-05-20 13:07:17','O021'),('2011-05-20 13:07:35','O020'),('2011-05-20 13:07:36','O021'),('2011-05-20 13:07:38','O020'),('2011-05-20 13:11:59','O020'),('2011-05-20 13:13:29','O021'),('2011-05-20 13:20:03','O020'),('2011-05-20 13:20:31','O021'),('2011-05-20 13:21:40','O020'),('2011-05-20 13:23:44','O021'),('2011-05-20 13:26:07','O020'),('2011-05-20 13:26:30','O021'),('2011-05-20 13:27:38','O020'),('2011-05-20 13:27:54','O021'),('2011-05-20 13:29:03','O020'),('2011-05-20 13:29:22','O021'),('2011-05-20 13:29:24','O020'),('2011-05-20 13:30:31','O020'),('2011-05-20 13:30:39','O021'),('2011-05-20 13:31:46','O020'),('2011-05-20 13:32:05','O021'),('2011-05-20 13:33:14','O020'),('2011-05-20 13:33:30','O021'),('2011-05-20 13:34:39','O020'),('2011-05-20 13:34:50','O021'),('2011-05-20 13:34:51','O020'),('2011-05-20 13:35:58','O020'),('2011-05-20 13:36:12','O021'),('2011-05-20 13:37:19','O020'),('2011-05-20 13:37:37','O021'),('2011-05-20 13:38:44','O020'),('2011-05-20 13:38:59','O021'),('2011-05-20 13:39:00','O020'),('2011-05-20 13:40:06','O020'),('2011-05-20 13:40:26','O021'),('2011-05-20 13:41:34','O020'),('2011-05-20 13:41:44','O021'),('2011-05-20 13:42:52','O020'),('2011-05-20 13:43:17','O021'),('2011-05-20 13:44:26','O020'),('2011-05-20 13:44:50','O021'),('2011-05-20 13:46:54','O020'),('2011-05-20 13:47:28','O021'),('2011-05-20 13:48:34','O020'),('2011-05-20 13:48:35','O021'),('2011-05-20 13:49:44','O020'),('2011-05-20 13:53:01','O021'),('2011-05-20 13:54:11','O020'),('2011-05-20 13:56:50','O021'),('2011-05-20 13:57:58','O020'),('2011-05-20 14:02:05','O021'),('2011-05-20 14:03:13','O020'),('2011-05-20 14:03:38','O021'),('2011-05-20 14:04:56','O020'),('2011-05-20 14:04:57','O021'),('2011-05-20 14:10:11','O020'),('2011-05-20 14:10:12','O021'),('2011-05-20 14:15:27','O020'),('2011-05-20 14:15:29','O021'),('2011-05-20 14:27:15','O020'),('2011-05-20 14:30:50','O021'),('2011-05-20 14:33:58','O020'),('2011-05-20 14:34:01','O021'),('2011-05-20 14:35:10','O020'),('2011-05-20 14:36:58','O021'),('2011-05-20 14:38:33','O020'),('2011-05-20 14:42:02','O021'),('2011-05-20 14:44:22','O020'),('2011-05-20 14:44:45','O021'),('2011-05-20 14:45:53','O020'),('2011-05-20 14:46:12','O021'),('2011-05-20 14:47:21','O020'),('2011-05-20 14:47:32','O021'),('2011-05-20 14:48:39','O020'),('2011-05-20 14:48:57','O021'),('2011-05-20 14:50:04','O020'),('2011-05-20 14:50:16','O021'),('2011-05-20 14:51:33','O020'),('2011-05-20 15:09:27','O020'),('2011-05-20 15:09:58','O021'),('2011-05-20 15:23:33','O020'),('2011-05-20 15:23:52','O021'),('2011-05-20 15:25:03','O020'),('2011-05-20 15:25:14','O021'),('2011-05-20 15:26:48','O020'),('2011-05-20 15:26:49','O021'),('2011-05-20 15:29:00','O020'),('2011-05-20 15:29:14','O021'),('2011-05-20 15:29:46','O020'),('2011-05-20 15:29:47','O021'),('2011-05-20 15:31:34','O020'),('2011-05-20 15:32:03','O021'),('2011-05-20 15:33:38','O020'),('2011-05-20 15:33:46','O021'),('2011-05-20 16:07:53','O020'),('2011-05-20 16:09:45','O021'),('2011-05-20 16:10:48','O020'),('2011-05-20 16:25:11','O021'),('2011-05-20 16:27:07','O020'),('2011-05-20 16:27:38','O021'),('2011-05-20 16:28:48','O020'),('2011-05-20 16:32:31','O020'),('2011-05-20 16:32:59','O021'),('2011-05-20 16:34:08','O020'),('2011-05-20 16:34:31','O021'),('2011-05-20 16:34:32','O020'),('2011-05-20 16:35:39','O020'),('2011-05-20 16:35:47','O021'),('2011-05-20 16:35:49','O020'),('2011-05-20 16:37:04','O020'),('2011-05-20 16:37:05','O021'),('2011-05-20 16:43:34','O020'),('2011-05-20 16:43:49','O021'),('2011-05-20 16:44:53','O020'),('2011-05-20 16:58:43','O021'),('2011-05-20 17:02:53','O020'),('2011-05-20 17:02:54','O021'),('2011-05-20 17:06:48','O020'),('2011-05-20 17:07:44','O021'),('2011-05-20 17:25:23','O020'),('2011-05-20 17:27:19','O021'),('2011-05-20 17:28:49','O020'),('2011-05-20 17:28:56','O021'),('2011-05-20 17:28:57','O020'),('2011-05-20 17:30:04','O020'),('2011-05-20 17:36:31','O021'),('2011-05-20 18:12:25','O020'),('2011-05-20 18:14:29','O021'),('2011-05-20 18:15:39','O020'),('2011-05-20 18:15:54','O021'),('2011-05-20 18:17:04','O020'),('2011-05-20 18:18:40','O021'),('2011-05-20 18:19:47','O020'),('2011-05-20 18:20:00','O021'),('2011-05-20 18:21:09','O020'),('2011-05-20 18:21:22','O021'),('2011-05-20 18:22:25','O020'),('2011-05-20 18:22:47','O021'),('2011-05-20 18:27:59','R01B06LK'),('2011-05-20 20:00:06','R01M02SC'),('2011-05-22 00:30:48','O021'),('2011-05-22 00:33:52','O020'),('2011-05-22 00:34:06','O021'),('2011-05-22 00:43:58','O020'),('2011-05-22 00:44:26','O021'),('2011-05-22 00:45:38','O020'),('2011-05-22 00:45:48','O021'),('2011-05-22 00:46:57','O020'),('2011-05-22 00:47:11','O021'),('2011-05-22 00:48:19','O020'),('2011-05-22 00:48:35','O021'),('2011-05-22 00:49:44','O020'),('2011-05-22 00:49:58','O021'),('2011-05-22 00:51:05','O020'),('2011-05-22 00:51:22','O021'),('2011-05-22 00:52:30','O020'),('2011-05-22 00:52:45','O021'),('2011-05-22 00:53:55','O020'),('2011-05-22 00:54:12','O021'),('2011-05-22 00:55:17','O020'),('2011-05-22 00:55:42','O021'),('2011-05-22 00:56:51','O020'),('2011-05-22 00:56:55','O021'),('2011-05-22 00:58:04','O020'),('2011-05-22 00:58:20','O021'),('2011-05-22 00:59:28','O020'),('2011-05-22 00:59:48','O021'),('2011-05-22 01:00:56','O020'),('2011-05-22 01:01:11','O021'),('2011-05-22 01:02:18','O020'),('2011-05-22 01:55:05','O021'),('2011-05-22 02:05:06','O020'),('2011-05-22 02:05:45','O021'),('2011-05-22 02:10:33','O020'),('2011-05-22 02:11:00','O021'),('2011-05-22 02:12:07','O020'),('2011-05-22 02:12:22','O021'),('2011-05-22 02:13:32','O020'),('2011-05-22 02:13:47','O021'),('2011-05-22 02:14:54','O020'),('2011-05-22 02:15:10','O021'),('2011-05-22 02:16:19','O020'),('2011-05-22 02:16:36','O021'),('2011-05-22 02:17:44','O020'),('2011-05-22 02:18:00','O021'),('2011-05-22 02:19:08','O020'),('2011-05-22 02:19:27','O021'),('2011-05-22 02:20:36','O020'),('2011-05-22 02:20:48','O021'),('2011-05-22 02:21:52','O020'),('2011-05-22 02:22:12','O021'),('2011-05-22 02:23:20','O020'),('2011-05-22 02:23:41','O021'),('2011-05-22 02:24:51','O020'),('2011-05-22 02:25:05','O021'),('2011-05-22 02:26:10','O020'),('2011-05-22 03:53:38','O021'),('2011-05-22 04:00:06','R01M03SC'),('2011-05-22 04:04:59','O020'),('2011-05-22 04:05:06','O021'),('2011-05-22 04:05:08','O020'),('2011-05-22 04:08:55','O020'),('2011-05-22 04:09:30','O021'),('2011-05-22 04:10:38','O020'),('2011-05-22 04:10:46','O021'),('2011-05-22 04:11:54','O020'),('2011-05-22 04:12:11','O021'),('2011-05-22 04:13:19','O020'),('2011-05-22 04:13:34','O021'),('2011-05-22 04:14:44','O020'),('2011-05-22 04:15:03','O021'),('2011-05-22 04:16:12','O020'),('2011-05-22 04:16:28','O021'),('2011-05-22 04:17:36','O020'),('2011-05-22 04:17:51','O021'),('2011-05-22 04:19:01','O020'),('2011-05-22 04:19:13','O021'),('2011-05-22 04:20:23','O020'),('2011-05-22 04:20:38','O021'),('2011-05-22 04:21:42','O020'),('2011-05-22 05:36:13','O021'),('2011-05-22 05:44:44','O020'),('2011-05-22 05:44:45','O021'),('2011-05-22 05:48:17','O020'),('2011-05-22 05:48:40','O021'),('2011-05-22 05:49:48','O020'),('2011-05-22 05:50:11','O021'),('2011-05-22 05:50:13','O020'),('2011-05-22 05:51:19','O020'),('2011-05-22 05:51:28','O021'),('2011-05-22 05:52:38','O020'),('2011-05-22 05:52:53','O021'),('2011-05-22 05:54:03','O020'),('2011-05-22 05:54:19','O021'),('2011-05-22 05:55:27','O020'),('2011-05-22 05:55:49','O021'),('2011-05-22 05:56:58','O020'),('2011-05-22 05:57:08','O021'),('2011-05-22 05:58:26','O020'),('2011-05-22 05:58:35','O021'),('2011-05-22 05:59:45','O020'),('2011-05-22 06:00:01','O021'),('2011-05-22 06:00:06','G12S'),('2011-05-22 06:01:10','O020'),('2011-05-22 06:01:25','O021'),('2011-05-22 06:02:35','O020'),('2011-05-22 06:02:48','O021'),('2011-05-22 06:03:56','O020'),('2011-05-22 07:49:16','O021'),('2011-05-22 08:04:07','O020'),('2011-05-22 08:04:35','O021'),('2011-05-22 08:05:44','O020'),('2011-05-22 08:05:51','O021'),('2011-05-22 08:06:59','O020'),('2011-05-22 08:07:26','O021'),('2011-05-22 08:07:27','O020'),('2011-05-22 08:08:33','O020'),('2011-05-22 08:08:42','O021'),('2011-05-22 08:09:49','O020'),('2011-05-22 08:10:10','O021'),('2011-05-22 08:11:17','O020'),('2011-05-22 08:11:35','O021'),('2011-05-22 08:11:37','O020'),('2011-05-22 08:12:45','O020'),('2011-05-22 08:12:57','O021'),('2011-05-22 08:14:10','O020'),('2011-05-22 08:14:22','O021'),('2011-05-22 08:15:31','O020'),('2011-05-22 08:15:45','O021'),('2011-05-22 08:16:53','O020'),('2011-05-22 09:22:55','O021'),('2011-05-22 09:26:38','O020'),('2011-05-22 09:26:44','O021'),('2011-05-22 09:28:45','O020'),('2011-05-22 09:28:53','O021'),('2011-05-22 09:35:07','O020'),('2011-05-22 09:35:31','O021'),('2011-05-22 09:36:38','O020'),('2011-05-22 09:36:54','O021'),('2011-05-22 09:38:03','O020'),('2011-05-22 09:38:20','O021'),('2011-05-22 09:39:28','O020'),('2011-05-22 09:39:46','O021'),('2011-05-22 09:39:47','O020'),('2011-05-22 09:40:56','O020'),('2011-05-22 09:41:12','O021'),('2011-05-22 09:41:13','O020'),('2011-05-22 09:42:20','O020'),('2011-05-22 09:42:33','O021'),('2011-05-22 09:43:42','O020'),('2011-05-22 09:43:53','O021'),('2011-05-22 09:45:01','O020'),('2011-05-22 09:45:18','O021'),('2011-05-22 09:46:28','O020'),('2011-05-22 09:48:11','O021'),('2011-05-22 09:49:18','O020'),('2011-05-22 10:39:11','O021'),('2011-05-22 10:47:56','O020'),('2011-05-22 10:48:23','O021'),('2011-05-22 10:49:33','O020'),('2011-05-22 10:49:36','O021'),('2011-05-22 10:52:04','O020'),('2011-05-22 10:52:55','O021'),('2011-05-22 10:52:56','O020'),('2011-05-22 10:54:03','O020'),('2011-05-22 10:54:10','O021'),('2011-05-22 10:55:18','O020'),('2011-05-22 10:55:34','O021'),('2011-05-22 10:56:43','O020'),('2011-05-22 10:57:05','O021'),('2011-05-22 10:58:14','O020'),('2011-05-22 10:58:23','O021'),('2011-05-22 10:59:33','O020'),('2011-05-22 11:38:09','O021'),('2011-05-22 11:41:09','O020'),('2011-05-22 11:41:28','O021'),('2011-05-22 11:47:55','O020'),('2011-05-22 11:48:13','O021'),('2011-05-22 11:49:22','O020'),('2011-05-22 11:50:23','O021'),('2011-05-22 11:52:58','O020'),('2011-05-22 11:53:25','O021'),('2011-05-22 11:55:53','O020'),('2011-05-22 12:21:10','O021'),('2011-05-22 12:23:01','O020'),('2011-05-22 12:23:07','O021'),('2011-05-22 12:33:43','O020'),('2011-05-22 12:33:58','O021'),('2011-05-22 12:33:59','O021'),('2011-05-22 12:39:31','O020'),('2011-05-22 12:39:38','O021'),('2011-05-22 12:40:47','O020'),('2011-05-22 12:41:09','O021'),('2011-05-22 12:41:11','O020'),('2011-05-22 12:42:15','O020'),('2011-05-22 13:12:54','O021'),('2011-05-22 13:20:27','O020'),('2011-05-22 13:20:36','O021'),('2011-05-22 13:38:10','O020'),('2011-05-22 13:53:35','O021'),('2011-05-22 14:04:04','O020'),('2011-05-22 14:05:25','O021'),('2011-05-22 14:10:42','O020'),('2011-05-22 14:10:43','O021'),('2011-05-22 14:11:48','O020'),('2011-05-22 14:11:50','O021'),('2011-05-22 14:13:19','O020'),('2011-05-22 14:13:30','O021'),('2011-05-22 14:19:44','O020'),('2011-05-22 14:19:55','O021'),('2011-05-22 14:19:57','O020'),('2011-05-22 14:20:59','O020'),('2011-05-22 14:21:18','O021'),('2011-05-22 14:22:27','O020'),('2011-05-22 14:22:42','O021'),('2011-05-22 14:22:44','O020'),('2011-05-22 14:23:52','O020'),('2011-05-22 14:30:54','O021'),('2011-05-22 14:33:09','O020'),('2011-05-22 14:34:13','O021'),('2011-05-22 14:46:56','O020'),('2011-05-22 14:47:30','O021'),('2011-05-22 14:51:53','O020'),('2011-05-22 14:52:18','O021'),('2011-05-22 14:53:27','O020'),('2011-05-22 14:53:47','O021'),('2011-05-22 14:55:11','O020'),('2011-05-22 14:57:39','O020'),('2011-05-22 15:04:12','O021'),('2011-05-22 15:05:16','O020'),('2011-05-22 15:07:42','O021'),('2011-05-22 15:08:51','O020'),('2011-05-22 15:09:06','O021'),('2011-05-22 15:10:16','O020'),('2011-05-22 15:10:47','O021'),('2011-05-22 15:25:30','O020'),('2011-05-22 15:25:59','O021'),('2011-05-22 15:28:23','O020'),('2011-05-22 15:47:47','O021'),('2011-05-22 15:50:34','O020'),('2011-05-22 15:50:46','O021'),('2011-05-22 15:54:34','O020'),('2011-05-22 15:56:08','O021'),('2011-05-22 15:58:57','O020'),('2011-05-22 15:59:21','O021'),('2011-05-22 16:00:28','O020'),('2011-05-22 16:00:33','O021'),('2011-05-22 16:07:05','O020'),('2011-05-22 16:32:06','O021'),('2011-05-22 16:39:37','O020'),('2011-05-22 16:39:44','O021'),('2011-05-22 16:45:52','O020'),('2011-05-22 17:14:03','O021'),('2011-05-22 17:15:53','O020'),('2011-05-22 17:16:08','O021'),('2011-05-22 17:17:11','O020'),('2011-05-22 17:17:23','O021'),('2011-05-22 17:25:16','O020'),('2011-05-22 17:25:26','O021'),('2011-05-22 17:25:49','O020'),('2011-05-22 17:26:59','O020'),('2011-05-22 17:27:11','O021'),('2011-05-22 17:29:40','O020'),('2011-05-22 17:30:02','O021'),('2011-05-22 17:31:11','O020'),('2011-05-22 17:31:31','O021'),('2011-05-22 17:32:41','O020'),('2011-05-22 17:32:59','O021'),('2011-05-22 17:34:06','O020'),('2011-05-22 17:34:24','O021'),('2011-05-22 17:34:25','O020'),('2011-05-22 17:35:31','O020'),('2011-05-22 17:35:46','O021'),('2011-05-22 17:36:53','O020'),('2011-05-22 17:38:40','O021'),('2011-05-22 17:39:49','O020'),('2011-05-22 18:08:55','O021'),('2011-05-22 18:16:44','O020'),('2011-05-22 18:17:07','O021'),('2011-05-22 18:17:08','O020'),('2011-05-22 18:19:45','O020'),('2011-05-22 18:19:59','O021'),('2011-05-22 18:22:47','O020'),('2011-05-22 18:23:27','O021'),('2011-05-22 18:24:36','O020'),('2011-05-22 18:24:55','O021'),('2011-05-22 18:26:01','O020'),('2011-05-22 18:26:09','O021'),('2011-05-22 18:27:17','O020'),('2011-05-22 18:27:32','O021'),('2011-05-22 18:28:41','O020'),('2011-05-22 18:30:15','O021'),('2011-05-22 18:31:31','O020'),('2011-05-22 18:57:47','O021'),('2011-05-22 19:03:47','O020'),('2011-05-22 19:04:26','O021'),('2011-05-22 19:07:58','O020'),('2011-05-22 19:08:11','O021'),('2011-05-22 19:09:02','O020'),('2011-05-22 19:09:03','O021'),('2011-05-22 19:10:57','O020'),('2011-05-22 19:11:24','O021'),('2011-05-22 19:12:34','O020'),('2011-05-22 19:12:45','O021'),('2011-05-22 19:13:01','O020'),('2011-05-22 19:13:02','O021'),('2011-05-22 19:14:08','O020'),('2011-05-22 19:14:13','O021'),('2011-05-22 19:15:27','O020'),('2011-05-22 19:15:32','O021'),('2011-05-22 19:16:42','O020'),('2011-05-22 19:16:56','O021'),('2011-05-22 19:18:04','O020'),('2011-05-22 19:18:24','O021'),('2011-05-22 19:19:32','O020'),('2011-05-22 19:19:42','O021'),('2011-05-22 19:20:51','O020'),('2011-05-22 19:21:19','O021'),('2011-05-22 19:22:22','O020'),('2011-05-22 20:00:06','R01M02SC'),('2011-05-22 22:38:02','R01B01LK'),('2011-05-21 04:00:06','R01M03SC'),('2011-05-21 06:00:06','G12S'),('2011-05-21 06:00:07','A0100'),('2011-05-21 09:59:06','O020'),('2011-05-21 09:59:30','O021'),('2011-05-21 09:59:31','O020'),('2011-05-21 09:59:32','O021'),('2011-05-21 12:05:28','O020'),('2011-05-21 12:05:29','O021'),('2011-05-21 12:10:50','O020'),('2011-05-21 12:13:14','O021'),('2011-05-21 12:14:49','O020'),('2011-05-21 12:14:50','O021'),('2011-05-21 12:20:01','O020'),('2011-05-21 12:24:41','O021'),('2011-05-21 12:26:41','O020'),('2011-05-21 12:27:24','O021'),('2011-05-21 12:32:35','O020'),('2011-05-21 12:35:20','O021'),('2011-05-21 12:47:45','O020'),('2011-05-21 12:47:58','O021'),('2011-05-21 12:51:59','O020'),('2011-05-21 12:52:19','O021'),('2011-05-21 12:53:27','O020'),('2011-05-21 12:58:05','O021'),('2011-05-21 12:59:06','O020'),('2011-05-21 12:59:36','O021'),('2011-05-21 13:00:43','O020'),('2011-05-21 13:00:44','O021'),('2011-05-21 13:01:47','O020'),('2011-05-21 13:03:46','O021'),('2011-05-21 13:04:52','O020'),('2011-05-21 13:12:17','O021'),('2011-05-21 13:20:37','O020'),('2011-05-21 13:20:38','O021'),('2011-05-21 13:21:46','O020'),('2011-05-21 13:21:56','O021'),('2011-05-21 13:22:59','O020'),('2011-05-21 13:25:59','O021'),('2011-05-21 13:29:24','O020'),('2011-05-21 13:29:42','O021'),('2011-05-21 13:30:06','O020'),('2011-05-21 13:33:20','O021'),('2011-05-21 13:45:51','O020'),('2011-05-21 13:45:52','O021'),('2011-05-21 13:46:58','O020'),('2011-05-21 13:47:25','O021'),('2011-05-21 13:48:35','O020'),('2011-05-21 13:48:45','O021'),('2011-05-21 13:49:57','O020'),('2011-05-21 13:49:59','O021'),('2011-05-21 13:51:06','O020'),('2011-05-21 13:51:14','O021'),('2011-05-21 13:52:37','O020'),('2011-05-21 13:52:59','O021'),('2011-05-21 13:54:08','O020'),('2011-05-21 13:54:18','O021'),('2011-05-21 13:55:27','O020'),('2011-05-21 13:55:36','O021'),('2011-05-21 13:56:40','O020'),('2011-05-21 13:57:01','O021'),('2011-05-21 13:58:04','O020'),('2011-05-21 13:58:16','O021'),('2011-05-21 13:58:18','O020'),('2011-05-21 13:59:23','O020'),('2011-05-21 14:00:53','O021'),('2011-05-21 14:03:13','O020'),('2011-05-21 14:05:34','O021'),('2011-05-21 14:08:22','O020'),('2011-05-21 14:09:58','O021'),('2011-05-21 14:11:06','O020'),('2011-05-21 14:12:52','O021'),('2011-05-21 14:13:56','O020'),('2011-05-21 14:14:02','O021'),('2011-05-21 14:14:03','O020'),('2011-05-21 14:14:04','O021'),('2011-05-21 14:15:11','O020'),('2011-05-21 14:16:51','O021'),('2011-05-21 14:16:57','O020'),('2011-05-21 14:37:08','O021'),('2011-05-21 14:38:25','O020'),('2011-05-21 14:38:34','O021'),('2011-05-21 14:39:37','O020'),('2011-05-21 14:49:46','O021'),('2011-05-21 14:53:11','O020'),('2011-05-21 14:53:27','O021'),('2011-05-21 15:02:35','O020'),('2011-05-21 15:03:10','O021'),('2011-05-21 15:04:18','O020'),('2011-05-21 15:04:33','O021'),('2011-05-21 15:05:43','O020'),('2011-05-21 15:05:46','O021'),('2011-05-21 15:06:55','O020'),('2011-05-21 15:07:11','O021'),('2011-05-21 15:08:20','O020'),('2011-05-21 15:08:31','O021'),('2011-05-21 15:09:39','O020'),('2011-05-21 15:09:57','O021'),('2011-05-21 15:11:07','O020'),('2011-05-21 15:11:22','O021'),('2011-05-21 15:13:41','O020'),('2011-05-21 15:14:04','O021'),('2011-05-21 15:15:12','O020'),('2011-05-21 15:15:30','O021'),('2011-05-21 15:16:40','O020'),('2011-05-21 15:16:53','O021'),('2011-05-21 15:17:56','O020'),('2011-05-21 15:18:18','O021'),('2011-05-21 15:19:27','O020'),('2011-05-21 15:19:36','O021'),('2011-05-21 15:20:45','O020'),('2011-05-21 15:21:25','O021'),('2011-05-21 15:23:29','O020'),('2011-05-21 15:23:44','O021'),('2011-05-21 15:23:46','O020'),('2011-05-21 15:24:54','O020'),('2011-05-21 15:25:21','O021'),('2011-05-21 15:26:29','O020'),('2011-05-21 15:26:30','O021'),('2011-05-21 15:27:37','O020'),('2011-05-21 15:27:54','O021'),('2011-05-21 15:29:08','O020'),('2011-05-21 15:30:53','O021'),('2011-05-21 15:32:55','O020'),('2011-05-21 15:35:52','O021'),('2011-05-21 15:37:01','O020'),('2011-05-21 15:37:22','O021'),('2011-05-21 15:38:26','O020'),('2011-05-21 15:38:35','O021'),('2011-05-21 15:39:38','O020'),('2011-05-21 15:39:59','O021'),('2011-05-21 15:41:09','O020'),('2011-05-21 15:41:36','O021'),('2011-05-21 15:42:48','O020'),('2011-05-21 15:42:49','O021'),('2011-05-21 15:44:21','O020'),('2011-05-21 15:44:22','O021'),('2011-05-21 15:45:27','O020'),('2011-05-21 15:45:53','O021'),('2011-05-21 15:49:05','O020'),('2011-05-21 15:49:25','O021'),('2011-05-21 15:53:22','O020'),('2011-05-21 15:54:38','O021'),('2011-05-21 15:59:50','O020'),('2011-05-21 16:00:45','O021'),('2011-05-21 16:00:46','O020'),('2011-05-21 16:01:56','O021'),('2011-05-21 16:03:04','O020'),('2011-05-21 16:03:15','O021'),('2011-05-21 16:03:16','O020'),('2011-05-21 16:04:23','O020'),('2011-05-21 16:06:05','O021'),('2011-05-21 16:07:13','O020'),('2011-05-21 16:07:14','O021'),('2011-05-21 16:08:16','O020'),('2011-05-21 16:11:11','O021'),('2011-05-21 16:12:21','O020'),('2011-05-21 16:12:34','O021'),('2011-05-21 16:13:43','O020'),('2011-05-21 16:15:29','O021'),('2011-05-21 16:16:39','O020'),('2011-05-21 16:19:39','O021'),('2011-05-21 16:22:45','O020'),('2011-05-21 16:23:05','O021'),('2011-05-21 16:25:02','O020'),('2011-05-21 16:25:15','O021'),('2011-05-21 16:27:06','O020'),('2011-05-21 16:27:12','O021'),('2011-05-21 16:32:39','O020'),('2011-05-21 16:33:01','O021'),('2011-05-21 16:34:10','O020'),('2011-05-21 16:34:26','O021'),('2011-05-21 16:35:35','O020'),('2011-05-21 16:35:50','O021'),('2011-05-21 16:37:00','O020'),('2011-05-21 16:37:13','O021'),('2011-05-21 16:38:21','O020'),('2011-05-21 16:38:38','O021'),('2011-05-21 16:39:46','O020'),('2011-05-21 16:40:02','O021'),('2011-05-21 16:41:11','O020'),('2011-05-21 16:41:24','O021'),('2011-05-21 16:42:33','O020'),('2011-05-21 16:42:49','O021'),('2011-05-21 16:43:59','O020'),('2011-05-21 16:44:11','O021'),('2011-05-21 16:45:29','O020'),('2011-05-21 16:45:33','O021'),('2011-05-21 16:46:42','O020'),('2011-05-21 16:46:59','O021'),('2011-05-21 16:48:07','O020'),('2011-05-21 16:48:17','O021'),('2011-05-21 16:49:26','O020'),('2011-05-21 16:49:42','O021'),('2011-05-21 16:50:51','O020'),('2011-05-21 16:51:02','O021'),('2011-05-21 16:52:06','O020'),('2011-05-21 16:52:26','O021'),('2011-05-21 16:53:34','O020'),('2011-05-21 16:53:50','O021'),('2011-05-21 16:54:59','O020'),('2011-05-21 16:55:10','O021'),('2011-05-21 16:56:18','O020'),('2011-05-21 16:56:29','O021'),('2011-05-21 16:57:36','O020'),('2011-05-21 16:57:58','O021'),('2011-05-21 16:58:00','O020'),('2011-05-21 16:59:07','O020'),('2011-05-21 16:59:19','O021'),('2011-05-21 17:00:29','O020'),('2011-05-21 17:00:50','O021'),('2011-05-21 17:02:00','O020'),('2011-05-21 17:02:14','O021'),('2011-05-21 17:03:31','O020'),('2011-05-21 17:03:35','O021'),('2011-05-21 17:04:44','O020'),('2011-05-21 17:04:54','O021'),('2011-05-21 17:06:02','O020'),('2011-05-21 17:07:45','O021'),('2011-05-21 17:08:52','O020'),('2011-05-21 17:09:10','O021'),('2011-05-21 17:10:20','O020'),('2011-05-21 17:10:28','O021'),('2011-05-21 17:11:36','O020'),('2011-05-21 17:12:00','O021'),('2011-05-21 17:17:22','O021'),('2011-05-21 17:17:52','O020'),('2011-05-21 17:18:46','O021'),('2011-05-21 17:19:49','O020'),('2011-05-21 17:19:53','O021'),('2011-05-21 17:26:26','O020'),('2011-05-21 17:26:55','O021'),('2011-05-21 17:28:03','O020'),('2011-05-21 17:28:38','O021'),('2011-05-21 17:32:02','O020'),('2011-05-21 17:32:30','O021'),('2011-05-21 17:33:39','O020'),('2011-05-21 17:33:53','O021'),('2011-05-21 17:35:01','O020'),('2011-05-21 17:35:15','O021'),('2011-05-21 17:36:23','O020'),('2011-05-21 17:36:40','O021'),('2011-05-21 17:36:42','O020'),('2011-05-21 17:37:48','O020'),('2011-05-21 17:37:57','O021'),('2011-05-21 17:39:06','O020'),('2011-05-21 17:39:22','O021'),('2011-05-21 17:40:31','O020'),('2011-05-21 17:40:58','O021'),('2011-05-21 17:40:59','O020'),('2011-05-21 17:42:08','O020'),('2011-05-21 17:42:09','O021'),('2011-05-21 17:43:14','O020'),('2011-05-21 17:43:35','O021'),('2011-05-21 17:44:39','O020'),('2011-05-21 17:44:54','O021'),('2011-05-21 17:46:04','O020'),('2011-05-21 17:46:23','O021'),('2011-05-21 17:47:32','O020'),('2011-05-21 17:47:37','O021'),('2011-05-21 17:48:47','O020'),('2011-05-21 17:49:04','O021'),('2011-05-21 17:50:12','O020'),('2011-05-21 17:50:34','O021'),('2011-05-21 17:51:59','O020'),('2011-05-21 17:52:03','O021'),('2011-05-21 17:53:11','O020'),('2011-05-21 17:53:24','O021'),('2011-05-21 17:54:33','O020'),('2011-05-21 17:54:48','O021'),('2011-05-21 17:55:58','O020'),('2011-05-21 17:56:12','O021'),('2011-05-21 17:56:13','O020'),('2011-05-21 17:57:19','O020'),('2011-05-21 17:57:28','O021'),('2011-05-21 17:58:35','O020'),('2011-05-21 17:59:03','O021'),('2011-05-21 18:00:06','O020'),('2011-05-21 18:00:10','O021'),('2011-05-21 18:01:19','O020'),('2011-05-21 18:01:31','O021'),('2011-05-21 18:02:34','O020'),('2011-05-21 18:02:56','O021'),('2011-05-21 18:02:58','O020'),('2011-05-21 18:04:05','O020'),('2011-05-21 18:04:23','O021'),('2011-05-21 18:04:25','O020'),('2011-05-21 18:05:30','O020'),('2011-05-21 18:06:56','O021'),('2011-05-21 18:08:05','O020'),('2011-05-21 18:08:29','O021'),('2011-05-21 18:09:30','O020'),('2011-05-21 18:09:31','O021'),('2011-05-21 18:12:06','O020'),('2011-05-21 18:12:48','O021'),('2011-05-21 18:15:00','O020'),('2011-05-21 18:15:23','O021'),('2011-05-21 18:16:31','O020'),('2011-05-21 18:16:33','O021'),('2011-05-21 18:17:40','O020'),('2011-05-21 18:17:48','O021'),('2011-05-21 18:18:56','O020'),('2011-05-21 18:19:17','O021'),('2011-05-21 18:20:27','O020'),('2011-05-21 18:20:42','O021'),('2011-05-21 18:24:23','O020'),('2011-05-21 18:25:59','O021'),('2011-05-21 18:32:25','O020'),('2011-05-21 18:32:42','O021'),('2011-05-21 18:32:44','O020'),('2011-05-21 18:37:34','O020'),('2011-05-21 18:37:56','O021'),('2011-05-21 18:39:05','O020'),('2011-05-21 18:39:24','O021'),('2011-05-21 18:40:32','O020'),('2011-05-21 18:40:41','O021'),('2011-05-21 18:41:51','O020'),('2011-05-21 18:42:08','O021'),('2011-05-21 18:43:16','O020'),('2011-05-21 18:43:29','O021'),('2011-05-21 18:44:38','O020'),('2011-05-21 18:44:56','O021'),('2011-05-21 18:46:06','O020'),('2011-05-21 18:46:13','O021'),('2011-05-21 18:47:22','O020'),('2011-05-21 18:47:37','O021'),('2011-05-21 18:48:46','O020'),('2011-05-21 18:48:56','O021'),('2011-05-21 18:50:16','O020'),('2011-05-21 18:50:17','O021'),('2011-05-21 18:52:43','O020'),('2011-05-21 18:53:02','O021'),('2011-05-21 18:54:20','O020'),('2011-05-21 18:54:21','O021'),('2011-05-21 19:38:36','O020'),('2011-05-21 19:38:43','O021'),('2011-05-21 19:50:59','O020'),('2011-05-21 19:51:20','O021'),('2011-05-21 19:51:21','O020'),('2011-05-21 19:52:29','O020'),('2011-05-21 19:52:37','O021'),('2011-05-21 19:53:45','O020'),('2011-05-21 19:54:03','O021'),('2011-05-21 19:55:13','O020'),('2011-05-21 19:55:31','O021'),('2011-05-21 19:55:33','O020'),('2011-05-21 19:56:41','O020'),('2011-05-21 19:56:53','O021'),('2011-05-21 19:58:03','O020'),('2011-05-21 19:58:13','O021'),('2011-05-21 19:59:21','O020'),('2011-05-21 19:59:39','O021'),('2011-05-21 20:00:06','R01M02SC'),('2011-05-21 20:00:46','O020'),('2011-05-21 20:00:57','O021'),('2011-05-21 20:02:05','O020'),('2011-05-21 20:02:27','O021'),('2011-05-21 20:03:36','O020'),('2011-05-21 20:03:41','O021'),('2011-05-21 20:04:49','O020'),('2011-05-21 20:05:02','O021'),('2011-05-21 21:29:02','O020'),('2011-05-21 21:29:29','O021'),('2011-05-21 21:30:42','O020'),('2011-05-21 21:30:49','O021'),('2011-05-21 21:31:57','O020'),('2011-05-21 21:32:08','O021'),('2011-05-21 21:33:16','O020'),('2011-05-21 21:33:34','O021'),('2011-05-21 21:34:44','O020'),('2011-05-21 21:35:02','O021'),('2011-05-21 21:36:12','O020'),('2011-05-21 21:36:20','O021'),('2011-05-21 21:37:28','O020'),('2011-05-21 21:37:50','O021'),('2011-05-21 21:38:58','O020'),('2011-05-21 21:39:08','O021'),('2011-05-21 21:40:17','O020'),('2011-05-21 21:40:33','O021'),('2011-05-21 21:41:42','O020'),('2011-05-21 21:41:53','O021'),('2011-05-21 21:43:01','O020'),('2011-05-21 21:43:14','O021'),('2011-05-21 21:44:22','O020'),('2011-05-21 21:44:40','O021'),('2011-05-21 21:44:48','O020'),('2011-05-21 21:45:56','O020'),('2011-05-21 21:46:05','O021'),('2011-05-21 21:47:12','O020'),('2011-05-21 21:47:25','O021'),('2011-05-21 21:48:34','O020'),('2011-05-21 21:48:50','O021'),('2011-05-21 21:48:51','O020'),('2011-05-21 21:49:59','O020'),('2011-05-21 21:50:11','O021'),('2011-05-21 21:51:20','O020'),('2011-05-21 21:51:33','O021'),('2011-05-21 21:52:42','O020'),('2011-05-21 21:52:57','O021'),('2011-05-21 21:52:59','O020'),('2011-05-21 21:54:07','O020'),('2011-05-21 21:55:39','O021'),('2011-05-21 21:56:48','O020'),('2011-05-21 21:57:14','O021'),('2011-05-21 21:58:20','O020'),('2011-05-21 21:58:21','O021'),('2011-05-21 21:59:28','O020'),('2011-05-21 21:59:46','O021'),('2011-05-21 22:03:46','O020'),('2011-05-21 22:03:53','O021'),('2011-05-21 22:22:28','O020'),('2011-05-21 22:30:27','O020'),('2011-05-21 22:30:28','O021'),('2011-05-21 22:36:03','O020'),('2011-05-21 22:37:12','O020'),('2011-05-21 22:41:01','O020'),('2011-05-21 22:41:36','O021'),('2011-05-21 22:42:44','O020'),('2011-05-21 22:45:22','O021'),('2011-05-21 22:46:28','O020'),('2011-05-21 22:46:29','O021'),('2011-05-21 22:48:56','O020'),('2011-05-21 22:49:31','O021'),('2011-05-21 22:50:39','O020'),('2011-05-21 22:52:35','O021'),('2011-05-21 22:53:47','O020'),('2011-05-21 22:53:48','O021'),('2011-05-21 22:53:50','O020'),('2011-05-21 22:54:55','O020'),('2011-05-21 22:54:56','O021'),('2011-05-21 22:56:42','O020'),('2011-05-21 23:00:52','O021'),('2011-05-21 23:02:13','O020'),('2011-05-21 23:05:17','O021'),('2011-05-21 23:10:54','O020'),('2011-05-21 23:11:13','O021'),('2011-05-21 23:11:14','O020'),('2011-05-21 23:15:23','O020'),('2011-05-21 23:15:31','O021'),('2011-05-21 23:18:28','O020'),('2011-05-21 23:18:52','O021'),('2011-05-21 23:19:56','O020'),('2011-05-21 23:20:14','O021'),('2011-05-21 23:22:37','O020'),('2011-05-21 23:23:00','O021'),('2011-05-21 23:24:10','O020'),('2011-05-21 23:24:26','O021'),('2011-05-21 23:25:35','O020'),('2011-05-21 23:25:50','O021'),('2011-05-21 23:26:57','O020'),('2011-05-21 23:27:10','O021'),('2011-05-21 23:28:19','O020'),('2011-05-21 23:28:35','O021'),('2011-05-21 23:29:44','O020'),('2011-05-21 23:30:00','O021'),('2011-05-21 23:31:08','O020'),('2011-05-21 23:31:24','O021'),('2011-05-21 23:32:33','O020'),('2011-05-21 23:32:45','O021'),('2011-05-21 23:33:55','O020'),('2011-05-21 23:34:20','O021'),('2011-05-21 23:34:21','O020'),('2011-05-21 23:35:29','O020'),('2011-05-21 23:35:37','O021'),('2011-05-21 23:36:45','O020'),('2011-05-21 23:36:55','O021'),('2011-05-21 23:36:56','O020'),('2011-05-21 23:38:03','O020'),('2011-05-21 23:38:18','O021'),('2011-05-21 23:39:28','O020'),('2011-05-21 23:39:41','O021'),('2011-05-21 23:40:50','O020'),('2011-05-21 23:41:07','O021'),('2011-05-21 23:42:15','O020'),('2011-05-21 23:42:34','O021'),('2011-05-21 23:43:43','O020'),('2011-05-23 04:00:06','R01M03SC'),('2011-05-23 05:23:32','R01B06LK'),('2011-05-23 05:23:33','A0206'),('2011-05-23 05:32:59','R01B01LK'),('2011-05-23 06:00:06','G12S'),('2011-05-23 06:00:07','A0200'),('2011-05-23 08:23:12','R01B01LK'),('2011-05-23 17:17:53','R01B06LK'),('2011-05-23 17:17:54','A0206'),('2011-05-23 18:05:10','A0106'),('2011-05-23 20:00:06','R01M02SC'),('2011-05-23 21:21:43','R01B01LK'),('2011-05-24 04:00:06','R01M03SC'),('2011-05-24 06:00:06','G12S'),('2011-05-24 06:00:07','A0100'),('2011-05-24 08:32:13','R01B01LK'),('2011-05-24 08:32:37','R02B01LK'),('2011-05-24 08:32:38','R02B01LK'),('2011-05-24 08:32:39','R02B06LK'),('2011-05-24 08:32:41','A0200'),('2011-05-24 17:11:18','R02B06LK'),('2011-05-24 17:11:23','R02B06LK'),('2011-05-24 19:18:10','R01B06LK'),('2011-05-24 19:18:11','A0206'),('2011-05-24 19:25:36','A0106'),('2011-05-24 20:00:06','R01M02SC'),('2011-05-24 21:30:34','R01B01LK'),('2011-05-25 04:00:06','R01M03SC'),('2011-05-25 06:00:06','G12S'),('2011-05-25 06:00:07','A0100'),('2011-05-25 08:02:57','R01B06LK'),('2011-05-25 08:29:31','R01B01LK'),('2011-05-25 08:45:50','A0106'),('2011-05-25 13:52:45','R01B06LK'),('2011-05-25 14:16:40','R01B01LK'),('2011-05-25 17:57:59','R01B06LK'),('2011-05-25 17:58:00','A0500'),('2011-05-25 20:00:06','R01M02SC'),('2011-05-25 23:40:16','R01B01LK'),('2011-05-26 04:00:06','R01M03SC'),('2011-05-26 06:00:06','G12S'),('2011-05-26 06:00:08','A0100'),('2011-05-26 08:30:38','R01B01LK'),('2011-05-26 16:39:20','R01B06LK'),('2011-05-26 16:39:21','A0206'),('2011-05-26 16:46:22','A0106'),('2011-05-26 18:10:12','R01B01LK'),('2011-05-26 18:32:10','R01B06LK'),('2011-05-26 18:32:11','A0500'),('2011-05-26 20:00:06','R01M02SC'),('2011-05-26 23:03:53','R01B01LK'),('2011-05-26 23:04:23','R01B06LK'),('2011-05-26 23:04:24','R01B01LK'),('2011-05-27 04:00:06','R01M03SC'),('2011-05-27 06:00:06','G12S'),('2011-05-27 06:00:07','A0100'),('2011-05-27 07:54:50','O010'),('2011-05-27 07:54:53','O011'),('2011-05-27 12:27:04','R01B06LK'),('2011-05-27 12:46:41','A0106'),('2011-05-27 15:55:51','R01B01LK'),('2011-05-27 20:00:06','R01M02SC'),('2011-05-27 20:10:36','A0204'),('2011-05-27 20:10:38','A0404'),('2011-05-27 20:10:39','A0504'),('2011-05-27 20:10:41','A0604'),('2011-05-27 20:10:42','A0804'),('2011-05-27 20:10:43','A0904'),('2011-05-27 20:30:30','R08B06LK'),('2011-05-27 20:30:31','A0800'),('2011-05-27 20:41:38','R01B06LK'),('2011-05-27 20:41:39','A0606'),('2011-05-27 20:48:23','R01B06LK'),('2011-05-27 20:48:24','A0500'),('2011-05-27 23:38:23','R01B01LK'),('2011-05-28 04:00:06','R01M03SC'),('2011-05-28 06:00:06','G12S'),('2011-05-28 06:00:08','A0100'),('2011-05-28 08:28:57','R01B06LK'),('2011-05-28 08:47:01','A0106'),('2011-05-28 09:00:15','R01B01LK'),('2011-05-28 09:10:31','A0104'),('2011-05-28 09:10:32','A0204'),('2011-05-28 09:10:33','A0404'),('2011-05-28 09:10:35','A0504'),('2011-05-28 09:10:36','A0604'),('2011-05-28 09:10:38','A0804'),('2011-05-28 09:10:39','A0904'),('2011-05-28 09:48:39','A0100'),('2011-05-28 09:48:40','A0200'),('2011-05-28 09:48:42','A0400'),('2011-05-28 09:48:44','A0600'),('2011-05-28 09:48:46','A0800'),('2011-05-28 09:48:47','A0900'),('2011-05-28 10:34:07','A0204'),('2011-05-28 10:34:08','A0106'),('2011-05-28 10:34:10','A0206'),('2011-05-28 10:34:11','A0404'),('2011-05-28 10:34:13','A0504'),('2011-05-28 10:34:14','A0604'),('2011-05-28 10:34:15','A0804'),('2011-05-28 10:34:17','A0904'),('2011-05-28 10:34:18','A0406'),('2011-05-28 10:34:19','A0506'),('2011-05-28 10:34:21','A0606'),('2011-05-28 10:34:22','A0806'),('2011-05-28 10:34:24','A0906'),('2011-05-28 12:39:00','R01B06LK'),('2011-05-28 12:39:01','A0500'),('2011-05-28 13:15:30','R01B01LK'),('2011-05-28 16:35:35','R08B01LK'),('2011-05-28 18:42:58','R01B06LK'),('2011-05-28 20:00:06','R01M02SC'),('2011-05-29 00:48:23','R01B01LK'),('2011-05-29 01:01:42','O010'),('2011-05-29 01:02:02','O011'),('2011-05-29 01:58:27','O010'),('2011-05-29 01:58:46','O011'),('2011-05-29 04:00:06','R01M03SC'),('2011-05-29 06:00:06','G12S'),('2011-05-29 06:00:07','A0100'),('2011-05-29 13:37:36','R01B06LK'),('2011-05-29 14:07:30','A0106'),('2011-05-29 16:00:44','R01B02LK'),('2011-05-29 16:00:54','R01B06LK'),('2011-05-29 16:00:56','R01B01LK'),('2011-05-29 17:13:26','R01B06LK'),('2011-05-29 17:42:54','A0104'),('2011-05-29 17:42:55','A0204'),('2011-05-29 17:42:56','A0404'),('2011-05-29 17:42:58','A0504'),('2011-05-29 17:42:59','A0604'),('2011-05-29 17:43:01','A0804'),('2011-05-29 17:43:02','A0904'),('2011-05-29 17:57:43','R01B06LK'),('2011-05-29 17:57:44','A0406'),('2011-05-29 19:38:07','R01B01LK'),('2011-05-29 20:00:06','R01M02SC'),('2011-05-29 20:00:12','A0204'),('2011-05-29 20:00:14','A0404'),('2011-05-29 20:00:15','A0504'),('2011-05-29 20:00:17','A0604'),('2011-05-29 20:00:18','A0804'),('2011-05-29 20:00:19','A0904'),('2011-05-29 20:47:37','A0104'),('2011-05-30 04:00:06','R01M03SC'),('2011-05-30 06:00:06','G12S'),('2011-05-30 06:00:07','A0100'),('2011-05-30 12:50:02','R01B06LK'),('2011-05-30 12:50:03','A0806'),('2011-05-30 13:47:37','R01B01LK'),('2011-05-30 14:07:52','A0106'),('2011-05-30 17:13:06','R01B06LK'),('2011-05-30 17:13:07','A0500'),('2011-05-30 20:00:06','R01M02SC'),('2011-05-30 22:52:17','R01B01LK'),('2011-06-01 04:00:06','R01M03SC'),('2011-06-01 06:00:06','G12S'),('2011-06-01 06:00:07','A0100'),('2011-06-01 20:00:06','R01M02SC'),('2011-06-01 20:13:47','R01B06LK'),('2011-06-01 20:48:47','A0106'),('2011-06-01 23:50:07','R01B01LK'),('2011-06-02 04:00:06','R01M03SC'),('2011-06-02 06:00:06','G12S'),('2011-06-02 06:00:07','A0100'),('2011-06-02 08:28:30','R01B01LK'),('2011-06-02 14:40:15','R02B01LK'),('2011-06-02 14:40:18','R02B06LK'),('2011-06-02 14:49:09','R06B01LK'),('2011-06-02 14:49:16','R06B06LK'),('2011-06-02 14:49:18','A0600'),('2011-06-02 17:03:06','R01B06LK'),('2011-06-02 17:03:07','A0906'),('2011-06-02 18:09:07','A0106'),('2011-06-02 20:00:06','R01M02SC'),('2011-06-02 21:01:13','R01B01LK'),('2011-06-02 21:15:06','A0204'),('2011-06-02 21:15:07','A0404'),('2011-06-02 21:15:09','A0504'),('2011-06-02 21:15:10','A0604'),('2011-06-02 21:15:12','A0804'),('2011-06-02 21:15:13','A0904'),('2011-06-02 22:09:11','A0104'),('2011-06-02 22:28:54','R01B06LK'),('2011-06-02 22:28:55','R01B01LK'),('2011-06-02 23:29:13','A0106'),('2011-06-03 04:00:06','R01M03SC'),('2011-06-03 06:00:06','G12S'),('2011-06-03 06:00:07','A0100'),('2011-06-03 07:57:20','R01B06LK'),('2011-06-03 07:57:21','A0406'),('2011-06-03 08:10:53','R01B01LK'),('2011-06-03 08:49:22','A0106'),('2011-06-03 10:55:59','R01B06LK'),('2011-06-03 10:56:00','A0500'),('2011-06-03 12:32:13','R01B01LK'),('2011-06-03 15:42:10','R01B01LK'),('2011-06-03 19:02:02','R01B01LK'),('2011-06-03 19:08:54','R08B01LK'),('2011-06-03 19:10:09','R08B24LK'),('2011-06-03 19:10:10','R08B24LK'),('2011-06-03 19:10:11','R08B24LK'),('2011-06-03 19:10:12','R08B24LK'),('2011-06-03 19:10:13','R08B24LK'),('2011-06-03 19:10:14','R08B24LK'),('2011-06-03 19:10:15','A0801'),('2011-06-03 19:10:16','R08B24LK'),('2011-06-03 19:10:17','R08B04LK'),('2011-06-03 19:10:18','R08B05LK'),('2011-06-03 19:10:21','R08B05LK'),('2011-06-03 19:10:22','R08B01LK'),('2011-06-03 19:10:23','R08B05LK'),('2011-06-03 19:10:25','R08B05LK'),('2011-06-03 19:10:27','R08B24LK'),('2011-06-03 19:10:28','R08B24LK'),('2011-06-03 19:10:29','R08B24LK'),('2011-06-03 19:18:02','R08B04LK'),('2011-06-03 19:18:04','R08B04LK'),('2011-06-03 19:18:05','R08B01LK'),('2011-06-03 19:18:06','R08B05LK'),('2011-06-03 19:18:08','R08B05LK'),('2011-06-03 19:18:11','R08B05LK'),('2011-06-03 19:27:48','R08B06LK'),('2011-06-03 19:27:50','A0800'),('2011-06-03 19:32:12','R01B06LK'),('2011-06-03 20:00:06','R01M02SC'),('2011-06-03 21:38:26','O010'),('2011-06-03 21:38:30','O011'),('2011-06-03 23:16:11','O010'),('2011-06-03 23:16:15','O011'),('2011-06-03 23:59:05','O010'),('2011-06-03 23:59:37','O011'),('2011-06-04 00:50:57','R01B01LK'),('2011-06-04 00:51:26','R01B05LK'),('2011-06-04 00:51:27','A0500'),('2011-06-04 00:51:28','R01B01LK'),('2011-06-04 04:00:06','R01M03SC'),('2011-06-04 04:48:31','O010'),('2011-06-04 04:48:34','O011'),('2011-06-04 05:35:56','O010'),('2011-06-04 05:36:25','O011'),('2011-06-04 06:00:06','G12S'),('2011-06-04 06:00:07','A0100'),('2011-06-04 06:10:47','O010'),('2011-06-04 06:10:55','O011'),('2011-06-04 08:23:53','R01B06LK'),('2011-06-04 08:49:46','A0106'),('2011-06-04 09:28:48','R01B06LK'),('2011-06-04 15:22:29','R01B01LK'),('2011-06-04 18:23:37','R01B01LK'),('2011-06-04 18:32:53','R01B06LK'),('2011-06-04 20:00:06','R01M02SC'),('2011-06-04 22:49:47','R01B01LK'),('2011-06-04 22:52:12','R01B06LK'),('2011-06-04 23:21:00','R01B01LK'),('2011-06-05 03:57:28','O010'),('2011-06-05 03:57:32','O011'),('2011-06-05 04:00:06','R01M03SC'),('2011-06-05 06:00:06','G12S'),('2011-06-05 06:00:07','A0100'),('2011-06-05 09:34:39','R01B06LK'),('2011-06-05 09:34:40','A0406'),('2011-06-05 10:10:10','A0106'),('2011-06-05 10:19:01','R01B01LK'),('2011-06-05 11:35:18','A0104'),('2011-06-05 11:35:20','A0204'),('2011-06-05 11:35:21','A0404'),('2011-06-05 11:35:23','A0504'),('2011-06-05 11:35:24','A0604'),('2011-06-05 11:35:25','A0804'),('2011-06-05 11:35:27','A0904'),('2011-06-05 11:51:33','R06B06LK'),('2011-06-05 11:51:35','A0600'),('2011-06-05 14:11:21','R01B06LK'),('2011-06-05 14:11:22','A0206'),('2011-06-05 15:30:15','A0106'),('2011-06-05 20:00:06','R01M02SC'),('2011-06-06 04:00:06','R01M03SC'),('2011-06-06 06:00:06','G12S'),('2011-06-06 06:00:07','A0100'),('2011-06-06 20:00:06','R01M02SC'),('2011-06-07 04:00:06','R01M03SC'),('2011-06-07 06:00:06','G12S'),('2011-06-07 08:47:10','R01B01LK'),('2011-06-07 15:56:17','R01B06LK'),('2011-06-07 15:56:18','A0206'),('2011-06-07 16:51:04','A0106'),('2011-06-07 20:00:06','R01M02SC'),('2011-06-08 04:00:06','R01M03SC'),('2011-06-08 06:00:06','G12S'),('2011-06-08 06:00:07','A0100'),('2011-06-08 09:32:44','R01B01LK'),('2011-06-08 14:26:00','R01B06LK'),('2011-06-08 15:31:27','A0106'),('2011-06-08 20:00:06','R01M02SC'),('2011-06-09 04:00:06','R01M03SC'),('2011-06-09 06:00:06','G12S'),('2011-06-09 06:00:07','A0100'),('2011-06-09 10:08:45','R01B01LK'),('2011-06-09 16:14:35','O010'),('2011-06-09 16:14:48','O011'),('2011-06-09 16:29:06','R01B06LK'),('2011-06-09 16:29:07','A0906'),('2011-06-09 16:51:52','A0106'),('2011-06-09 18:09:28','O010'),('2011-06-09 18:09:48','O011'),('2011-06-09 20:00:06','R01M02SC'),('2011-06-10 04:00:06','R01M03SC'),('2011-06-10 06:00:06','G12S'),('2011-06-10 06:00:07','A0100'),('2011-06-10 09:33:29','O010'),('2011-06-10 09:33:33','O011'),('2011-06-10 10:54:36','R01B01LK'),('2011-06-10 17:19:47','O010'),('2011-06-10 18:45:40','R01B06LK'),('2011-06-10 18:45:41','A0806'),('2011-06-10 19:32:18','A0106'),('2011-06-10 20:00:06','R01M02SC'),('2011-06-11 04:00:06','R01M03SC'),('2011-06-11 06:00:06','G12S'),('2011-06-11 06:00:07','A0100'),('2011-06-11 20:00:06','R01M02SC'),('2011-06-12 04:00:06','R01M03SC'),('2011-06-12 06:00:06','G12S'),('2011-06-12 20:00:06','R01M02SC'),('2011-06-13 04:00:06','R01M03SC'),('2011-06-13 06:00:06','G12S'),('2011-06-13 20:00:06','R01M02SC'),('2011-06-14 04:00:06','R01M03SC'),('2011-06-14 06:00:06','G12S'),('2011-06-14 18:43:56','R01B01LK'),('2011-06-14 20:00:06','R01M02SC'),('2011-06-14 20:02:41','R01B06LK'),('2011-06-14 20:02:42','A0806'),('2011-06-14 20:53:48','A0106'),('2011-06-15 04:00:06','R01M03SC'),('2011-06-15 06:00:06','G12S'),('2011-06-15 06:00:07','A0100'),('2011-06-15 11:13:37','R01B01LK'),('2011-06-15 17:58:11','R01B06LK'),('2011-06-15 18:14:07','A0106'),('2011-06-15 20:00:06','R01M02SC'),('2011-06-16 04:00:06','R01M03SC'),('2011-06-16 06:00:06','G12S'),('2011-06-16 06:00:08','A0100'),('2011-06-16 15:04:20','R01B01LK'),('2011-06-16 19:07:39','R01B06LK'),('2011-06-16 19:34:30','A0106'),('2011-06-16 20:00:06','R01M02SC');
/*!40000 ALTER TABLE `controlSystemLog` ENABLE KEYS */;
UNLOCK TABLES;

--
-- Table structure for table `controlSystemOther`
--

DROP TABLE IF EXISTS `controlSystemOther`;
/*!40101 SET @saved_cs_client     = @@character_set_client */;
/*!40101 SET character_set_client = utf8 */;
CREATE TABLE `controlSystemOther` (
  `name` varchar(30) NOT NULL DEFAULT 'Another Action',
  `WLSIP` varchar(100) NOT NULL DEFAULT '@beep`',
  `rooms_pertaining_to` varchar(255) DEFAULT NULL
) ENGINE=MyISAM DEFAULT CHARSET=latin1;
/*!40101 SET character_set_client = @saved_cs_client */;

--
-- Dumping data for table `controlSystemOther`
--

LOCK TABLES `controlSystemOther` WRITE;
/*!40000 ALTER TABLE `controlSystemOther` DISABLE KEYS */;
/*!40000 ALTER TABLE `controlSystemOther` ENABLE KEYS */;
UNLOCK TABLES;

--
-- Table structure for table `controlSystemRelay`
--

DROP TABLE IF EXISTS `controlSystemRelay`;
/*!40101 SET @saved_cs_client     = @@character_set_client */;
/*!40101 SET character_set_client = utf8 */;
CREATE TABLE `controlSystemRelay` (
  `index` int(11) NOT NULL,
  `name` varchar(30) NOT NULL,
  `rooms_pertaining_to` varchar(255) DEFAULT NULL,
  KEY `index` (`index`)
) ENGINE=MyISAM DEFAULT CHARSET=latin1;
/*!40101 SET character_set_client = @saved_cs_client */;

--
-- Dumping data for table `controlSystemRelay`
--

LOCK TABLES `controlSystemRelay` WRITE;
/*!40000 ALTER TABLE `controlSystemRelay` DISABLE KEYS */;
INSERT INTO `controlSystemRelay` VALUES (1,'Office Audio Next','2'),(2,'Guest Bed Audio Next','6'),(3,'Master Bath Audio Next','8');
/*!40000 ALTER TABLE `controlSystemRelay` ENABLE KEYS */;
UNLOCK TABLES;

--
-- Table structure for table `event`
--

DROP TABLE IF EXISTS `event`;
/*!40101 SET @saved_cs_client     = @@character_set_client */;
/*!40101 SET character_set_client = utf8 */;
CREATE TABLE `event` (
  `index` int(2) NOT NULL,
  `name` varchar(25) NOT NULL DEFAULT 'Nothing',
  `LSIP_when` varchar(250) NOT NULL DEFAULT 'F',
  `LSIP_exc` varchar(250) NOT NULL DEFAULT 'F',
  `LSIP_main` varchar(10000) NOT NULL DEFAULT '@doNothing`',
  PRIMARY KEY (`index`)
) ENGINE=MyISAM DEFAULT CHARSET=latin1;
/*!40101 SET character_set_client = @saved_cs_client */;

--
-- Dumping data for table `event`
--

LOCK TABLES `event` WRITE;
/*!40000 ALTER TABLE `event` DISABLE KEYS */;
/*!40000 ALTER TABLE `event` ENABLE KEYS */;
UNLOCK TABLES;

--
-- Table structure for table `floor`
--

DROP TABLE IF EXISTS `floor`;
/*!40101 SET @saved_cs_client     = @@character_set_client */;
/*!40101 SET character_set_client = utf8 */;
CREATE TABLE `floor` (
  `index` tinyint(4) NOT NULL,
  `name` varchar(30) NOT NULL,
  PRIMARY KEY (`index`)
) ENGINE=MyISAM DEFAULT CHARSET=latin1;
/*!40101 SET character_set_client = @saved_cs_client */;

--
-- Dumping data for table `floor`
--

LOCK TABLES `floor` WRITE;
/*!40000 ALTER TABLE `floor` DISABLE KEYS */;
INSERT INTO `floor` VALUES (1,'First Floor'),(2,'Second Floor');
/*!40000 ALTER TABLE `floor` ENABLE KEYS */;
UNLOCK TABLES;

--
-- Table structure for table `keypad`
--

DROP TABLE IF EXISTS `keypad`;
/*!40101 SET @saved_cs_client     = @@character_set_client */;
/*!40101 SET character_set_client = utf8 */;
CREATE TABLE `keypad` (
  `addr` varchar(20) NOT NULL,
  `brand` varchar(10) NOT NULL DEFAULT 'Lutron_HW',
  `buttons` varchar(4) NOT NULL DEFAULT '6+2',
  `role` varchar(10) DEFAULT NULL
) ENGINE=MyISAM DEFAULT CHARSET=latin1;
/*!40101 SET character_set_client = @saved_cs_client */;

--
-- Dumping data for table `keypad`
--

LOCK TABLES `keypad` WRITE;
/*!40000 ALTER TABLE `keypad` DISABLE KEYS */;
/*!40000 ALTER TABLE `keypad` ENABLE KEYS */;
UNLOCK TABLES;

--
-- Table structure for table `light`
--

DROP TABLE IF EXISTS `light`;
/*!40101 SET @saved_cs_client     = @@character_set_client */;
/*!40101 SET character_set_client = utf8 */;
CREATE TABLE `light` (
  `index` smallint(6) NOT NULL AUTO_INCREMENT,
  `room` tinyint(2) NOT NULL DEFAULT '1',
  `addr` varchar(16) NOT NULL DEFAULT '[0:0:0:0]',
  `name` varchar(35) NOT NULL DEFAULT 'New Light',
  `type` varchar(15) NOT NULL DEFAULT 'Dimmer',
  `shade` tinyint(1) NOT NULL DEFAULT '0',
  `maplocX` smallint(3) NOT NULL DEFAULT '999',
  `maplocY` smallint(3) NOT NULL DEFAULT '999',
  PRIMARY KEY (`index`)
) ENGINE=MyISAM AUTO_INCREMENT=38 DEFAULT CHARSET=latin1;
/*!40101 SET character_set_client = @saved_cs_client */;

--
-- Dumping data for table `light`
--

LOCK TABLES `light` WRITE;
/*!40000 ALTER TABLE `light` DISABLE KEYS */;
INSERT INTO `light` VALUES (1,1,'[1:5:1:1]','Entry Downlights','Dimmer',0,109,197),(2,1,'[1:5:1:2]','Art Niche','Dimmer',0,215,139),(3,5,'[1:5:1:3]','Downlights','Dimmer',0,252,155),(4,1,'[1:5:2:5]','Downlights','Dimmer',0,227,201),(5,7,'[1:5:3:4]','General','Dimmer',0,187,236),(6,7,'[1:5:4:4]','Sconce','Dimmer',0,283,221),(7,7,'[1:5:4:3]','Shower','Dimmer',0,208,94),(8,6,'[1:8:1:4]','Downlights','Dimmer',0,186,126),(13,3,'[1:5:2:3]','Downlights','Dimmer',0,237,108),(9,6,'[1:8:1:3]','Hallway Downlights','Dimmer',0,319,192),(10,0,'[1:2:3:4]','NOT USED','Dimmer',0,999,999),(11,3,'[1:8:1:1]','Cabinet','Dimmer',0,68,32),(12,3,'[1:5:2:2]','Chandelier','Dimmer',0,251,175),(14,3,'[1:5:2:6]','Stair Art Spot','Dimmer',0,46,271),(15,5,'[1:5:4:5]','Entertainment Center','Dimmer',0,256,296),(16,5,'[1:5:2:4]','Track Light','Dimmer',0,360,224),(17,8,'[1:5:4:1]','Downlights','Dimmer',0,246,170),(18,8,'[1:5:4:4]','Sconces','Dimmer',0,344,187),(19,8,'[1:8:1:5]','Shower','Dimmer',0,157,94),(20,9,'[1:5:3:2]','Downlights','Dimmer',0,246,166),(21,9,'[1:5:3:3]','Outlets','Dimmer',0,227,276),(22,9,'[1:5:4:6]','Wet Bar Pucks','Dimmer',0,185,64),(23,9,'[1:5:4:2]','Closet Track Lights','Dimmer',0,124,262),(24,2,'[1:8:1:2]','Downlights','Dimmer',0,188,109),(25,4,'[1:5:1:5]','Downlights','Dimmer',0,166,217),(26,4,'[1:5:1:4]','Sconce','Dimmer',0,277,216),(27,4,'[1:5:1:6]','Shower','Dimmer',0,187,58),(28,9,'[1:5:3:1]','Stairwell Downlights','Dimmer',0,27,259),(29,4,'[1:8:1:6]','Fan','Switch',0,210,140),(30,7,'[1:8:1:7]','Exhaust Fan','Switch',0,220,161),(31,8,'[1:8:1:8]','Exhaust Fan','Switch',0,147,160),(32,3,'[1:4:1:5]','Roman Shade','Shade',1,147,0),(33,5,'[1:4:1:2]','Drapery Track','Shade',1,356,84),(34,5,'[1:4:1:1]','Roman Shade','Shade',1,248,14),(35,9,'[1:4:1:3]','Window Drapery','Shade',1,271,0),(36,9,'[1:4:1:4]','Door Drapery','Shade',1,348,79),(37,1,'[1:5:2:1]','Art Spot','Dimmer',0,303,109);
/*!40000 ALTER TABLE `light` ENABLE KEYS */;
UNLOCK TABLES;

--
-- Table structure for table `lightScene`
--

DROP TABLE IF EXISTS `lightScene`;
/*!40101 SET @saved_cs_client     = @@character_set_client */;
/*!40101 SET character_set_client = utf8 */;
CREATE TABLE `lightScene` (
  `addr` varchar(20) NOT NULL,
  `slot` int(2) NOT NULL,
  `name` varchar(30) NOT NULL,
  KEY `addr` (`addr`)
) ENGINE=MyISAM DEFAULT CHARSET=latin1;
/*!40101 SET character_set_client = @saved_cs_client */;

--
-- Dumping data for table `lightScene`
--

LOCK TABLES `lightScene` WRITE;
/*!40000 ALTER TABLE `lightScene` DISABLE KEYS */;
INSERT INTO `lightScene` VALUES ('[1:6:22]',1,'Bright'),('[1:6:22]',2,'Medium'),('[1:6:22]',3,'Dim'),('[1:6:22]',4,'Off'),('[1:6:21]',1,'Bright'),('[1:6:21]',2,'Medium'),('[1:6:21]',3,'Dim'),('[1:6:21]',4,'Off'),('[1:6:20]',1,'Bright'),('[1:6:20]',2,'Medium'),('[1:6:20]',3,'Dim'),('[1:6:20]',4,'Off'),('[1:6:19]',1,'Bright'),('[1:6:19]',2,'Medium'),('[1:6:19]',3,'Dim'),('[1:6:19]',4,'Off'),('[1:6:14]',1,'Bright'),('[1:6:14]',2,'Medium'),('[1:6:14]',3,'Dim'),('[1:6:14]',4,'Off'),('[1:6:15]',1,'Bright'),('[1:6:15]',2,'Medium'),('[1:6:15]',3,'Dim'),('[1:6:15]',4,'Off'),('[1:6:16]',1,'Bright'),('[1:6:16]',2,'Medium'),('[1:6:16]',3,'Dim'),('[1:6:16]',4,'Off'),('[1:6:17]',1,'Bright'),('[1:6:17]',2,'Medium'),('1:6:17',3,'Dim'),('1:6:17',4,'Off'),('1:6:18',3,'Dim'),('1:6:18',2,'Medium'),('1:6:18',1,'Bright'),('1:6:18',4,'Off');
/*!40000 ALTER TABLE `lightScene` ENABLE KEYS */;
UNLOCK TABLES;

--
-- Table structure for table `localSrc`
--

DROP TABLE IF EXISTS `localSrc`;
/*!40101 SET @saved_cs_client     = @@character_set_client */;
/*!40101 SET character_set_client = utf8 */;
CREATE TABLE `localSrc` (
  `room` smallint(2) NOT NULL DEFAULT '0',
  `vi` smallint(2) NOT NULL DEFAULT '0',
  `tv_input` smallint(2) NOT NULL DEFAULT '0',
  `amp_input` varchar(20) NOT NULL DEFAULT '',
  `desc` varchar(30) DEFAULT NULL
) ENGINE=MyISAM DEFAULT CHARSET=latin1;
/*!40101 SET character_set_client = @saved_cs_client */;

--
-- Dumping data for table `localSrc`
--

LOCK TABLES `localSrc` WRITE;
/*!40000 ALTER TABLE `localSrc` DISABLE KEYS */;
/*!40000 ALTER TABLE `localSrc` ENABLE KEYS */;
UNLOCK TABLES;

--
-- Table structure for table `mode`
--

DROP TABLE IF EXISTS `mode`;
/*!40101 SET @saved_cs_client     = @@character_set_client */;
/*!40101 SET character_set_client = utf8 */;
CREATE TABLE `mode` (
  `room` int(11) NOT NULL,
  `slot` int(11) NOT NULL,
  `local` tinyint(1) NOT NULL DEFAULT '1',
  `name` varchar(25) NOT NULL,
  `LSIP_when` varchar(250) DEFAULT NULL,
  `LSIP_exc` varchar(250) NOT NULL DEFAULT 'F',
  `LSIP_main` varchar(10000) NOT NULL,
  `override` tinyint(1) NOT NULL DEFAULT '0'
) ENGINE=MyISAM DEFAULT CHARSET=latin1;
/*!40101 SET character_set_client = @saved_cs_client */;

--
-- Dumping data for table `mode`
--

LOCK TABLES `mode` WRITE;
/*!40000 ALTER TABLE `mode` DISABLE KEYS */;
INSERT INTO `mode` VALUES (1,1,1,'Leave','','F','@audioSrc`1`0',0),(2,1,1,'Leave','','F','@audioSrc`2`0',0),(3,1,1,'Leave','','F','@audioSrc`3`0',0),(4,1,1,'Leave','','F','@audioSrc`4`0',0),(5,1,1,'Leave','','F','@roomLightScene`5`4~@singleLight`3`0`2~@singleLight`15`0`2~@singleLight`16`0`2~@singleLight`33`0`0~@singleLight`34`0`0~@videoSrc`5`0~@audioSrc`5`0',0),(6,1,1,'Leave','','F','@audioSrc`6`0',0),(7,1,1,'Leave','','F','@audioSrc`7`0',0),(8,1,1,'Leave','','F','@audioSrc`8`0',0),(9,1,1,'Leave','','F','@singleLight`35`0`0~@singleLight`36`0`0~@audioSrc`9`0',0),(1,11,0,'Away','','F','@singleLight`1`0`2~@singleLight`2`0`2~@singleLight`4`0`2~@singleLight`37`0`2~@audioSrc`1`0',1),(2,11,0,'Away','','F','@singleLight`24`0`2~@audioSrc`2`0',1),(3,11,0,'Away','','F','@singleLight`11`0`2~@singleLight`12`0`2~@singleLight`13`0`2~@singleLight`14`0`2',1),(4,11,0,'Away','','F','@singleLight`25`0`2~@singleLight`26`0`2~@singleLight`27`0`2~@singleLight`29`0`0~@audioSrc`4`0',1),(5,11,0,'Away','','F','@singleLight`3`0`2~@singleLight`15`0`2~@singleLight`16`0`2~@videoSrc`5`0~@audioSrc`5`0',1),(6,11,0,'Away','','F','@singleLight`8`0`2~@singleLight`9`0`2~@audioSrc`6`0',1),(7,11,0,'Away','','F','@singleLight`5`0`2~@singleLight`6`0`2~@singleLight`7`0`2~@singleLight`30`0`0',1),(8,11,0,'Away','','F','@singleLight`17`0`2~@singleLight`18`0`2~@singleLight`19`0`2~@singleLight`31`0`0~@audioSrc`8`0',1),(9,11,0,'Away','','F','@singleLight`20`0`2~@singleLight`21`0`2~@singleLight`22`0`2~@singleLight`23`0`2~@singleLight`28`0`2~@audioSrc`9`0',1),(1,2,1,'Tstat Cool Setpoint 68','T20:00','F','@roomTemp`1`0`68`3',0),(1,3,1,'Tstat Cool Setpoint 72','T04:00','F','@roomTemp`1`0`72`3',0),(1,6,0,'Party','','F','@singleLight`1`100`2~@singleLight`2`100`2~@singleLight`4`100`2~@singleLight`37`100`2~@audioSrc`1`1',1),(2,6,0,'Party','','F','@singleLight`24`100`2~@audioSrc`2`1',1),(3,6,0,'Party','','F','@singleLight`11`100`2~@singleLight`12`100`2~@singleLight`13`100`2~@singleLight`14`100`2',1),(4,6,0,'Party','','F','@singleLight`25`100`2~@singleLight`26`100`2~@singleLight`27`100`2~@audioSrc`4`1',1),(5,6,0,'Party','','F','@singleLight`3`100`2~@singleLight`15`100`2~@singleLight`16`100`2~@audioSrc`5`1',1),(6,6,0,'Party','','F','@singleLight`8`100`2~@singleLight`9`100`2~@audioSrc`6`1',1),(7,6,0,'Party','','F','@singleLight`5`100`2~@singleLight`6`100`2~@singleLight`7`100`2~@audioSrc`7`1',1),(8,6,0,'Party','','F','@singleLight`17`100`2~@singleLight`18`100`2~@singleLight`19`100`2~@audioSrc`8`1',1),(9,6,0,'Party','','F','@singleLight`20`100`2~@singleLight`21`100`2~@singleLight`22`100`2~@singleLight`23`100`2~@singleLight`28`100`2~@audioSrc`9`1',1),(3,5,1,'Cook','','F','@singleLight`11`100`2~@singleLight`12`100`2~@singleLight`13`100`2~@singleLight`14`100`2',0),(1,7,0,'Soothe','','F','@audioSrc`1`5',1),(2,7,0,'Soothe','','F','@changeChannel`1`5`2~@audioSrc`2`5',1),(3,7,0,'Soothe','','F','@singleLight`11`88`2~@singleLight`12`55`2~@singleLight`13`55`2~@singleLight`14`55`2~@changeChannel`1`5`2',1),(4,7,0,'Soothe','','F','@audioSrc`4`5',1),(5,7,0,'Soothe','','F','@singleLight`3`33`2~@singleLight`15`68`2~@singleLight`16`48`2~@changeChannel`1`5`2~@audioSrc`5`5',1),(6,7,0,'Soothe','','F','@audioSrc`6`5~@changeChannel`1`5`2',1),(7,7,0,'Soothe','','F','@changeChannel`1`5`2',1),(8,7,0,'Soothe','','F','@audioSrc`8`5',1),(9,7,0,'Soothe','','F','@changeChannel`1`5`2~@audioSrc`9`5',1),(1,8,0,'Lounge','','F','@singleLight`1`43`2~@singleLight`2`43`2~@singleLight`4`43`2~@singleLight`37`43`2~@audioSrc`1`5',1),(2,8,0,'Lounge','','F','@singleLight`24`54`2~@changeChannel`1`5`3~@audioSrc`2`5',1),(3,8,0,'Lounge','','F','@singleLight`11`88`2~@singleLight`12`55`2~@singleLight`13`55`2~@singleLight`14`55`2~@singleLight`32`0`0~@changeChannel`1`5`3',1),(4,8,0,'Lounge','','F','@singleLight`25`50`2~@singleLight`26`25`2~@singleLight`27`49`2~@singleLight`29`0`0~@audioSrc`4`5',1),(5,8,0,'Lounge','','F','@singleLight`3`33`2~@singleLight`15`68`2~@singleLight`16`48`2~@singleLight`33`0`0~@singleLight`34`0`0~@changeChannel`1`5`3~@audioSrc`5`5',1),(6,8,0,'Lounge','','F','@singleLight`8`20`2~@singleLight`9`33`2~@audioSrc`6`5~@changeChannel`1`5`3',1),(7,8,0,'Lounge','','F','@singleLight`5`29`2~@singleLight`6`33`2~@singleLight`7`28`2~@singleLight`30`0`0~@changeChannel`1`5`3',1),(8,8,0,'Lounge','','F','@singleLight`17`33`2~@singleLight`18`0`2~@singleLight`19`25`2~@singleLight`31`0`0~@audioSrc`8`5',1),(9,8,0,'Lounge','','F','@singleLight`20`45`2~@singleLight`21`55`2~@singleLight`22`53`2~@singleLight`23`0`2~@singleLight`28`24`2~@changeChannel`1`5`3~@audioSrc`9`5',1),(1,9,0,'Healing','','F','@audioSrc`1`5',1),(2,9,0,'Healing','','F','@changeChannel`1`5`4~@audioSrc`2`5',1),(3,9,0,'Healing','','F','@singleLight`11`88`2~@singleLight`12`55`2~@singleLight`13`55`2~@singleLight`14`55`2~@changeChannel`1`5`4',1),(4,9,0,'Healing','','F','@audioSrc`4`5',1),(5,9,0,'Healing','','F','@singleLight`3`33`2~@singleLight`15`68`2~@singleLight`16`48`2~@changeChannel`1`5`4~@audioSrc`5`5',1),(6,9,0,'Healing','','F','@audioSrc`6`5~@changeChannel`1`5`4',1),(7,9,0,'Healing','','F','@changeChannel`1`5`4',1),(8,9,0,'Healing','','F','@audioSrc`8`5',1),(9,9,0,'Healing','','F','@changeChannel`1`5`4~@audioSrc`9`5',1),(5,2,1,'Daytime TV','','F','@singleLight`3`100`2~@singleLight`15`100`2~@singleLight`16`100`2~@singleLight`33`100`0~@singleLight`34`90`0~@videoSrc`5`1~@changeChannel`2`1`9',0),(5,3,1,'Night TV','','F','@singleLight`3`36`2~@singleLight`15`70`2~@singleLight`16`43`2~@videoSrc`5`1~@changeChannel`2`1`128',0),(1,10,0,'Inspire','','F','',1),(2,10,0,'Inspire','','F','',1),(3,10,0,'Inspire','','F','',1),(4,10,0,'Inspire','','F','',1),(5,10,0,'Inspire','','F','@audioSrc`5`5',1),(6,10,0,'Inspire','','F','@changeChannel`1`5`5',1),(7,10,0,'Inspire','','F','',1),(8,10,0,'Inspire','','F','',1),(9,10,0,'Inspire','','F','',1),(1,12,0,'All Audio Off','T06:00','F','@audioSrc`1`0',1),(2,12,0,'All Audio Off','','F','@audioSrc`2`0',1),(3,12,0,'All Audio Off','','F','',1),(4,12,0,'All Audio Off','','F','@audioSrc`4`0',1),(5,12,0,'All Audio Off','','F','@audioSrc`5`0',1),(6,12,0,'All Audio Off','','F','@audioSrc`6`0',1),(7,12,0,'All Audio Off','','F','',1),(8,12,0,'All Audio Off','','F','@audioSrc`8`0',1),(9,12,0,'All Audio Off','','F','@audioSrc`9`0',1);
/*!40000 ALTER TABLE `mode` ENABLE KEYS */;
UNLOCK TABLES;

--
-- Table structure for table `modeLog`
--

DROP TABLE IF EXISTS `modeLog`;
/*!40101 SET @saved_cs_client     = @@character_set_client */;
/*!40101 SET character_set_client = utf8 */;
CREATE TABLE `modeLog` (
  `when` datetime NOT NULL,
  `who` varchar(25) NOT NULL,
  `room` int(11) NOT NULL,
  `slot` int(11) NOT NULL,
  `what` varchar(35) NOT NULL
) ENGINE=MyISAM DEFAULT CHARSET=latin1;
/*!40101 SET character_set_client = @saved_cs_client */;

--
-- Dumping data for table `modeLog`
--

LOCK TABLES `modeLog` WRITE;
/*!40000 ALTER TABLE `modeLog` DISABLE KEYS */;
INSERT INTO `modeLog` VALUES ('2010-03-17 17:30:01','mpullin',1,0,'Actions changed'),('2010-03-18 10:33:01','mpullin',1,0,'Actions changed'),('2010-03-18 18:00:45','mpullin',6,0,'Actions changed'),('2010-03-18 18:00:52','mpullin',7,0,'Actions changed'),('2010-03-18 18:01:00','mpullin',8,0,'Actions changed'),('2010-03-18 18:01:17','mpullin',9,0,'Actions changed'),('2010-03-18 18:01:28','mpullin',1,0,'Actions changed'),('2010-03-18 18:01:35','mpullin',2,0,'Actions changed'),('2010-03-18 18:01:51','mpullin',3,0,'Actions changed'),('2010-03-18 18:01:57','mpullin',4,0,'Actions changed'),('2010-03-18 18:02:20','mpullin',5,0,'Actions changed'),('2010-05-27 10:07:16','mpullin',6,0,'Actions changed'),('2010-06-21 09:59:50','jplatt',1,0,'Actions changed'),('2010-06-21 10:00:16','jplatt',1,0,'Actions changed'),('2010-06-21 10:00:40','jplatt',1,0,'Schedule changed'),('2010-06-21 10:01:13','jplatt',1,0,'Schedule changed'),('2010-06-29 13:22:41','jplatt',1,0,'Actions changed'),('2010-06-29 13:23:44','jplatt',0,0,'Reordered Modes'),('2010-06-29 13:25:41','jplatt',1,0,'Actions changed'),('2010-06-29 13:27:25','jplatt',1,1,'Actions changed'),('2010-06-29 13:30:42','jplatt',1,0,'Override: 1'),('2010-06-29 13:30:46','jplatt',1,1,'Override: 1'),('2010-06-29 13:31:15','jplatt',1,0,'Actions changed'),('2010-06-29 13:48:25','mpullin',1,0,'Actions changed'),('2010-07-29 08:47:42','[touchpanel]',1,0,'Schedule changed'),('2010-07-29 09:11:45','cweldy',3,0,'Actions changed'),('2010-07-29 09:12:16','cweldy',3,0,'Reordered Modes'),('2010-07-29 14:21:43','ewolfram',1,0,'Actions changed'),('2010-09-03 08:09:09','jplatt',1,1,'Actions changed'),('2010-09-03 08:09:29','jplatt',1,1,'Actions changed'),('2010-09-03 08:09:51','jplatt',1,1,'Actions changed'),('2010-09-03 08:11:51','jplatt',1,1,'Actions changed'),('2010-09-03 08:12:16','jplatt',1,1,'Actions changed'),('2010-09-03 08:13:19','jplatt',1,1,'Actions changed'),('2010-09-03 08:23:54','jplatt',1,1,'Actions changed'),('2010-09-03 09:24:42','jplatt',5,0,'Deleted'),('2010-09-03 09:24:46','jplatt',5,0,'Deleted'),('2010-09-03 09:27:57','jplatt',5,0,'Actions changed'),('2010-09-03 09:29:41','jplatt',5,0,'Actions changed'),('2010-09-03 09:32:34','jplatt',5,0,'Actions changed'),('2010-09-03 11:04:53','mpullin',2,0,'Actions changed'),('2010-09-03 11:05:23','mpullin',2,0,'Actions changed'),('2010-09-03 11:34:47','jplatt',5,0,'Actions changed'),('2010-09-03 11:35:50','jplatt',5,0,'Actions changed'),('2010-09-03 11:36:02','jplatt',5,0,'Actions changed'),('2010-09-03 12:00:50','jplatt',5,0,'Actions changed'),('2010-09-03 12:01:05','jplatt',5,0,'Actions changed'),('2010-09-03 13:06:53','jplatt',5,0,'Actions changed'),('2010-09-03 13:10:31','jplatt',0,0,'Reordered Modes'),('2010-09-03 13:38:07','jplatt',1,11,'Actions changed'),('2010-09-03 13:43:04','jplatt',1,11,'Actions changed'),('2010-09-03 13:43:15','jplatt',1,11,'Actions changed'),('2010-09-03 13:44:04','jplatt',1,11,'Actions changed'),('2010-09-03 13:45:41','jplatt',1,12,'Actions changed'),('2010-09-03 13:46:18','jplatt',1,12,'Actions changed'),('2010-09-03 13:50:07','jplatt',1,12,'Actions changed'),('2010-09-03 13:50:24','jplatt',1,12,'Deleted'),('2010-09-03 14:17:45','jplatt',1,11,'Actions changed'),('2010-09-03 14:18:02','jplatt',1,6,'Actions changed'),('2010-09-04 21:06:18','[touchpanel]',1,7,'Schedule changed'),('2010-09-10 08:41:19','jplatt',1,8,'Actions changed'),('2010-09-10 08:41:54','jplatt',1,7,'Override: 1'),('2010-09-10 08:42:07','jplatt',1,8,'Override: 1'),('2010-09-10 08:42:13','jplatt',1,9,'Override: 1'),('2010-09-10 08:42:17','jplatt',1,10,'Override: 1'),('2010-09-10 10:34:33','jplatt',1,2,'Schedule changed'),('2010-10-15 09:35:11','mschwartz',1,7,'Actions changed'),('2010-10-15 09:35:33','mschwartz',1,8,'Actions changed'),('2010-10-15 09:35:53','mschwartz',1,9,'Actions changed'),('2010-10-15 09:36:09','mschwartz',1,10,'Actions changed'),('2010-10-16 09:17:27','mschwartz',1,11,'Actions changed'),('2010-10-29 13:02:03','jplatt',1,12,'Actions changed'),('2010-10-29 13:03:42','jplatt',1,12,'Actions changed'),('2010-10-29 13:04:04','jplatt',1,12,'Override: 1'),('2010-10-29 13:04:17','jplatt',1,12,'Override: 1'),('2010-10-29 13:04:28','jplatt',1,12,'Schedule changed'),('2010-10-29 14:59:11','jplatt',1,7,'Actions changed'),('2010-10-29 15:01:31','jplatt',1,8,'Actions changed'),('2010-10-29 15:03:00','jplatt',1,9,'Actions changed'),('2010-10-29 15:21:11','jplatt',1,8,'Actions changed'),('2010-10-29 15:22:26','jplatt',1,8,'Actions changed'),('2011-02-11 10:20:37','mschwartz',1,11,'Actions changed'),('2012-05-23 19:42:14','[touchpanel]',1,7,'Schedule changed'),('2013-02-19 16:54:26','bwakefield',1,11,'Actions changed');
/*!40000 ALTER TABLE `modeLog` ENABLE KEYS */;
UNLOCK TABLES;

--
-- Table structure for table `monitoring`
--

DROP TABLE IF EXISTS `monitoring`;
/*!40101 SET @saved_cs_client     = @@character_set_client */;
/*!40101 SET character_set_client = utf8 */;
CREATE TABLE `monitoring` (
  `index` smallint(6) NOT NULL,
  `name` varchar(50) DEFAULT 'Something',
  `type` varchar(1) NOT NULL,
  `addr` varchar(15) NOT NULL,
  `sub_addr` varchar(100) DEFAULT NULL,
  KEY `index` (`index`)
) ENGINE=MyISAM DEFAULT CHARSET=latin1;
/*!40101 SET character_set_client = @saved_cs_client */;

--
-- Dumping data for table `monitoring`
--

LOCK TABLES `monitoring` WRITE;
/*!40000 ALTER TABLE `monitoring` DISABLE KEYS */;
/*!40000 ALTER TABLE `monitoring` ENABLE KEYS */;
UNLOCK TABLES;

--
-- Table structure for table `monitoringLog`
--

DROP TABLE IF EXISTS `monitoringLog`;
/*!40101 SET @saved_cs_client     = @@character_set_client */;
/*!40101 SET character_set_client = utf8 */;
CREATE TABLE `monitoringLog` (
  `when` datetime NOT NULL,
  `what` smallint(6) NOT NULL,
  `data` varchar(10) NOT NULL DEFAULT '0'
) ENGINE=MyISAM DEFAULT CHARSET=latin1;
/*!40101 SET character_set_client = @saved_cs_client */;

--
-- Dumping data for table `monitoringLog`
--

LOCK TABLES `monitoringLog` WRITE;
/*!40000 ALTER TABLE `monitoringLog` DISABLE KEYS */;
/*!40000 ALTER TABLE `monitoringLog` ENABLE KEYS */;
UNLOCK TABLES;

--
-- Table structure for table `occupancySensor`
--

DROP TABLE IF EXISTS `occupancySensor`;
/*!40101 SET @saved_cs_client     = @@character_set_client */;
/*!40101 SET character_set_client = utf8 */;
CREATE TABLE `occupancySensor` (
  `index` int(11) NOT NULL,
  `name` varchar(30) NOT NULL DEFAULT 'A Sensor',
  `LSIP_Occ` varchar(256) NOT NULL DEFAULT '{[@doNothing`]}',
  `LSIP_Unocc` varchar(256) NOT NULL DEFAULT '{[@doNothing`]}'
) ENGINE=MyISAM DEFAULT CHARSET=latin1;
/*!40101 SET character_set_client = @saved_cs_client */;

--
-- Dumping data for table `occupancySensor`
--

LOCK TABLES `occupancySensor` WRITE;
/*!40000 ALTER TABLE `occupancySensor` DISABLE KEYS */;
/*!40000 ALTER TABLE `occupancySensor` ENABLE KEYS */;
UNLOCK TABLES;

--
-- Table structure for table `phone`
--

DROP TABLE IF EXISTS `phone`;
/*!40101 SET @saved_cs_client     = @@character_set_client */;
/*!40101 SET character_set_client = utf8 */;
CREATE TABLE `phone` (
  `mac_addr` varchar(12) NOT NULL DEFAULT '1A1A1A1A1A1A',
  `ip_addr` varchar(15) NOT NULL DEFAULT '10.1.10.94',
  `model_name` varchar(20) NOT NULL DEFAULT 'snom820',
  `install_loc` varchar(30) NOT NULL DEFAULT 'Somewhere',
  `default_room` int(11) NOT NULL DEFAULT '1',
  `rooms_control` varchar(255) NOT NULL DEFAULT '1.2.3',
  `house_control` tinyint(1) NOT NULL DEFAULT '1',
  `mutes_audio` tinyint(1) NOT NULL DEFAULT '1',
  `obeys_dnd` tinyint(1) NOT NULL DEFAULT '1'
) ENGINE=MyISAM DEFAULT CHARSET=latin1;
/*!40101 SET character_set_client = @saved_cs_client */;

--
-- Dumping data for table `phone`
--

LOCK TABLES `phone` WRITE;
/*!40000 ALTER TABLE `phone` DISABLE KEYS */;
/*!40000 ALTER TABLE `phone` ENABLE KEYS */;
UNLOCK TABLES;

--
-- Table structure for table `room`
--

DROP TABLE IF EXISTS `room`;
/*!40101 SET @saved_cs_client     = @@character_set_client */;
/*!40101 SET character_set_client = utf8 */;
CREATE TABLE `room` (
  `index` int(11) NOT NULL,
  `floor` int(11) NOT NULL DEFAULT '1',
  `name` varchar(25) NOT NULL,
  `ao` tinyint(4) DEFAULT NULL,
  `vo` tinyint(4) DEFAULT NULL,
  `tstat` tinyint(4) DEFAULT NULL,
  `vol_TURNON` smallint(3) NOT NULL DEFAULT '50',
  `vol_MAX` smallint(3) NOT NULL DEFAULT '85',
  `lutron_LightKP` varchar(20) DEFAULT NULL,
  `lutron_LSIPKP` varchar(20) DEFAULT NULL,
  `lutron_ShadeKP` varchar(20) DEFAULT NULL,
  `ao_pan` smallint(6) NOT NULL DEFAULT '0',
  `ao_eq` varchar(50) NOT NULL DEFAULT '0 0 0 0 0 0 0 0 0 0',
  `maplocX` smallint(3) NOT NULL DEFAULT '999',
  `maplocY` smallint(3) NOT NULL DEFAULT '999',
  `occupancy_sensor` smallint(6) NOT NULL DEFAULT '0',
  `amp` smallint(2) NOT NULL DEFAULT '0',
  PRIMARY KEY (`index`)
) ENGINE=MyISAM DEFAULT CHARSET=latin1;
/*!40101 SET character_set_client = @saved_cs_client */;

--
-- Dumping data for table `room`
--

LOCK TABLES `room` WRITE;
/*!40000 ALTER TABLE `room` DISABLE KEYS */;
INSERT INTO `room` VALUES (1,1,'Front Hall',1,NULL,1,30,85,'[1:6:14]','[1:6:1]',NULL,0,'0 0 0 0 0 0 0 0 0 0',999,999,0,0),(2,1,'Office',2,NULL,1,20,85,'[1:6:15]','[1:6:12]',NULL,0,'0 0 0 0 0 0 0 0 0 0',999,999,0,0),(3,1,'Kitchen',NULL,NULL,1,50,85,'[1:6:16]',NULL,NULL,0,'0 0 0 0 0 0 0 0 0 0',999,999,0,0),(4,1,'Powder Room',3,NULL,1,15,85,'[1:6:17]',NULL,NULL,0,'0 0 0 0 0 0 0 0 0 0',999,999,0,0),(5,1,'Living Room',7,1,1,90,100,'[1:6:18]',NULL,NULL,0,'0 0 0 0 0 0 0 0 0 0',999,999,0,0),(6,2,'Guest Bedroom',6,NULL,1,22,85,'[1:6:19]','[1:6:13]',NULL,0,'0 0 0 0 0 0 0 0 0 0',999,999,0,0),(7,2,'Guest Bath',NULL,NULL,1,50,85,'[1:6:20]',NULL,NULL,0,'0 0 0 0 0 0 0 0 0 0',999,999,0,0),(8,2,'Master Bath',5,NULL,1,22,85,'[1:6:21]','[1:6:11]',NULL,0,'0 0 0 0 0 0 0 0 0 0',999,999,0,0),(9,2,'Master Bedroom',4,NULL,1,15,85,'[1:6:22]',NULL,NULL,0,'0 0 0 0 0 0 0 0 0 0',999,999,0,0);
/*!40000 ALTER TABLE `room` ENABLE KEYS */;
UNLOCK TABLES;

--
-- Table structure for table `securityEvent`
--

DROP TABLE IF EXISTS `securityEvent`;
/*!40101 SET @saved_cs_client     = @@character_set_client */;
/*!40101 SET character_set_client = utf8 */;
CREATE TABLE `securityEvent` (
  `index` int(11) NOT NULL,
  `name` varchar(32) NOT NULL DEFAULT 'Event',
  `partition` int(11) NOT NULL DEFAULT '1',
  `event_data` varchar(8) NOT NULL DEFAULT '1000:???',
  `LSIP` varchar(75) NOT NULL
) ENGINE=MyISAM DEFAULT CHARSET=latin1;
/*!40101 SET character_set_client = @saved_cs_client */;

--
-- Dumping data for table `securityEvent`
--

LOCK TABLES `securityEvent` WRITE;
/*!40000 ALTER TABLE `securityEvent` DISABLE KEYS */;
INSERT INTO `securityEvent` VALUES (1,'Arm System',1,'1000:???','');
/*!40000 ALTER TABLE `securityEvent` ENABLE KEYS */;
UNLOCK TABLES;

--
-- Table structure for table `securityKeypad`
--

DROP TABLE IF EXISTS `securityKeypad`;
/*!40101 SET @saved_cs_client     = @@character_set_client */;
/*!40101 SET character_set_client = utf8 */;
CREATE TABLE `securityKeypad` (
  `index` int(11) NOT NULL,
  `name` varchar(32) NOT NULL DEFAULT 'Keypad',
  `partition` int(11) NOT NULL DEFAULT '1',
  PRIMARY KEY (`index`)
) ENGINE=MyISAM DEFAULT CHARSET=latin1;
/*!40101 SET character_set_client = @saved_cs_client */;

--
-- Dumping data for table `securityKeypad`
--

LOCK TABLES `securityKeypad` WRITE;
/*!40000 ALTER TABLE `securityKeypad` DISABLE KEYS */;
/*!40000 ALTER TABLE `securityKeypad` ENABLE KEYS */;
UNLOCK TABLES;

--
-- Table structure for table `securityPartition`
--

DROP TABLE IF EXISTS `securityPartition`;
/*!40101 SET @saved_cs_client     = @@character_set_client */;
/*!40101 SET character_set_client = utf8 */;
CREATE TABLE `securityPartition` (
  `index` int(11) NOT NULL,
  `name` varchar(30) NOT NULL DEFAULT 'Main'
) ENGINE=MyISAM DEFAULT CHARSET=latin1;
/*!40101 SET character_set_client = @saved_cs_client */;

--
-- Dumping data for table `securityPartition`
--

LOCK TABLES `securityPartition` WRITE;
/*!40000 ALTER TABLE `securityPartition` DISABLE KEYS */;
/*!40000 ALTER TABLE `securityPartition` ENABLE KEYS */;
UNLOCK TABLES;

--
-- Table structure for table `securityUser`
--

DROP TABLE IF EXISTS `securityUser`;
/*!40101 SET @saved_cs_client     = @@character_set_client */;
/*!40101 SET character_set_client = utf8 */;
CREATE TABLE `securityUser` (
  `index` int(3) NOT NULL,
  `name` varchar(30) NOT NULL DEFAULT 'Username',
  KEY `index` (`index`)
) ENGINE=MyISAM DEFAULT CHARSET=latin1;
/*!40101 SET character_set_client = @saved_cs_client */;

--
-- Dumping data for table `securityUser`
--

LOCK TABLES `securityUser` WRITE;
/*!40000 ALTER TABLE `securityUser` DISABLE KEYS */;
/*!40000 ALTER TABLE `securityUser` ENABLE KEYS */;
UNLOCK TABLES;

--
-- Table structure for table `securityZone`
--

DROP TABLE IF EXISTS `securityZone`;
/*!40101 SET @saved_cs_client     = @@character_set_client */;
/*!40101 SET character_set_client = utf8 */;
CREATE TABLE `securityZone` (
  `index` tinyint(3) NOT NULL,
  `partition` tinyint(4) NOT NULL DEFAULT '1',
  `name` varchar(40) NOT NULL,
  `type` tinyint(4) NOT NULL DEFAULT '0',
  `LSIP` varchar(100) NOT NULL,
  `floor` int(11) NOT NULL DEFAULT '1',
  `maplocX` smallint(3) NOT NULL DEFAULT '999',
  `maplocY` smallint(3) NOT NULL DEFAULT '999',
  PRIMARY KEY (`index`)
) ENGINE=MyISAM DEFAULT CHARSET=latin1;
/*!40101 SET character_set_client = @saved_cs_client */;

--
-- Dumping data for table `securityZone`
--

LOCK TABLES `securityZone` WRITE;
/*!40000 ALTER TABLE `securityZone` DISABLE KEYS */;
INSERT INTO `securityZone` VALUES (1,1,'1st Floor Entry',0,'',1,999,999),(2,1,'Front Hall',0,'',1,999,999),(3,1,'2nd Floor Entry',0,'',1,999,999),(4,1,'2nd Floor Motion',0,'',1,999,999),(5,1,'Master Bedroom Entry',0,'',1,999,999);
/*!40000 ALTER TABLE `securityZone` ENABLE KEYS */;
UNLOCK TABLES;

--
-- Table structure for table `shadeScene`
--

DROP TABLE IF EXISTS `shadeScene`;
/*!40101 SET @saved_cs_client     = @@character_set_client */;
/*!40101 SET character_set_client = utf8 */;
CREATE TABLE `shadeScene` (
  `addr` varchar(20) NOT NULL,
  `slot` int(2) NOT NULL,
  `name` varchar(30) NOT NULL
) ENGINE=MyISAM DEFAULT CHARSET=latin1;
/*!40101 SET character_set_client = @saved_cs_client */;

--
-- Dumping data for table `shadeScene`
--

LOCK TABLES `shadeScene` WRITE;
/*!40000 ALTER TABLE `shadeScene` DISABLE KEYS */;
/*!40000 ALTER TABLE `shadeScene` ENABLE KEYS */;
UNLOCK TABLES;

--
-- Table structure for table `system`
--

DROP TABLE IF EXISTS `system`;
/*!40101 SET @saved_cs_client     = @@character_set_client */;
/*!40101 SET character_set_client = utf8 */;
CREATE TABLE `system` (
  `project_name` varchar(30) DEFAULT NULL,
  `max_localModes` tinyint(4) NOT NULL DEFAULT '5',
  `max_globalModes` tinyint(4) NOT NULL DEFAULT '10',
  `max_livEvents` int(4) NOT NULL DEFAULT '5',
  `max_lights` int(3) NOT NULL DEFAULT '100',
  `max_securityZones` int(3) NOT NULL DEFAULT '50',
  `max_climateZones` int(3) NOT NULL DEFAULT '25',
  `max_water` int(3) NOT NULL DEFAULT '15',
  `override_default` tinyint(1) NOT NULL DEFAULT '0',
  `location` varchar(35) DEFAULT NULL,
  `location_lat` decimal(10,6) NOT NULL DEFAULT '41.837050',
  `location_long` decimal(10,6) NOT NULL DEFAULT '87.684960',
  `zipcode` varchar(5) NOT NULL,
  `controlSystem_TYPE` varchar(16) NOT NULL DEFAULT 'AMX',
  `climate_TYPE` varchar(6) NOT NULL DEFAULT 'APRIL',
  `controlSystem_ADDR` varchar(25) NOT NULL DEFAULT '69.211.168.243',
  `install_date` varchar(20) DEFAULT NULL,
  `version` int(1) NOT NULL DEFAULT '2',
  `HVAC_deadband` tinyint(1) NOT NULL DEFAULT '3',
  `energy_URL` varchar(50) DEFAULT NULL,
  `calendar_URL` varchar(120) DEFAULT NULL,
  `tigerpaw` int(4) DEFAULT NULL,
  `sandbox_mode` tinyint(1) NOT NULL DEFAULT '1'
) ENGINE=MyISAM DEFAULT CHARSET=latin1;
/*!40101 SET character_set_client = @saved_cs_client */;

--
-- Dumping data for table `system`
--

LOCK TABLES `system` WRITE;
/*!40000 ALTER TABLE `system` DISABLE KEYS */;
INSERT INTO `system` VALUES ('Dugan Residence',5,10,5,100,50,25,15,0,'Chicago, IL',41.904607,-87.674697,'60610','AMX','APRIL','j2851.dyndns.org','March 2010',2,5,'',NULL,NULL,0);
/*!40000 ALTER TABLE `system` ENABLE KEYS */;
UNLOCK TABLES;

--
-- Table structure for table `themes`
--

DROP TABLE IF EXISTS `themes`;
/*!40101 SET @saved_cs_client     = @@character_set_client */;
/*!40101 SET character_set_client = utf8 */;
CREATE TABLE `themes` (
  `index` tinyint(2) NOT NULL,
  `file_name` varchar(15) DEFAULT 'none',
  `english_name` varchar(15) DEFAULT NULL,
  PRIMARY KEY (`index`)
) ENGINE=MyISAM DEFAULT CHARSET=latin1;
/*!40101 SET character_set_client = @saved_cs_client */;

--
-- Dumping data for table `themes`
--

LOCK TABLES `themes` WRITE;
/*!40000 ALTER TABLE `themes` DISABLE KEYS */;
INSERT INTO `themes` VALUES (1,'bluegreen','Blue-Green'),(2,'PondSep06','Turtle Pond'),(3,'clouds','Clouds'),(4,'drops','Drops'),(5,'leaf','Leaf'),(6,'royal','Blue Wallpaper'),(7,'waves','Blue Wave'),(8,'wood','Wood'),(9,'grass','Blades of Grass');
/*!40000 ALTER TABLE `themes` ENABLE KEYS */;
UNLOCK TABLES;

--
-- Table structure for table `ui`
--

DROP TABLE IF EXISTS `ui`;
/*!40101 SET @saved_cs_client     = @@character_set_client */;
/*!40101 SET character_set_client = utf8 */;
CREATE TABLE `ui` (
  `index` int(11) NOT NULL DEFAULT '1',
  `device_number` varchar(12) NOT NULL DEFAULT '10000',
  `model_name` varchar(20) NOT NULL DEFAULT 'Touchpanel',
  `wifi` tinyint(1) NOT NULL DEFAULT '1',
  `install_loc` varchar(30) NOT NULL DEFAULT 'Somewhere',
  `default_room` int(11) NOT NULL DEFAULT '1',
  `rooms_control` varchar(255) NOT NULL DEFAULT '1.2.3',
  `house_control` tinyint(1) NOT NULL DEFAULT '1',
  `security_control` tinyint(1) NOT NULL DEFAULT '1',
  `settings_control` tinyint(1) NOT NULL DEFAULT '1',
  `caller_id_control` tinyint(1) NOT NULL DEFAULT '1'
) ENGINE=MyISAM DEFAULT CHARSET=latin1;
/*!40101 SET character_set_client = @saved_cs_client */;

--
-- Dumping data for table `ui`
--

LOCK TABLES `ui` WRITE;
/*!40000 ALTER TABLE `ui` DISABLE KEYS */;
INSERT INTO `ui` VALUES (1,'10001','MVP-5200i',1,'Front Hall',1,'1.2.3.4.5.6.7.8.9',1,1,1,1),(2,'10041','MIO-R4',1,'Master Bedroom',9,'1.2.3.4.5.6.7.8.9',1,1,1,1),(3,'33033','Phantom Touchpanel',0,'Nowhere',0,'',0,0,0,0);
/*!40000 ALTER TABLE `ui` ENABLE KEYS */;
UNLOCK TABLES;

--
-- Table structure for table `videoAvail`
--

DROP TABLE IF EXISTS `videoAvail`;
/*!40101 SET @saved_cs_client     = @@character_set_client */;
/*!40101 SET character_set_client = utf8 */;
CREATE TABLE `videoAvail` (
  `src` tinyint(4) NOT NULL,
  `room` tinyint(4) NOT NULL
) ENGINE=MyISAM DEFAULT CHARSET=latin1;
/*!40101 SET character_set_client = @saved_cs_client */;

--
-- Dumping data for table `videoAvail`
--

LOCK TABLES `videoAvail` WRITE;
/*!40000 ALTER TABLE `videoAvail` DISABLE KEYS */;
INSERT INTO `videoAvail` VALUES (3,5),(2,5),(1,5);
/*!40000 ALTER TABLE `videoAvail` ENABLE KEYS */;
UNLOCK TABLES;

--
-- Table structure for table `videoChannel`
--

DROP TABLE IF EXISTS `videoChannel`;
/*!40101 SET @saved_cs_client     = @@character_set_client */;
/*!40101 SET character_set_client = utf8 */;
CREATE TABLE `videoChannel` (
  `type` varchar(10) NOT NULL,
  `value` smallint(7) NOT NULL,
  `name` varchar(25) NOT NULL,
  `sort` tinyint(1) NOT NULL DEFAULT '9',
  `description` varchar(40) DEFAULT NULL
) ENGINE=MyISAM DEFAULT CHARSET=latin1;
/*!40101 SET character_set_client = @saved_cs_client */;

--
-- Dumping data for table `videoChannel`
--

LOCK TABLES `videoChannel` WRITE;
/*!40000 ALTER TABLE `videoChannel` DISABLE KEYS */;
INSERT INTO `videoChannel` VALUES ('Uverse',2,'2WBBM',1,'WBBM-2 (CBS)'),('Uverse',3,'3HSN',1,'Home Shopping Network (HSN)'),('Uverse',4,'4QVC',1,'QVC'),('Uverse',5,'5WMAQ',1,'WMAQ-5 (NBC)'),('Uverse',6,'6WGBO',1,'WGBO-66 (UNI)'),('Uverse',7,'7WLS',1,'WLS-7 (ABC)'),('Uverse',8,'8WPWR',1,'WPWR-50 (MY NETWORK TV)'),('Uverse',9,'9WGN9',1,'WGN-9 (THE CW)'),('Uverse',10,'10WCIU',1,'WCIU-26 (Ind.)'),('Uverse',11,'11WTTW',1,'WTTW-11 (PBS)'),('Uverse',12,'12WFLD',1,'WFLD-32 (Fox)'),('Uverse',13,'13WOCKCD',1,'WOCK-CD-13 (MEGA TV)'),('Uverse',16,'16WXFT',1,'WXFT-60 (TF)'),('Uverse',20,'20WYCC',1,'WYCC-20 (PBS)'),('Uverse',23,'23WWME',1,'WWME-23 (Ind.)'),('Uverse',35,'35TBN',1,'TBN - Trinity Broadcasting Network'),('Uverse',38,'38WCPX',1,'WCPX-38 (ION)'),('Uverse',41,'41WOCH',1,'WOCH-41 (KBS)'),('Uverse',44,'44WSNS',1,'WSNS-44 (TEL)'),('Uverse',48,'48WMEU',1,'WMEU-48 (Ind.)'),('Uverse',56,'56WYIN',1,'WYIN-56 (PBS)'),('Uverse',61,'61WCHU',1,'WCHU-61 (AZTECA)'),('Uverse',62,'62WJYS',1,'WJYS-62 (Ind.)'),('Uverse',82,'82USHOP5',1,'AT&T U-verse Shopping 5'),('Uverse',84,'84USHOP1',1,'AT&T U-verse Shopping 1'),('Uverse',99,'99APP',1,'PEG - Public Education and Government'),('Uverse',99,'99APP',1,'PEG - Public Education and Government'),('Uverse',100,'100FRTROW',1,'AT&T U-verse Front Row'),('Uverse',102,'102PPV1',1,'AT&T Pay Per View Events'),('Uverse',103,'103PPV2',1,'PPV2'),('Uverse',106,'106PPV HD',1,'PPV HD'),('Uverse',107,'107PPV2 HD',1,'PPV2 HD'),('Uverse',108,'108TNT',1,'TNT (Turner Network Television)'),('Uverse',109,'109TNT-W',1,'TNT (Turner Network Television) - West'),('Uverse',112,'112TBS',1,'TBS'),('Uverse',113,'113TBS-W',1,'TBS - West'),('Uverse',120,'120DSC',1,'Discovery Channel'),('Uverse',124,'124USA',1,'USA Network'),('Uverse',128,'128FX',1,'FX Network'),('Uverse',134,'134E!',1,'E! Entertainment Television'),('Uverse',138,'138TVLD',1,'TV Land'),('Uverse',140,'140COM',1,'Comedy Central'),('Uverse',145,'145SPKE',1,'Spike TV'),('Uverse',149,'149G4',1,'G4'),('Uverse',151,'151Syfy',1,'Syfy'),('Uverse',153,'153CHILL',1,'Chiller'),('Uverse',155,'155BET',1,'BET (Black Entertainment Television)'),('Uverse',157,'157TV 1',1,'TV One'),('Uverse',161,'161SLEUTH',1,'Sleuth'),('Uverse',163,'163CIN',1,'Crime & Investigation Network'),('Uverse',164,'164TRU',1,'truTV'),('Uverse',165,'165TRU-W',1,'truTV - West'),('Uverse',166,'166A&E',1,'A&E'),('Uverse',173,'173GSN',1,'GSN - The Network for Games'),('Uverse',178,'178FAM',1,'ABC Family Channel'),('Uverse',181,'181BRAVO',1,'Bravo'),('Uverse',183,'183LOGO',1,'LOGO'),('Uverse',188,'188BBCA',1,'BBC America'),('Uverse',189,'189CURNT',1,'Current TV'),('Uverse',192,'192MUN2',1,'mun2'),('Uverse',194,'194SiTV',1,'Si TV'),('Uverse',197,'197JWLTV',1,'Jewelry Television'),('Uverse',198,'198USHOP4',1,'AT&T U-verse Shopping 4'),('Uverse',200,'200THEATR',1,'AT&T U-verse Theatre'),('Uverse',202,'202CNN',1,'CNN (Cable News Network)'),('Uverse',203,'203HLN',1,'CNN Headline News'),('Uverse',205,'205CNNI',1,'CNNI (CNN International)'),('Uverse',210,'210FNC',1,'FOX News Channel'),('Uverse',211,'211FBN',1,'Fox Business Network'),('Uverse',215,'215msnbc',1,'MSNBC'),('Uverse',216,'216CNBC',1,'CNBC'),('Uverse',217,'217CNBCW',1,'CNBC World'),('Uverse',222,'222BLOOM',1,'Bloomberg Television'),('Uverse',225,'225TWC',1,'The Weather Channel'),('Uverse',230,'230CSPAN1',1,'C-SPAN'),('Uverse',231,'231CSPAN2',1,'C-SPAN2'),('Uverse',232,'232CSPAN3',1,'C-SPAN3'),('Uverse',243,'243ABCNN',1,'ABC News Now'),('Uverse',247,'247USHOP2',1,'AT&T U-verse Shopping 2'),('Uverse',250,'250TLC',1,'The Learning Channel (TLC)'),('Uverse',252,'252APL',1,'Animal Planet'),('Uverse',254,'254TRVL',1,'Travel Channel'),('Uverse',256,'256DHC',1,'Discovery Health'),('Uverse',258,'258SCI',1,'Science Channel'),('Uverse',259,'259MILT',1,'Military Channel'),('Uverse',260,'260ID',1,'Investigation Discovery'),('Uverse',264,'264NASA',1,'NASA TV'),('Uverse',265,'265NGC',1,'National Geographic Channel'),('Uverse',266,'266NGW',1,'Nat Geo WILD'),('Uverse',270,'270HIST',1,'History'),('Uverse',272,'272BIO',1,'BIO'),('Uverse',274,'274HIS-I',1,'History International'),('Uverse',276,'276MHC',1,'Military History Channel'),('Uverse',300,'300BUZZ',1,'AT&T U-verse Buzz'),('Uverse',302,'302DIS',1,'Disney Channel'),('Uverse',204,'304DISXD',1,'Disney XD'),('Uverse',314,'314NICK',1,'Nickelodeon'),('Uverse',315,'315NICK2',1,'Nick2'),('Uverse',316,'316NKTN',1,'Nicktoons'),('Uverse',320,'320NKJR',1,'Nick Jr.'),('Uverse',322,'322TNCK',1,'TeenNick'),('Uverse',325,'325TOON',1,'Cartoon Network'),('Uverse',326,'326TOON-W',1,'Cartoon Network - West'),('Uverse',327,'327BOOM',1,'Boomerang'),('Uverse',328,'328qubo',1,'qubo'),('Uverse',335,'335DKIDS',1,'Discovery Kids'),('Uverse',337,'337SPROUT',1,'PBS Kids Sprout'),('Uverse',340,'340SMILE',1,'Smile of a Child TV'),('Uverse',360,'360LIFE',1,'Lifetime Television'),('Uverse',362,'362LMN',1,'Lifetime Movie Network'),('Uverse',364,'364LRW',1,'Lifetime Real Women'),('Uverse',365,'365SOAP',1,'SOAPnet'),('Uverse',368,'368OXGN',1,'Oxygen'),('Uverse',372,'372WE',1,'We (Womens Entertainment)'),('Uverse',380,'380STYLE',1,'Style Network'),('Uverse',399,'399USHOP3',1,'AT&T U-verse Shopping 3'),('Uverse',400,'400ATTN',1,'Customer Notification'),('Uverse',420,'420QVC',1,'QVC'),('Uverse',422,'422HSN',1,'Home Shopping Network (HSN)'),('Uverse',424,'424SHPNBC',1,'ShopNBC'),('Uverse',428,'428JWLTV',1,'Jewelry Television'),('Uverse',429,'429USHOP4',1,'AT&T U-verse Shopping 4'),('Uverse',450,'450HGTV',1,'Home & Garden Television (HGTV)'),('Uverse',452,'452FOOD',1,'Food Network'),('Uverse',454,'454DIY',1,'DIY Network (Do-It-Yourself Network)'),('Uverse',456,'456COOK',1,'Cooking Channel'),('Uverse',465,'465GRN',1,'Planet Green'),('Uverse',466,'466FIT TV',1,'fit tv'),('Uverse',468,'468ION L',1,'ION Life'),('Uverse',470,'470WEALTH',1,'Wealth TV'),('Uverse',502,'502MTV',1,'MTV (Music Television)'),('Uverse',504,'504MTV2',1,'MTV2'),('Uverse',506,'506MTV3',1,'MTV Tr3s'),('Uverse',508,'508MTVJ',1,'MTV Jams'),('Uverse',509,'509MTVH',1,'MTV Hits'),('Uverse',510,'510MTVU',1,'mtvU'),('Uverse',515,'515CENTRC',1,'Centric'),('Uverse',516,'516BETG',1,'BET Gospel'),('Uverse',518,'518VH1',1,'VH1'),('Uverse',520,'520VH1C',1,'VH1 Classic'),('Uverse',521,'521VH1S',1,'VH1 Soul'),('Uverse',525,'525CMT',1,'CMT (Country Music Television)'),('Uverse',527,'527CMT PC',1,'CMT Pure Country'),('Uverse',529,'529GAC',1,'Great American Country (GAC)'),('Uverse',535,'535FUSE',1,'fuse'),('Uverse',536,'536FUEL',1,'FUEL TV'),('Uverse',560,'560TBN',1,'TBN - Trinity Broadcasting Network'),('Uverse',562,'562EWTN',1,'Eternal Word Television Network (EWTN)'),('Uverse',563,'563DAYSTR',1,'Daystar'),('Uverse',564,'564INSP',1,'INSP (Inspiration Network)'),('Uverse',565,'565TCC',1,'The Church Channel'),('Uverse',566,'566FAMNET',1,'FamilyNet'),('Uverse',567,'567BYU',1,'BYU'),('Uverse',570,'570JCTV',1,'JCTV'),('Uverse',575,'575WORD',1,'The Word Network'),('Uverse',578,'578WHT',1,'World Harvest Television'),('Uverse',600,'600SPORTS',1,'AT&T U-verse Sports'),('Uverse',602,'602ESPN',1,'ESPN'),('Uverse',603,'603ECL',1,'ESPN Classic'),('Uverse',604,'604ESN',1,'ESPNEWS'),('Uverse',605,'605ESPU',1,'ESPNU'),('Uverse',606,'606ESPN2',1,'ESPN2'),('Uverse',630,'630NFLNet',1,'NFL Network'),('Uverse',638,'638NHL',1,'NHL Network'),('Uverse',640,'640VERSUS',1,'VERSUS'),('Uverse',641,'641GOLF',1,'Golf Channel'),('Uverse',642,'642SPMN',1,'Sportsman Channel'),('Uverse',643,'643CBSCS',1,'CBS College Sports Network'),('Uverse',647,'647FCSA',1,'Fox College Sports - Atlantic'),('Uverse',648,'648FCSC',1,'Fox College Sports - Central'),('Uverse',649,'649FCSP',1,'Fox College Sports - Pacific'),('Uverse',650,'650BTN',1,'Big Ten Network'),('Uverse',652,'652SPEED',1,'Speed Channel'),('Uverse',654,'654FSC',1,'Fox Soccer Channel'),('Uverse',655,'655FSE',1,'Fox Sports en Espanol'),('Uverse',656,'656GOL TV',1,'GolTV'),('Uverse',660,'660TENNIS',1,'The Tennis Channel'),('Uverse',661,'661LMV1',1,'Live Multiview Alternate 1'),('Uverse',662,'662LMV2',1,'Live Multiview Alternate 2'),('Uverse',663,'663LMV3',1,'Live Multiview Alternate 3'),('Uverse',664,'664LMV4',1,'Live Multiview Alternate 4'),('Uverse',665,'665LMV5',1,'Live Multiview Alternate 5'),('Uverse',670,'670TVG',1,'TVG Network'),('Uverse',672,'672HRTV',1,'HRTV'),('Uverse',680,'680OUT',1,'Outdoor Channel'),('Uverse',691,'691ALT1',1,'Sports Alternate 1'),('Uverse',692,'692ALT2',1,'Sports Alternate 2'),('Uverse',693,'693ALT3',1,'Sports Alternate 3'),('Uverse',694,'694ALT4',1,'Sports Alternate 4'),('Uverse',695,'695ALT5',1,'Sports Alternate 5'),('Uverse',696,'696ALT6',1,'Sports Alternate 6'),('Uverse',698,'698ALT8',1,'Sports Alternate 8'),('Uverse',702,'702YES',1,'YES Network'),('Uverse',704,'704SNNY',1,'SportsNet New York'),('Uverse',720,'720FSFL',1,'FSN Florida'),('Uverse',722,'722SUN',1,'Sun Sports'),('Uverse',724,'724FSS',1,'FSN South'),('Uverse',729,'729SPTSO',1,'SportSouth'),('Uverse',730,'730FSP',1,'FSN Pittsburgh'),('Uverse',732,'732FSOHCI',1,'FSN Ohio-Cincinnati'),('Uverse',734,'734FSOHCL',1,'FSN Ohio-Cleveland'),('Uverse',735,'735STO',1,'SportsTime Ohio'),('Uverse',737,'737FSD',1,'FSN Detroit'),('Uverse',741,'741CSN',1,'Comcast SportsNet Chicago'),('Uverse',742,'742CSNCa',1,'Comcast SportsNet Chicago Alternate'),('Uverse',744,'744FSN',1,'FSN North'),('Uverse',748,'748FSMW-S',1,'FSN Midwest - St Louis'),('Uverse',753,'753FSSW-D',1,'FSN Southwest - Dallas'),('Uverse',760,'760FSRM',1,'FSN Rocky Mountain'),('Uverse',762,'762FSAZ',1,'FSN Arizona'),('Uverse',764,'764FSNW',1,'FSN Northwest'),('Uverse',767,'767CSC',1,'Comcast SportsNet California'),('Uverse',772,'772FSW',1,'FSN West'),('Uverse',774,'774FSPT',1,'FSN Prime Ticket'),('Uverse',781,'781WGN9',1,'WGN-9 (THE CW)'),('Uverse',783,'783BASE1',1,'Baseball 1'),('Uverse',784,'784BASE2',1,'Baseball 2'),('Uverse',785,'785BASE3',1,'Baseball 3'),('Uverse',786,'786BASE4',1,'Baseball 4'),('Uverse',787,'787BASE5',1,'Baseball 5'),('Uverse',788,'788BASE6',1,'Baseball 6'),('Uverse',790,'790TCM',1,'Turner Classic Movies (TCM)'),('Uverse',792,'792FMC',1,'Fox Movie Channel'),('Uverse',795,'795AMC',1,'AMC'),('Uverse',797,'797IFC',1,'IFC'),('Uverse',798,'798SUND',1,'Sundance Channel'),('Uverse',802,'802HBO',1,'HBO (Home Box Office)'),('Uverse',803,'803HBO-W',1,'HBO (Home Box Office) - West'),('Uverse',804,'804HBO2',1,'HBO2'),('Uverse',805,'805HBO2-W',1,'HBO2 - West'),('Uverse',806,'806HBOFAM',1,'HBO Family'),('Uverse',807,'807HBOF-W',1,'HBO Family - West'),('Uverse',808,'808HBOSIG',1,'HBO Signature'),('Uverse',809,'809HBOS-W',1,'HBO Signature - West'),('Uverse',810,'810HBOCOM',1,'HBO Comedy'),('Uverse',811,'811HBOC-W',1,'HBO Comedy - West'),('Uverse',812,'812HBOZNE',1,'HBO Zone'),('Uverse',813,'813HBOZ-W',1,'HBO Zone - West'),('Uverse',814,'814HBOLAT',1,'HBO Latino'),('Uverse',815,'815HBOL-W',1,'HBO Latino - West'),('Uverse',832,'832MAX',1,'Cinemax'),('Uverse',833,'833MAX-W',1,'Cinemax - West'),('Uverse',834,'834MORMAX',1,'MoreMAX'),('Uverse',865,'835MORM-W',1,'MoreMAX - West'),('Uverse',836,'836ACTMAX',1,'ActionMAX'),('Uverse',837,'837ACTM-W',1,'ActionMAX - West'),('Uverse',838,'838THRMAX',1,'ThrillerMAX'),('Uverse',839,'839THRM-W',1,'ThrillerMAX - West'),('Uverse',840,'8405STAR',1,'5StarMAX'),('Uverse',842,'842WMAX',1,'WMAX'),('Uverse',844,'844OUTMAX',1,'OuterMAX'),('Uverse',846,'846ATMAX',1,'ATMAX'),('Uverse',852,'852SHO',1,'Showtime'),('Uverse',853,'853SHO-W',1,'Showtime - West'),('Uverse',854,'854SHO2',1,'Showtime Too'),('Uverse',855,'855SHO2-W',1,'Showtime Too - West'),('Uverse',865,'856SHOCSE',1,'Showtime Showcase'),('Uverse',857,'857SHOCSW',1,'Showtime Showcase - West'),('Uverse',858,'858SHOEXT',1,'Showtime Extreme'),('Uverse',859,'859SHOEXW',1,'Showtime Extreme - West'),('Uverse',860,'860SHOBYD',1,'Showtime Beyond'),('Uverse',862,'862SHOFAM',1,'Showtime Family Zone'),('Uverse',864,'864SHONXT',1,'Showtime Next'),('Uverse',866,'866SHOWM',1,'Showtime Women'),('Uverse',882,'882TMC',1,'The Movie Channel (TMC)'),('Uverse',883,'883TMC-W',1,'The Movie Channel (TMC) - West'),('Uverse',884,'884TMCXTR',1,'TMC Xtra'),('Uverse',885,'885TMCXTW',1,'TMC Xtra - West'),('Uverse',890,'890FLIX',1,'FLIX'),('Uverse',902,'902STRZ',1,'Starz'),('Uverse',903,'903STRZ-W',1,'Starz - West'),('Uverse',904,'904STRZED',1,'Starz Edge'),('Uverse',906,'906STRZBK',1,'Starz inBlack'),('Uverse',908,'908STRZCN',1,'Starz Cinema'),('Uverse',910,'910STRZCM',1,'Starz Comedy'),('Uverse',912,'912STRZKF',1,'Starz Kids & Family'),('Uverse',914,'914INDIE',1,'IndiePlex'),('Uverse',916,'916RETRO',1,'RetroPlex'),('Uverse',932,'932ENC',1,'Encore'),('Uverse',933,'933ENC-W',1,'Encore - West'),('Uverse',934,'934ENCLOV',1,'Encore Love'),('Uverse',936,'936ENCMYS',1,'Encore Mystery'),('Uverse',938,'938ENCACT',1,'Encore Action'),('Uverse',940,'940ENCWES',1,'Encore Westerns'),('Uverse',942,'942ENCDRA',1,'Encore Drama'),('Uverse',944,'944WAM',1,'Encore Wam'),('Uverse',954,'945THEATR',1,'AT&T U-verse Theatre'),('Uverse',1000,'1000BUZZ',1,'AT&T U-verse Buzz'),('Uverse',1002,'1002WBBMHD',1,'WBBM-HD-2 (CBS)'),('Uverse',1003,'1003HSN HD',1,'HSN HD'),('Uverse',1004,'1004QVC HD',1,'QVC HD'),('Uverse',1005,'1005WMAQHD',1,'WMAQ-HD-5 (NBC)'),('Uverse',1006,'1006WGBOHD',1,'WGBO-HD-66 (UNI)'),('Uverse',1007,'1007WLSHD',1,'WLS-HD-7 (ABC)'),('Uverse',1008,'1008WPWRHD',1,'WPWR-HD-50 (MY NETWORK TV)'),('Uverse',1009,'1009WGN9HD',1,'WGN-HD-9 (THE CW)'),('Uverse',1010,'1010WCIUHD',1,'WCIU-HD-26 (Ind.)'),('Uverse',1011,'1011WTTWHD',1,'WTTW-HD-11 (PBS)'),('Uverse',1012,'1012WFLDHD',1,'WFLD-HD-32 (Fox)'),('Uverse',1016,'1016WXFTHD',1,'WXFT-HD-60 (TF)'),('Uverse',1038,'1038WCPXHD',1,'WCPX-HD-38 (ION)'),('Uverse',1044,'1044WSNSHD',1,'WSNS-HD-44 (TEL)'),('Uverse',1100,'1100ATTN',1,'Customer Notification'),('Uverse',1102,'1102HDT',1,'HD Theater'),('Uverse',1104,'1104UNIHD',1,'Universal HD'),('Uverse',1105,'1105HDNET',1,'HDNet'),('Uverse',1106,'1106HDMOV',1,'HDNet Movies'),('Uverse',1108,'1108TNTHD',1,'TNT HD'),('Uverse',1112,'1112TBS HD',1,'TBS HD'),('Uverse',1116,'1116MGM HD',1,'MGM HD'),('Uverse',1118,'1118SMTHHD',1,'Smithsonian Channel HD'),('Uverse',1120,'1120DSC HD',1,'Discovery Channel HD'),('Uverse',1124,'1124USA HD',1,'USA Network HD'),('Uverse',1128,'1128FX HD',1,'FX Network HD'),('Uverse',1132,'1134E! HD',1,'E! Entertainment HD'),('Uverse',1140,'1140COM HD',1,'Comedy Central HD'),('Uverse',1145,'1145SPKEHD',1,'Spike TV HD'),('Uverse',1149,'1149G4 HD',1,'G4 HD'),('Uverse',1151,'1151SyfyHD',1,'Syfy HD'),('Uverse',1155,'1155BET HD',1,'BET (Black Entertainment Television) HD'),('Uverse',1157,'1157TV1 HD',1,'TV One HD'),('Uverse',1163,'1163C&I HD',1,'Crime & Investigation HD'),('Uverse',1164,'1164TRU HD',1,'truTV HD'),('Uverse',1166,'1166A&E HD',1,'A&E HD'),('Uverse',1178,'1178FAM HD',1,'ABC Family Channel HD'),('Uverse',1181,'1181BRAVHD',1,'Bravo HD'),('Uverse',1200,'1200THEATR',1,'AT&T U-verse Theatre'),('Uverse',1202,'1202CNN HD',1,'CNN HD'),('Uverse',1203,'1203HLN HD',1,'CNN Headline News HD'),('Uverse',1210,'1210FNC HD',1,'Fox News Channel HD'),('Uverse',1211,'1211FBN HD',1,'Fox Business Network HD'),('Uverse',1215,'1215mnbcHD',1,'msnbc HD'),('Uverse',1216,'1216CNBCHD',1,'CNBC HD'),('Uverse',1225,'1225TWC HD',1,'The Weather Channel HD'),('Uverse',1250,'1250TLC HD',1,'The Learning Channel HD'),('Uverse',1252,'1252APL HD',1,'Animal Planet HD'),('Uverse',1254,'1254TRVLHD',1,'Travel Channel HD'),('Uverse',1257,'1258SCI HD',1,'Science Channel HD'),('Uverse',1260,'1260ID HD',1,'Investigation Discovery HD'),('Uverse',1265,'1265NGC HD',1,'National Geographic Channel HD'),('Uverse',1270,'1270HISTHD',1,'History HD'),('Uverse',1272,'1272BIO HD',1,'BIO HD'),('Uverse',1274,'1274HISIHD',1,'History International HD'),('Uverse',1300,'1300BUZZ',1,'AT&T U-verse Buzz'),('Uverse',1302,'1302DIS HD',1,'Disney Channel HD'),('Uverse',1304,'1304DXDHD',1,'Disney XD HD'),('Uverse',1314,'1314NICKHD',1,'Nickelodeon HD'),('Uverse',1325,'1325TOONHD',1,'Cartoon Network HD'),('Uverse',1335,'1335DK HD',1,'Discovery Kids HD'),('Uverse',1360,'1360LIFEHD',1,'Lifetime Television HD'),('Uverse',1362,'1362LMNHD',1,'Lifetime Movie Network HD'),('Uverse',1380,'1380STYLEH',1,'Style Network HD'),('Uverse',1402,'1420QVC HD',1,'QVC HD'),('Uverse',1422,'1422HSN HD',1,'HSN HD'),('Uverse',1450,'1450HGTVHD',1,'HGTV HD'),('Uverse',1452,'1452FOODHD',1,'Food Network HD'),('Uverse',1454,'1454DIY HD',1,'DIY Network (Do-It-Yourself Network) HD'),('Uverse',1256,'1456COOKHD',1,'Cooking Channel HD'),('Uverse',1265,'1465GRN HD',1,'Planet Green HD'),('Uverse',1470,'1470WLTHHD',1,'Wealth TV HD'),('Uverse',1492,'1492HALOHD',1,'Halogen HD'),('Uverse',1502,'1502MTV HD',1,'MTV (Music Television) HD'),('Uverse',1505,'1505PLDHD',1,'Palladia'),('Uverse',1518,'1518VH1 HD',1,'VH1 HD'),('Uverse',1525,'1525CMT HD',1,'CMT (Country Music Television) HD'),('Uverse',1560,'1560TBN HD',1,'TBN HD'),('Uverse',1600,'1600SPORTS',1,'AT&T U-verse Sports'),('Uverse',1602,'1602ESPNHD',1,'ESPN HD'),('Uverse',1604,'1604ESN HD',1,'ESPNews HD'),('Uverse',1605,'1605ESNUHD',1,'ESPNU HD'),('Uverse',1606,'1606ESPNH2',1,'ESPN2 HD'),('Uverse',1610,'1610ESPN3D',1,'ESPN 3D'),('Uverse',1629,'1629NFL RZ',1,'NFL RedZone HD'),('Uverse',1630,'1630NFLHD',1,'NFL Network HD'),('Uverse',1638,'1638NHL HD',1,'NHL Network HD'),('Uverse',1640,'1640VER HD',1,'VERSUS HD'),('Uverse',1641,'1641GOLFHD',1,'Golf HD'),('Uverse',1643,'1643CBSCHD',1,'CBS College Sports Network HD'),('Uverse',1650,'1650BTN HD',1,'Big Ten Network HD'),('Uverse',1652,'1652SPD HD',1,'Speed HD'),('Uverse',1660,'1660TENNHD',1,'The Tennis Channel HD'),('Uverse',1679,'1679WFN HD',1,'World Fishing Network HD'),('Uverse',1680,'1680OUT HD',1,'Outdoor Channel HD'),('Uverse',1702,'1702YESHD',1,'YES HD'),('Uverse',1735,'1735STO HD',1,'SportsTime Ohio HD'),('Uverse',1741,'1741CSN HD',1,'Comcast SportsNet Chicago HD'),('Uverse',1742,'1742CSNHDa',1,'Comcast SportsNet Chicago HD Alternate'),('Uverse',1749,'1748FSMOHD',1,'FSN Midwest - St Louis HD'),('Uverse',1789,'1789SHRTHD',1,'SHORTS HD'),('Uverse',1790,'1790TCM HD',1,'Turner Classic Movies (TCM) HD'),('Uverse',1802,'1802HBO HD',1,'HBO HD'),('Uverse',1803,'1803HBOHDW',1,'HBO HD - West'),('Uverse',1804,'1804HBO2HD',1,'HBO2 HD'),('Uverse',1805,'1805HBO2HW',1,'HBO2 HD - West'),('Uverse',1806,'1806HBOFHD',1,'HBO Family HD'),('Uverse',1807,'1807HBOFHW',1,'HBO Family HD - West'),('Uverse',1808,'1808HBOSHD',1,'HBO Signature HD'),('Uverse',1809,'1809HBOSHW',1,'HBO Signature HD - West'),('Uverse',1810,'1810HBOCHD',1,'HBO Comedy HD'),('Uverse',1811,'1811HBOCHW',1,'HBO Comedy HD - West'),('Uverse',1812,'1812HBOZHD',1,'HBO Zone HD'),('Uverse',1813,'1813HBOZHW',1,'HBO Zone HD - West'),('Uverse',1814,'1814HBOLHD',1,'HBO Latino HD'),('Uverse',1815,'1815HBOLHW',1,'HBO Latino HD - West'),('Uverse',1832,'1832MAXHD',1,'Cinemax HD'),('Uverse',1833,'1833MAXHDW',1,'Cinemax HD - West'),('Uverse',1834,'1834MMAXHD',1,'MoreMax HD'),('Uverse',1835,'1835MMAXHW',1,'MoreMAX HD - West'),('Uverse',1836,'1836ACTMHD',1,'ActionMax HD'),('Uverse',1837,'1837ACTMHW',1,'ActionMAX HD - West'),('Uverse',1838,'1838TMAXHD',1,'ThrillerMax HD'),('Uverse',1839,'1839TMAXHW',1,'ThrillerMAX HD - West'),('Uverse',1840,'18405MAXHD',1,'5StarMax HD'),('Uverse',1842,'1842WMAXHD',1,'WMAX HD'),('Uverse',1844,'1844OMAXHD',1,'OuterMax HD'),('Uverse',1846,'1846ATM HD',1,'ATMax HD'),('Uverse',1852,'1852SHOHD',1,'Showtime HD'),('Uverse',1853,'1853SHOHDW',1,'Showtime HD - West'),('Uverse',1854,'1854SHO2HD',1,'Showtime Too HD'),('Uverse',1855,'1855SH2HDW',1,'Showtime Too HD - West'),('Uverse',1856,'1856SHOCHD',1,'Showtime Showcase HD'),('Uverse',1857,'1857SHCHDW',1,'Showtime Showcase HD - West'),('Uverse',1858,'1858SHOXHD',1,'Showtime Extreme HD'),('Uverse',1859,'1859SHXHDW',1,'Showtime Extreme HD - West'),('Uverse',1882,'1882TMCHD',1,'The Movie Channel HD'),('Uverse',1883,'1883TMCHDW',1,'The Movie Channel (TMC) HD - West'),('Uverse',1884,'1884TMCXHD',1,'TMC Xtra HD'),('Uverse',1885,'1885TMCXHW',1,'TMC Xtra HD - West'),('Uverse',1902,'1902STZHD',1,'Starz HD'),('Uverse',1903,'1903STZHDW',1,'Starz HD - West'),('Uverse',1904,'1904STZEHD',1,'Starz Edge HD'),('Uverse',1910,'1910STZCHD',1,'Starz Comedy HD'),('Uverse',1912,'1912STZKHD',1,'Starz Kids & Family HD'),('Uverse',1932,'1932ENCHD',1,'Encore HD'),('Uverse',2500,'2500ATTN',1,'Customer Notification'),('Uverse',5101,'5101URGE 1',1,'URGE 1 - TRL'),('Uverse',5102,'5102URGE 2',1,'URGE 2 - Todays Top 40'),('Uverse',5103,'5103URGE 3',1,'URGE 3 - Urban POP'),('Uverse',5104,'5104URGE 4',1,'URGE 4 - Modern POP'),('Uverse',5105,'5105URGE 5',1,'URGE 5 - Cover to Cover'),('Uverse',5106,'5106URGE 6',1,'URGE 6 - Soft POP'),('Uverse',5107,'5107URGE 7',1,'URGE 7 - I Love the 70s'),('Uverse',5108,'5108URGE 8',1,'URGE 8 - I Love the 80s'),('Uverse',5109,'5109URGE 9',1,'URGE 9 - I Love the 90s'),('Uverse',5110,'5110URGE10',1,'URGE 10 - Solid Gold Oldies'),('Uverse',5111,'5111URGE11',1,'URGE 11 - Discotech'),('Uverse',5112,'5112URGE12',1,'URGE 12 - Dance Club'),('Uverse',5113,'5113URGE13',1,'URGE 13 - Electronica'),('Uverse',5114,'5114URGE14',1,'URGE 14 - MTV2'),('Uverse',5115,'5115URGE15',1,'URGE 15 - Rock Legends'),('Uverse',5116,'5116URGE16',1,'URGE 16 - Arena Rock'),('Uverse',5117,'5117URGE17',1,'URGE 17 - Alternative Rock'),('Uverse',5118,'5118URGE18',1,'URGE 18 - Adult Rock'),('Uverse',5119,'5119URGE19',1,'URGE 19 - MTV2 HB'),('Uverse',5120,'5120URGE20',1,'URGE 20 - R&B Hits'),('Uverse',5121,'5121URGE21',1,'URGE 21 - Classic R&B'),('Uverse',5122,'5122URGE22',1,'URGE 22 - Classic Rap'),('Uverse',5123,'5123URGE23',1,'URGE 23 - Modern Rap'),('Uverse',5124,'5124URGE24',1,'URGE 24 - Modern Soul'),('Uverse',5125,'5125URGE25',1,'URGE 25 - CMT Radio'),('Uverse',5126,'5126URGE26',1,'URGE 26 - Bluegrass'),('Uverse',5127,'5127URGE27',1,'URGE 27 - Classic Country'),('Uverse',5128,'5128URGE28',1,'URGE 28 - Wide Open Ctry'),('Uverse',5129,'5129URGE29',1,'URGE 29 - Reggae'),('Uverse',5130,'5130URGE30',1,'URGE 30 - Latin Jazz'),('Uverse',5131,'5131URGE31',1,'URGE 31 - Radio Alterna'),('Uverse',5132,'5132URGE32',1,'URGE 32 - Tejano'),('Uverse',5133,'5133URGE33',1,'URGE 33 - Smooth Jazz'),('Uverse',5134,'5134URGE34',1,'URGE 34 - Classic Jazz'),('Uverse',5135,'5135URGE35',1,'URGE 35 - Blues'),('Uverse',5136,'5136URGE36',1,'URGE 36 - Easy Listening'),('Uverse',5137,'5137URGE37',1,'URGE 37 - Classical'),('Uverse',5138,'5138URGE38',1,'URGE 38 - Christian'),('Uverse',5139,'5139URGE39',1,'URGE 39 - Gospel'),('Uverse',5140,'5140URGE40',1,'URGE 40 - POP Standards'),('Uverse',5141,'5141URGE41',1,'URGE 41 - Jazzup Broadway'),('Uverse',5142,'5142URGE42',1,'URGE 42 - Cinema'),('Uverse',5143,'5143URGE43',1,'URGE 43 - Nick Jr.'),('Uverse',5144,'5144URGE44',1,'URGE 44 - Nick Kids'),('Uverse',5145,'5145URGE45',1,'URGE 45 - Dream Sequence'),('Uverse',5146,'5146URGE46',1,'URGE 46 - Swing'),('Uverse',5147,'5147URGE47',1,'URGE 47 - Showcase'),('Uverse',5148,'5148URGE48',1,'URGE 48 - Comedy');
/*!40000 ALTER TABLE `videoChannel` ENABLE KEYS */;
UNLOCK TABLES;

--
-- Table structure for table `videoFav`
--

DROP TABLE IF EXISTS `videoFav`;
/*!40101 SET @saved_cs_client     = @@character_set_client */;
/*!40101 SET character_set_client = utf8 */;
CREATE TABLE `videoFav` (
  `src` smallint(2) NOT NULL DEFAULT '0',
  `type` varchar(10) NOT NULL,
  `value` int(7) NOT NULL,
  `name` varchar(25) NOT NULL
) ENGINE=MyISAM DEFAULT CHARSET=latin1;
/*!40101 SET character_set_client = @saved_cs_client */;

--
-- Dumping data for table `videoFav`
--

LOCK TABLES `videoFav` WRITE;
/*!40000 ALTER TABLE `videoFav` DISABLE KEYS */;
/*!40000 ALTER TABLE `videoFav` ENABLE KEYS */;
UNLOCK TABLES;

--
-- Table structure for table `videoSrc`
--

DROP TABLE IF EXISTS `videoSrc`;
/*!40101 SET @saved_cs_client     = @@character_set_client */;
/*!40101 SET character_set_client = utf8 */;
CREATE TABLE `videoSrc` (
  `index` tinyint(2) NOT NULL,
  `vi` tinyint(4) NOT NULL,
  `ai` tinyint(4) DEFAULT NULL,
  `name` varchar(25) NOT NULL,
  `family` varchar(20) NOT NULL,
  `mediaType` varchar(10) DEFAULT NULL,
  `ownPage` tinyint(1) NOT NULL DEFAULT '0',
  `popup` varchar(25) DEFAULT NULL,
  `gain` decimal(3,1) NOT NULL DEFAULT '0.0',
  PRIMARY KEY (`index`)
) ENGINE=MyISAM DEFAULT CHARSET=latin1;
/*!40101 SET character_set_client = @saved_cs_client */;

--
-- Dumping data for table `videoSrc`
--

LOCK TABLES `videoSrc` WRITE;
/*!40000 ALTER TABLE `videoSrc` DISABLE KEYS */;
INSERT INTO `videoSrc` VALUES (1,99,2,'Cable Box','','Uverse',0,'Cable Box',0.0),(2,98,4,'AppleTV','',NULL,0,'AppleTV_DPAD',0.0),(3,97,5,'Blu-Ray','',NULL,0,'Blu-Ray',0.0);
/*!40000 ALTER TABLE `videoSrc` ENABLE KEYS */;
UNLOCK TABLES;

--
-- Table structure for table `water`
--

DROP TABLE IF EXISTS `water`;
/*!40101 SET @saved_cs_client     = @@character_set_client */;
/*!40101 SET character_set_client = utf8 */;
CREATE TABLE `water` (
  `index` int(11) NOT NULL,
  `room` int(11) NOT NULL,
  `addr` varchar(10) NOT NULL,
  `name` varchar(30) NOT NULL,
  `type` varchar(10) NOT NULL,
  UNIQUE KEY `index` (`index`)
) ENGINE=MyISAM DEFAULT CHARSET=latin1;
/*!40101 SET character_set_client = @saved_cs_client */;

--
-- Dumping data for table `water`
--

LOCK TABLES `water` WRITE;
/*!40000 ALTER TABLE `water` DISABLE KEYS */;
/*!40000 ALTER TABLE `water` ENABLE KEYS */;
UNLOCK TABLES;

--
-- Table structure for table `weather`
--

DROP TABLE IF EXISTS `weather`;
/*!40101 SET @saved_cs_client     = @@character_set_client */;
/*!40101 SET character_set_client = utf8 */;
CREATE TABLE `weather` (
  `index` int(11) NOT NULL,
  `description` varchar(35) NOT NULL,
  `site` varchar(15) NOT NULL
) ENGINE=MyISAM DEFAULT CHARSET=latin1;
/*!40101 SET character_set_client = @saved_cs_client */;

--
-- Dumping data for table `weather`
--

LOCK TABLES `weather` WRITE;
/*!40000 ALTER TABLE `weather` DISABLE KEYS */;
INSERT INTO `weather` VALUES (1,'Miami','Miami'),(2,'Los Angeles','90210'),(3,'London','London'),(4,'New York','10001');
/*!40000 ALTER TABLE `weather` ENABLE KEYS */;
UNLOCK TABLES;

--
-- Dumping events for database 'j2851'
--

--
-- Dumping routines for database 'j2851'
--
/*!40103 SET TIME_ZONE=@OLD_TIME_ZONE */;

/*!40101 SET SQL_MODE=@OLD_SQL_MODE */;
/*!40014 SET FOREIGN_KEY_CHECKS=@OLD_FOREIGN_KEY_CHECKS */;
/*!40014 SET UNIQUE_CHECKS=@OLD_UNIQUE_CHECKS */;
/*!40101 SET CHARACTER_SET_CLIENT=@OLD_CHARACTER_SET_CLIENT */;
/*!40101 SET CHARACTER_SET_RESULTS=@OLD_CHARACTER_SET_RESULTS */;
/*!40101 SET COLLATION_CONNECTION=@OLD_COLLATION_CONNECTION */;
/*!40111 SET SQL_NOTES=@OLD_SQL_NOTES */;

-- Dump completed on 2025-12-08  0:25:49
